{"id":1251,"date":"2026-06-04T12:55:19","date_gmt":"2026-06-04T10:55:19","guid":{"rendered":"https:\/\/new.icf.church\/altdorf\/?page_id=1251"},"modified":"2026-08-07T20:07:32","modified_gmt":"2026-08-07T18:07:32","slug":"aufnahmen","status":"publish","type":"page","link":"https:\/\/icf.church\/altdorf\/de\/aufnahmen\/","title":{"rendered":"Aufnahmen"},"content":{"rendered":"<div id=\"block-3\" class=\"pt-4 pb-4 alignfull is-layout-constrained\">\n  <div>\n            <div class=\"row gx-4 gy-4 \">\n          \n\n<div id=\"block-2\" class=\"col wp-block-yellowtree-column col-12 d-flex flex-column with-streched-height-children align-items-stretch align-items-md-stretch\">\n  <h1 id=\"block-1\" class=\"h1 display-1 text-start\">\n  Aufnahmen<\/h1><\/div>\n        <\/div>\n          <\/div>\n<\/div>\n\n<div id=\"block-6\" class=\"alignfull is-layout-constrained\">\n  <div>\n            <div class=\"row gx-4 gy-4 \">\n          \n\n<div id=\"block-5\" class=\"col wp-block-yellowtree-column col-12 d-flex flex-column with-streched-height-children align-items-stretch align-items-md-stretch\">\n  <p id=\"block-4\" class=\"text-start wp-block-paragraph\">\n  F\u00fcr die Momente, in denen ein Podcast nicht ausreicht!<br>Einzelne Celebrations, Events oder Themen werden von uns gefilmt, damit sie dir jederzeit von \u00fcberall zur Verf\u00fcgung stehen.<\/p><\/div>\n        <\/div>\n          <\/div>\n<\/div>\n\n<div id=\"block-8\" class=\"pt-2 pb-2 alignfull is-layout-constrained\">\n  <div>\n            <div class=\"row gx-4 gy-4 \">\n          \n\n<div id=\"block-7\" class=\"col wp-block-yellowtree-column col-12 d-flex flex-column with-streched-height-children align-items-stretch align-items-md-stretch\">\n  <\/div>\n        <\/div>\n          <\/div>\n<\/div>\n\n<div id=\"block-18\" class=\"alignfull is-layout-constrained\">\n  <swiper-container init=\"false\" data-yt-template=\"3-col\" data-yt-pagination=\"true\" data-yt-navigation=\"false\" class=\"has-full-height-slides \" >\n          <swiper-slide><article id=\"block-11\" data-bs-theme=\"dark\" class=\"wp-block-yellowtree-card card has-context-height\" style=\"--card-img-position:50% 50%\">\n        <img decoding=\"async\" width=\"1024\" height=\"768\" src=\"https:\/\/icf.church\/altdorf\/wp-content\/uploads\/sites\/136\/2026\/06\/20260510_livestream-1024x768.jpg\" class=\"card-img-top\" alt=\"\" draggable=\"false\" loading=\"lazy\" srcset=\"https:\/\/icf.church\/altdorf\/wp-content\/uploads\/sites\/136\/2026\/06\/20260510_livestream-1024x768.jpg 1024w, https:\/\/icf.church\/altdorf\/wp-content\/uploads\/sites\/136\/2026\/06\/20260510_livestream-300x225.jpg 300w, https:\/\/icf.church\/altdorf\/wp-content\/uploads\/sites\/136\/2026\/06\/20260510_livestream-768x576.jpg 768w, https:\/\/icf.church\/altdorf\/wp-content\/uploads\/sites\/136\/2026\/06\/20260510_livestream-1536x1152.jpg 1536w, https:\/\/icf.church\/altdorf\/wp-content\/uploads\/sites\/136\/2026\/06\/20260510_livestream.jpg 1600w\" sizes=\"(max-width: 1024px) 100vw, 1024px\">    <div class=\"card-body\">\n    <h3 class=\"card-title\">Gottes Botschaft f\u00fcr alle Kinder<\/h3>\n    <p class=\"card-text\">10. Mai 2026<br>Am 10. Mai 2026 durften wir &#8222;Gottes Botschaft f\u00fcr alle Kinder&#8220; interaktiv und praktisch mit einigen Experimenten aus der Chemie entdecken. Tauche ein in diese etwas andere Art, sich mit dem Wort Gottes auseinanderzusetzen. Durch anklicken des Bildes gelangst du zur Aufzeichnung der Experimente.<\/p>\n    <div id=\"block-10\" class=\"wp-block-yellowtree-card-buttons card-buttons\">\n  \n\n  <div>\n    <a id=\"block-9\" href=\"https:\/\/e.pcloud.link\/publink\/show?code=XZm17rZbSpGmU9ccLjwX96WfR8wupXaOrhX\" target=\"_blank\" class=\"wp-block-yellowtree-card-button btn btn-sm btn-secondary\">\n      <span>Ansehen<\/span>\n              <i class=\"icon fs-base-const fa-arrow-right\" aria-hidden=\"true\"><\/i>\n          <\/a>\n  <\/div>\n\n<\/div>  <\/div>\n<\/article><\/swiper-slide>\n          <swiper-slide><article id=\"block-14\" data-bs-theme=\"dark\" class=\"wp-block-yellowtree-card card has-context-height\" style=\"--card-img-position:50% 50%\">\n        <img decoding=\"async\" width=\"1024\" height=\"576\" src=\"https:\/\/icf.church\/altdorf\/wp-content\/uploads\/sites\/136\/2026\/06\/40-jahre-jubilaeum-1024x576.jpg\" class=\"card-img-top\" alt=\"\" draggable=\"false\" loading=\"lazy\" srcset=\"https:\/\/icf.church\/altdorf\/wp-content\/uploads\/sites\/136\/2026\/06\/40-jahre-jubilaeum-1024x576.jpg 1024w, https:\/\/icf.church\/altdorf\/wp-content\/uploads\/sites\/136\/2026\/06\/40-jahre-jubilaeum-300x169.jpg 300w, https:\/\/icf.church\/altdorf\/wp-content\/uploads\/sites\/136\/2026\/06\/40-jahre-jubilaeum-768x432.jpg 768w, https:\/\/icf.church\/altdorf\/wp-content\/uploads\/sites\/136\/2026\/06\/40-jahre-jubilaeum-1536x864.jpg 1536w, https:\/\/icf.church\/altdorf\/wp-content\/uploads\/sites\/136\/2026\/06\/40-jahre-jubilaeum.jpg 1600w\" sizes=\"(max-width: 1024px) 100vw, 1024px\">    <div class=\"card-body\">\n    <h3 class=\"card-title\">40 Jahr Jubil\u00e4um<\/h3>\n    <p class=\"card-text\">28. Juni 2025<br>Wir durften am 28. Juni 2025 ein wundervolles Jubil\u00e4um unserer Kirche feiern. Durch anklicken des Bildes gelangst du zur Aufzeichnung des Fest-Gottesdiensts (Livestream).<\/p>\n    <div id=\"block-13\" class=\"wp-block-yellowtree-card-buttons card-buttons\">\n  \n\n  <div>\n    <a id=\"block-12\" href=\"https:\/\/www.youtube.com\/watch?v=XBqN8xM6HMM&amp;ab_channel=ICFAltdorf\" target=\"_blank\" class=\"wp-block-yellowtree-card-button btn btn-sm btn-secondary\">\n      <span>Ansehen<\/span>\n              <i class=\"icon fs-base-const fa-arrow-right\" aria-hidden=\"true\"><\/i>\n          <\/a>\n  <\/div>\n\n<\/div>  <\/div>\n<\/article><\/swiper-slide>\n          <swiper-slide><article id=\"block-17\" data-bs-theme=\"dark\" class=\"wp-block-yellowtree-card card has-context-height\" style=\"--card-img-position:50% 50%\">\n        <img decoding=\"async\" width=\"1024\" height=\"576\" src=\"https:\/\/icf.church\/altdorf\/wp-content\/uploads\/sites\/136\/2026\/06\/40-jahre-jubilaeum-1024x576.jpg\" class=\"card-img-top\" alt=\"\" draggable=\"false\" loading=\"lazy\" srcset=\"https:\/\/icf.church\/altdorf\/wp-content\/uploads\/sites\/136\/2026\/06\/40-jahre-jubilaeum-1024x576.jpg 1024w, https:\/\/icf.church\/altdorf\/wp-content\/uploads\/sites\/136\/2026\/06\/40-jahre-jubilaeum-300x169.jpg 300w, https:\/\/icf.church\/altdorf\/wp-content\/uploads\/sites\/136\/2026\/06\/40-jahre-jubilaeum-768x432.jpg 768w, https:\/\/icf.church\/altdorf\/wp-content\/uploads\/sites\/136\/2026\/06\/40-jahre-jubilaeum-1536x864.jpg 1536w, https:\/\/icf.church\/altdorf\/wp-content\/uploads\/sites\/136\/2026\/06\/40-jahre-jubilaeum.jpg 1600w\" sizes=\"(max-width: 1024px) 100vw, 1024px\">    <div class=\"card-body\">\n    <h3 class=\"card-title\">Podiumsgespr\u00e4ch<\/h3>\n    <p class=\"card-text\">28. Juni 2025<br>Wir durften am 28. Juni 2025 ein wundervolles Jubil\u00e4um unserer Kirche feiern. Durch anklicken des Bildes gelangst du zur Aufzeichnung des Podiumsgespr\u00e4chs (Livestream), welches dir unter anderem einen wundervollen Einblick in unsere Geschichte erm\u00f6glicht.<\/p>\n    <div id=\"block-16\" class=\"wp-block-yellowtree-card-buttons card-buttons\">\n  \n\n  <div>\n    <a id=\"block-15\" href=\"https:\/\/icf.church\/altdorf\/de\/second-hand\/\" target=\"_blank\" class=\"wp-block-yellowtree-card-button btn btn-sm btn-secondary\">\n      <span>Mehr erfahren<\/span>\n              <i class=\"icon fs-base-const fa-arrow-right\" aria-hidden=\"true\"><\/i>\n          <\/a>\n  <\/div>\n\n<\/div>  <\/div>\n<\/article><\/swiper-slide>\n      <\/swiper-container>\n<\/div>\n\n<div id=\"block-24\" class=\"pt-4 pb-4 alignfull is-layout-constrained\">\n  <div>\n            <div class=\"row gx-4 gy-4 \">\n          \n\n<div id=\"block-23\" class=\"col wp-block-yellowtree-column col-12 d-flex flex-column with-streched-height-children align-items-stretch align-items-md-stretch\">\n  <div id=\"block-22\" data-bs-theme=\"dark\" class=\"wp-block-yellowtree-divider-card card d-flex flex-column flex-lg-row py-6 py-lg-0\">\n  \n\n<div id=\"block-19\" class=\"wp-block-yellowtree-divider-card-item flex-1 d-flex flex-column position-relative text-center py-6 py-lg-10\">\n  <div class=\"mb-2\">\n    <div class=\"d-flex flex-column align-items-center gap-2\">\n      <i class=\"icon fs-lg-const fa-solid fa-signal-stream\" aria-hidden=\"true\"><\/i>\n      <h3 class=\"mb-0\">\n        <span class=\"text-container\">\n          Podcast        <\/span>\n      <\/h3>\n    <\/div>\n  <\/div>\n  <div class=\"mt-auto\">\n    <a class=\"text-arrow-link fs-sm text-light-3\" href=\"https:\/\/icf.church\/altdorf\/de\/predigt\/\">\n      H\u00f6re die Predigt online    <\/a>\n  <\/div>\n<\/div>\n\n\n<div id=\"block-20\" class=\"wp-block-yellowtree-divider-card-item flex-1 d-flex flex-column position-relative text-center py-6 py-lg-10\">\n  <div class=\"mb-2\">\n    <div class=\"d-flex flex-column align-items-center gap-2\">\n      <i class=\"icon fs-lg-const fa-solid fa-user-group\" aria-hidden=\"true\"><\/i>\n      <h3 class=\"mb-0\">\n        <span class=\"text-container\">\n          Finde Anschluss        <\/span>\n      <\/h3>\n    <\/div>\n  <\/div>\n  <div class=\"mt-auto\">\n    <a class=\"text-arrow-link fs-sm text-light-3\" href=\"https:\/\/icf.church\/altdorf\/de\/findeanschluss\/\">\n      Get connected    <\/a>\n  <\/div>\n<\/div>\n\n\n<div id=\"block-21\" class=\"wp-block-yellowtree-divider-card-item flex-1 d-flex flex-column position-relative text-center py-6 py-lg-10\">\n  <div class=\"mb-2\">\n    <div class=\"d-flex flex-column align-items-center gap-2\">\n      <i class=\"icon fs-lg-const fa-solid fa-comments\" aria-hidden=\"true\"><\/i>\n      <h3 class=\"mb-0\">\n        <span class=\"text-container\">\n          Stell deine Frage        <\/span>\n      <\/h3>\n    <\/div>\n  <\/div>\n  <div class=\"mt-auto\">\n    <a class=\"text-arrow-link fs-sm text-light-3\" href=\"mailto:info@icf-altdorf.ch\">\n      Schreib uns    <\/a>\n  <\/div>\n<\/div>\n<\/div><\/div>\n        <\/div>\n          <\/div>\n<\/div>","protected":false},"excerpt":{"rendered":"<p>Finde Angebote und Events, um deinen Glauben und deine Liebe zu Gott zu st\u00e4rken, praktische Unterst\u00fctzung zu erhalten, neue Kontakte zu kn\u00fcpfen und Freundschaften zu vertiefen.<\/p>\n","protected":false},"author":187,"featured_media":1254,"parent":0,"menu_order":5,"comment_status":"closed","ping_status":"closed","template":"","meta":{"_acf_changed":false,"_seopress_titles_title":"","_seopress_titles_desc":"","_seopress_robots_index":"","_seopress_robots_follow":"","_seopress_robots_imageindex":"","_seopress_robots_snippet":"","_seopress_robots_primary_cat":"","_seopress_robots_breadcrumbs":"","_seopress_robots_freeze_modified_date":"","_seopress_robots_custom_modified_date":"","_seopress_robots_canonical":"","_seopress_social_fb_title":"","_seopress_social_fb_desc":"","_seopress_social_fb_img":"","_seopress_social_fb_img_attachment_id":0,"_seopress_social_fb_img_width":0,"_seopress_social_fb_img_height":0,"_seopress_social_twitter_title":"","_seopress_social_twitter_desc":"","_seopress_social_twitter_img":"","_seopress_social_twitter_img_attachment_id":0,"_seopress_social_twitter_img_width":0,"_seopress_social_twitter_img_height":0,"_seopress_redirections_value":"","_seopress_redirections_enabled":"","_seopress_redirections_enabled_regex":"","_seopress_redirections_logged_status":"both","_seopress_redirections_param":"","_seopress_redirections_type":301,"_seopress_analysis_target_kw":"","_seopress_news_disabled":"","_seopress_video_disabled":"","_seopress_video":[{"url":"","title":"","desc":"","thumbnail":"","duration":"","rating":"","view_count":"","tag":""}],"_seopress_pro_schemas_manual":[],"_seopress_pro_rich_snippets_disable_all":"","_seopress_pro_rich_snippets_disable":[],"_seopress_pro_schemas":[],"yt_custom_styles_scss":"","yt_custom_styles_rounded_corners":false,"yt_custom_styles_color_scheme":"","footnotes":""},"class_list":["post-1251","page","type-page","status-publish","has-post-thumbnail","hentry"],"acf":[],"_links":{"self":[{"href":"https:\/\/icf.church\/altdorf\/de\/wp-json\/wp\/v2\/pages\/1251","targetHints":{"allow":["GET"]}}],"collection":[{"href":"https:\/\/icf.church\/altdorf\/de\/wp-json\/wp\/v2\/pages"}],"about":[{"href":"https:\/\/icf.church\/altdorf\/de\/wp-json\/wp\/v2\/types\/page"}],"author":[{"embeddable":true,"href":"https:\/\/icf.church\/altdorf\/de\/wp-json\/wp\/v2\/users\/187"}],"replies":[{"embeddable":true,"href":"https:\/\/icf.church\/altdorf\/de\/wp-json\/wp\/v2\/comments?post=1251"}],"version-history":[{"count":5,"href":"https:\/\/icf.church\/altdorf\/de\/wp-json\/wp\/v2\/pages\/1251\/revisions"}],"predecessor-version":[{"id":1400,"href":"https:\/\/icf.church\/altdorf\/de\/wp-json\/wp\/v2\/pages\/1251\/revisions\/1400"}],"wp:featuredmedia":[{"embeddable":true,"href":"https:\/\/icf.church\/altdorf\/de\/wp-json\/wp\/v2\/media\/1254"}],"wp:attachment":[{"href":"https:\/\/icf.church\/altdorf\/de\/wp-json\/wp\/v2\/media?parent=1251"}],"curies":[{"name":"wp","href":"https:\/\/api.w.org\/{rel}","templated":true}]}}

<div id="block-3" class="pt-4 pb-4 alignfull is-layout-constrained">
  <div>
            <div class="row gx-4 gy-4 ">
          

<div id="block-2" class="col wp-block-yellowtree-column col-12 d-flex flex-column with-streched-height-children align-items-stretch align-items-md-stretch">
  <h1 id="block-1" class="h1 display-1 text-start">
  Aufnahmen</h1></div>
        </div>
          </div>
</div>

<div id="block-6" class="alignfull is-layout-constrained">
  <div>
            <div class="row gx-4 gy-4 ">
          

<div id="block-5" class="col wp-block-yellowtree-column col-12 d-flex flex-column with-streched-height-children align-items-stretch align-items-md-stretch">
  <p id="block-4" class="text-start wp-block-paragraph">
  Für die Momente, in denen ein Podcast nicht ausreicht!<br>Einzelne Celebrations, Events oder Themen werden von uns gefilmt, damit sie dir jederzeit von überall zur Verfügung stehen.</p></div>
        </div>
          </div>
</div>

<div id="block-8" class="pt-2 pb-2 alignfull is-layout-constrained">
  <div>
            <div class="row gx-4 gy-4 ">
          

<div id="block-7" class="col wp-block-yellowtree-column col-12 d-flex flex-column with-streched-height-children align-items-stretch align-items-md-stretch">
  </div>
        </div>
          </div>
</div>

<div id="block-18" class="alignfull is-layout-constrained">
  <swiper-container init="false" data-yt-template="3-col" data-yt-pagination="true" data-yt-navigation="false" class="has-full-height-slides " >
          <swiper-slide><article id="block-11" data-bs-theme="dark" class="wp-block-yellowtree-card card has-context-height" style="--card-img-position:50% 50%">
        <img decoding="async" width="1024" height="768" src="https://icf.church/altdorf/wp-content/uploads/sites/136/2026/06/20260510_livestream-1024x768.jpg" class="card-img-top" alt="" draggable="false" loading="lazy" srcset="https://icf.church/altdorf/wp-content/uploads/sites/136/2026/06/20260510_livestream-1024x768.jpg 1024w, https://icf.church/altdorf/wp-content/uploads/sites/136/2026/06/20260510_livestream-300x225.jpg 300w, https://icf.church/altdorf/wp-content/uploads/sites/136/2026/06/20260510_livestream-768x576.jpg 768w, https://icf.church/altdorf/wp-content/uploads/sites/136/2026/06/20260510_livestream-1536x1152.jpg 1536w, https://icf.church/altdorf/wp-content/uploads/sites/136/2026/06/20260510_livestream.jpg 1600w" sizes="(max-width: 1024px) 100vw, 1024px">    <div class="card-body">
    <h3 class="card-title">Gottes Botschaft für alle Kinder</h3>
    <p class="card-text">10. Mai 2026<br>Am 10. Mai 2026 durften wir &#8222;Gottes Botschaft für alle Kinder&#8220; interaktiv und praktisch mit einigen Experimenten aus der Chemie entdecken. Tauche ein in diese etwas andere Art, sich mit dem Wort Gottes auseinanderzusetzen. Durch anklicken des Bildes gelangst du zur Aufzeichnung der Experimente.</p>
    <div id="block-10" class="wp-block-yellowtree-card-buttons card-buttons">
  

  <div>
    <a id="block-9" href="https://e.pcloud.link/publink/show?code=XZm17rZbSpGmU9ccLjwX96WfR8wupXaOrhX" target="_blank" class="wp-block-yellowtree-card-button btn btn-sm btn-secondary">
      <span>Ansehen</span>
              <i class="icon fs-base-const fa-arrow-right" aria-hidden="true"></i>
          </a>
  </div>

</div>  </div>
</article></swiper-slide>
          <swiper-slide><article id="block-14" data-bs-theme="dark" class="wp-block-yellowtree-card card has-context-height" style="--card-img-position:50% 50%">
        <img decoding="async" width="1024" height="576" src="https://icf.church/altdorf/wp-content/uploads/sites/136/2026/06/40-jahre-jubilaeum-1024x576.jpg" class="card-img-top" alt="" draggable="false" loading="lazy" srcset="https://icf.church/altdorf/wp-content/uploads/sites/136/2026/06/40-jahre-jubilaeum-1024x576.jpg 1024w, https://icf.church/altdorf/wp-content/uploads/sites/136/2026/06/40-jahre-jubilaeum-300x169.jpg 300w, https://icf.church/altdorf/wp-content/uploads/sites/136/2026/06/40-jahre-jubilaeum-768x432.jpg 768w, https://icf.church/altdorf/wp-content/uploads/sites/136/2026/06/40-jahre-jubilaeum-1536x864.jpg 1536w, https://icf.church/altdorf/wp-content/uploads/sites/136/2026/06/40-jahre-jubilaeum.jpg 1600w" sizes="(max-width: 1024px) 100vw, 1024px">    <div class="card-body">
    <h3 class="card-title">40 Jahr Jubiläum</h3>
    <p class="card-text">28. Juni 2025<br>Wir durften am 28. Juni 2025 ein wundervolles Jubiläum unserer Kirche feiern. Durch anklicken des Bildes gelangst du zur Aufzeichnung des Fest-Gottesdiensts (Livestream).</p>
    <div id="block-13" class="wp-block-yellowtree-card-buttons card-buttons">
  

  <div>
    <a id="block-12" href="https://www.youtube.com/watch?v=XBqN8xM6HMM&amp;ab_channel=ICFAltdorf" target="_blank" class="wp-block-yellowtree-card-button btn btn-sm btn-secondary">
      <span>Ansehen</span>
              <i class="icon fs-base-const fa-arrow-right" aria-hidden="true"></i>
          </a>
  </div>

</div>  </div>
</article></swiper-slide>
          <swiper-slide><article id="block-17" data-bs-theme="dark" class="wp-block-yellowtree-card card has-context-height" style="--card-img-position:50% 50%">
        <img decoding="async" width="1024" height="576" src="https://icf.church/altdorf/wp-content/uploads/sites/136/2026/06/40-jahre-jubilaeum-1024x576.jpg" class="card-img-top" alt="" draggable="false" loading="lazy" srcset="https://icf.church/altdorf/wp-content/uploads/sites/136/2026/06/40-jahre-jubilaeum-1024x576.jpg 1024w, https://icf.church/altdorf/wp-content/uploads/sites/136/2026/06/40-jahre-jubilaeum-300x169.jpg 300w, https://icf.church/altdorf/wp-content/uploads/sites/136/2026/06/40-jahre-jubilaeum-768x432.jpg 768w, https://icf.church/altdorf/wp-content/uploads/sites/136/2026/06/40-jahre-jubilaeum-1536x864.jpg 1536w, https://icf.church/altdorf/wp-content/uploads/sites/136/2026/06/40-jahre-jubilaeum.jpg 1600w" sizes="(max-width: 1024px) 100vw, 1024px">    <div class="card-body">
    <h3 class="card-title">Podiumsgespräch</h3>
    <p class="card-text">28. Juni 2025<br>Wir durften am 28. Juni 2025 ein wundervolles Jubiläum unserer Kirche feiern. Durch anklicken des Bildes gelangst du zur Aufzeichnung des Podiumsgesprächs (Livestream), welches dir unter anderem einen wundervollen Einblick in unsere Geschichte ermöglicht.</p>
    <div id="block-16" class="wp-block-yellowtree-card-buttons card-buttons">
  

  <div>
    <a id="block-15" href="https://icf.church/altdorf/de/second-hand/" target="_blank" class="wp-block-yellowtree-card-button btn btn-sm btn-secondary">
      <span>Mehr erfahren</span>
              <i class="icon fs-base-const fa-arrow-right" aria-hidden="true"></i>
          </a>
  </div>

</div>  </div>
</article></swiper-slide>
      </swiper-container>
</div>

<div id="block-24" class="pt-4 pb-4 alignfull is-layout-constrained">
  <div>
            <div class="row gx-4 gy-4 ">
          

<div id="block-23" class="col wp-block-yellowtree-column col-12 d-flex flex-column with-streched-height-children align-items-stretch align-items-md-stretch">
  <div id="block-22" data-bs-theme="dark" class="wp-block-yellowtree-divider-card card d-flex flex-column flex-lg-row py-6 py-lg-0">
  

<div id="block-19" class="wp-block-yellowtree-divider-card-item flex-1 d-flex flex-column position-relative text-center py-6 py-lg-10">
  <div class="mb-2">
    <div class="d-flex flex-column align-items-center gap-2">
      <i class="icon fs-lg-const fa-solid fa-signal-stream" aria-hidden="true"></i>
      <h3 class="mb-0">
        <span class="text-container">
          Podcast        </span>
      </h3>
    </div>
  </div>
  <div class="mt-auto">
    <a class="text-arrow-link fs-sm text-light-3" href="https://icf.church/altdorf/de/predigt/">
      Höre die Predigt online    </a>
  </div>
</div>


<div id="block-20" class="wp-block-yellowtree-divider-card-item flex-1 d-flex flex-column position-relative text-center py-6 py-lg-10">
  <div class="mb-2">
    <div class="d-flex flex-column align-items-center gap-2">
      <i class="icon fs-lg-const fa-solid fa-user-group" aria-hidden="true"></i>
      <h3 class="mb-0">
        <span class="text-container">
          Finde Anschluss        </span>
      </h3>
    </div>
  </div>
  <div class="mt-auto">
    <a class="text-arrow-link fs-sm text-light-3" href="https://icf.church/altdorf/de/findeanschluss/">
      Get connected    </a>
  </div>
</div>


<div id="block-21" class="wp-block-yellowtree-divider-card-item flex-1 d-flex flex-column position-relative text-center py-6 py-lg-10">
  <div class="mb-2">
    <div class="d-flex flex-column align-items-center gap-2">
      <i class="icon fs-lg-const fa-solid fa-comments" aria-hidden="true"></i>
      <h3 class="mb-0">
        <span class="text-container">
          Stell deine Frage        </span>
      </h3>
    </div>
  </div>
  <div class="mt-auto">
    <a class="text-arrow-link fs-sm text-light-3" href="mailto:info@icf-altdorf.ch">
      Schreib uns    </a>
  </div>
</div>
</div></div>
        </div>
          </div>
</div>

<p>Finde Angebote und Events, um deinen Glauben und deine Liebe zu Gott zu stärken, praktische Unterstützung zu erhalten, neue Kontakte zu knüpfen und Freundschaften zu vertiefen.</p>
