{"id":1183,"date":"2026-03-11T09:07:17","date_gmt":"2026-03-11T08:07:17","guid":{"rendered":"https:\/\/new.icf.church\/bulle\/?page_id=1183"},"modified":"2026-08-26T14:23:34","modified_gmt":"2026-08-26T12:23:34","slug":"visiter","status":"publish","type":"page","link":"https:\/\/icf.church\/bulle\/fr\/visiter\/","title":{"rendered":"Nous visiter"},"content":{"rendered":"<h1 id=\"block-1\" class=\"mt-4 h1 display-1 text-start\">\n  C&rsquo;est un plaisir de te voir<\/h1>\n\n<p id=\"block-2\" class=\"mb-4 text-start wp-block-paragraph\">\n  Chaque dimanche, nous vivons nos c\u00e9l\u00e9brations \u2013 notre rencontre intense, joyeuse et passionn\u00e9e, et le moment fort de la semaine !<\/p>\n\n\n<div id=\"block-7\" class=\"mb-4 wp-block-yellowtree-hero-stage\">\n    <div class=\"hero-stage has-links\">\n        \n\n<div id=\"block-4\" class=\"hero-stage-content\">\n    <div class=\"hero-stage-content__background\">\n        <div class=\"overlay-black-25 h-100\">\n                            <img decoding=\"async\" aria-hidden=\"true\" loading=\"eager\" src=\"https:\/\/icf.church\/bulle\/wp-content\/uploads\/sites\/25\/2025\/10\/predigten_header.jpg\" alt=\"A colorful concert with lights on stage, people in the audience enjoying the event, with the focus on the performance and the music.\" class=\"hero-stage-media\" style=\"object-position:50% 50%\" \/>                    <\/div>\n        <div class=\"hero-stage-gradient\"><\/div>\n    <\/div>\n    <div class=\"hero-stage-content__foreground is-layout-constrained\">\n        <h1 id=\"block-3\" class=\"display-1 text-center\">\n    <\/h1>    <\/div>\n<\/div>\n\n\n<div id=\"block-6\" class=\"hero-stage-links is-layout-constrained count-1\">\n    <div class=\"icon-link-cards-layout column-gap-3 row-gap-1 justify-content-center break-md\">\n        \n\n<div id=\"block-5\" data-bs-theme=\"dark\" class=\"wp-block-yellowtree-icon-link-card\">\n  <div class='card-body flex-row justify-content-center align-items-center overflow-hidden gap-2 px-5 px-md-3 py-3 py-md-6'>\n    <div class='d-flex align-items-center gap-4 me-auto me-md-0 flex-md-column text-md-center gap-md-3'>\n      <i class='icon-square fs-2 fs-md-lg-const fa-solid fa-location-dot' aria-hidden='true'><\/i>\n      <a class='stretched-link fs-base-const' href='' target=''>\n        Planifie ta visite      <\/a>\n    <\/div>\n          <i class=\"icon fs-base-const fa-chevron-right ms-auto opacity-50 d-md-none\"><\/i>\n      <\/div>\n<\/div>\n    <\/div>\n<\/div>\n    <\/div>\n<\/div>\n\n<div id=\"block-10\" class=\"pt-2 pb-2 alignfull is-layout-constrained\">\n  <div>\n            <div class=\"row gx-4 gy-4 \">\n          \n\n<div id=\"block-9\" class=\"col wp-block-yellowtree-column col-12 d-flex flex-column with-streched-height-children align-items-stretch align-items-md-stretch\">\n  <h3 id=\"block-8\" class=\"h3 display-3 text-start\">\n  C\u00e9l\u00e9bration<\/h3>\n\n<p id=\"celebration-times\" class=\"mb-7 text-start wp-block-paragraph\">\n  Chaque dimanche, nous vivons nos c\u00e9l\u00e9brations \u00e0 17h00 au Temple R\u00e9form\u00e9 de Bulle, rue de Gruy\u00e8res 70, 1630 Bulle.<\/p><\/div>\n        <\/div>\n          <\/div>\n<\/div>\n\n<div class=\"services-block\" data-services-list-config=\"{&quot;appId&quot;:&quot;ILU203NJSX&quot;,&quot;apiKey&quot;:&quot;NzRhMTE3ZjUyNThhOGM3NzI2NzNhZWZhZjhlYTRiN2RkMGQ0ZTMyN2U1ZWVkZmJiZGVlNWI0ZjYwNjkzZmI0NWZpbHRlcnM9b3JnYW5pemF0aW9uX2lkJTNBMjI2K0FORCtzdGF0dXMlM0FwdWJsaXNoZWQmcmVzdHJpY3RJbmRpY2VzPXNlcnZpY2Vz&quot;,&quot;baseUrl&quot;:&quot;https:\\\/\\\/icf.church\\\/bulle\\\/fr\\\/celebrations\\\/&quot;,&quot;postsPerPage&quot;:10,&quot;indexName&quot;:&quot;services&quot;,&quot;locationsPageUrl&quot;:&quot;https:\\\/\\\/icf.church\\\/locations\\\/&quot;,&quot;imgixSrcUrl&quot;:&quot;https:\\\/\\\/website-prod-space-01.fra1.digitaloceanspaces.com&quot;,&quot;imgixTargetUrl&quot;:&quot;https:\\\/\\\/icf-hub-new.imgix.net&quot;,&quot;placeholderImageUrl&quot;:&quot;https:\\\/\\\/icf.church\\\/bulle\\\/wp-content\\\/themes\\\/icf\\\/assets\\\/images\\\/celebrations.jpg&quot;,&quot;siteUrl&quot;:&quot;https:\\\/\\\/icf.church\\\/bulle&quot;}\">\n<\/div>\n\n\n<h3 id=\"block-12\" class=\"mt-10 mb-2 h3 display-3 text-start\">\n  Pour tous les \u00e2ges<\/h3>\n\n<p id=\"block-13\" class=\"mt-4 mb-7 text-start wp-block-paragraph\">\n  Pour que tu te sentes rapidement comme chez toi \u00e0 ICF Bulle, nous proposons des programmes sp\u00e9cifiques pour les enfants et les jeunes adultes. Tu te feras vite des amis de ton \u00e2ge.<\/p>\n\n\n<div id=\"block-16\">\n    <div class=\"image-link-cards-layout gap-3\">\n        \n\n<article id=\"block-14\" data-bs-theme=\"dark\" class=\"card wp-block-yellowtree-image-link-card min-h-0 text-decoration-none\" style=\"--card-aspect-ratio:1;--card-img-position:50% 50%\">\n      <img decoding=\"async\" aria-hidden=\"true\" loading=\"lazy\" sizes=\"(min-width: 992px) 25vw, 50vw\" src=\"https:\/\/icf.church\/bulle\/wp-content\/uploads\/sites\/25\/2026\/01\/instagram-post-design.png\" alt=\"\" class=\"card-bg-img opacity-75\" \/>    <div class=\"card-body p-4 justify-content-center\">\n    <div class=\"mh-100 overflow-y-hidden\">\n          <\/div>\n  <\/div>\n<\/article>\n\n\n<article id=\"block-15\" data-bs-theme=\"dark\" class=\"card wp-block-yellowtree-image-link-card min-h-0 text-decoration-none\" style=\"--card-aspect-ratio:1;--card-img-position:50% 50%\">\n      <img decoding=\"async\" aria-hidden=\"true\" loading=\"lazy\" sizes=\"(min-width: 992px) 25vw, 50vw\" src=\"https:\/\/icf.church\/bulle\/wp-content\/uploads\/sites\/25\/2026\/01\/instagram-post-design-1.png\" alt=\"High-quality black-and-white photo of a young man with his hand raised, symbolizing hope, community, and spiritual connection within the ICF youth group.\" class=\"card-bg-img opacity-75\" \/>    <div class=\"card-body p-4 justify-content-center\">\n    <div class=\"mh-100 overflow-y-hidden\">\n          <\/div>\n  <\/div>\n<\/article>\n    <\/div>\n<\/div>","protected":false},"excerpt":{"rendered":"<p>C&rsquo;est un plaisir de te voir Chaque dimanche, nous vivons nos c\u00e9l\u00e9brations \u2013 notre rencontre intense, joyeuse et passionn\u00e9e, et le moment fort de la semaine ! Pour tous les \u00e2ges Pour que tu te sentes rapidement comme chez toi \u00e0 ICF Bulle, nous proposons des programmes sp\u00e9cifiques pour les enfants et les jeunes adultes. [&hellip;]<\/p>\n","protected":false},"author":70,"featured_media":0,"parent":0,"menu_order":0,"comment_status":"closed","ping_status":"closed","template":"","meta":{"_acf_changed":false,"_seopress_titles_title":"","_seopress_titles_desc":"","_seopress_robots_index":"","_seopress_robots_follow":"","_seopress_robots_imageindex":"","_seopress_robots_snippet":"","_seopress_robots_primary_cat":"","_seopress_robots_breadcrumbs":"","_seopress_robots_freeze_modified_date":"","_seopress_robots_custom_modified_date":"","_seopress_robots_canonical":"","_seopress_social_fb_title":"","_seopress_social_fb_desc":"","_seopress_social_fb_img":"","_seopress_social_fb_img_attachment_id":0,"_seopress_social_fb_img_width":0,"_seopress_social_fb_img_height":0,"_seopress_social_twitter_title":"","_seopress_social_twitter_desc":"","_seopress_social_twitter_img":"","_seopress_social_twitter_img_attachment_id":0,"_seopress_social_twitter_img_width":0,"_seopress_social_twitter_img_height":0,"_seopress_redirections_value":"","_seopress_redirections_enabled":"","_seopress_redirections_enabled_regex":"","_seopress_redirections_logged_status":"both","_seopress_redirections_param":"","_seopress_redirections_type":301,"_seopress_analysis_target_kw":"","_seopress_news_disabled":"","_seopress_video_disabled":"","_seopress_video":[{"url":"","title":"","desc":"","thumbnail":"","duration":"","rating":"","view_count":"","tag":""}],"_seopress_pro_schemas_manual":[],"_seopress_pro_rich_snippets_disable_all":"","_seopress_pro_rich_snippets_disable":[],"_seopress_pro_schemas":[],"yt_custom_styles_scss":"","yt_custom_styles_rounded_corners":false,"yt_custom_styles_color_scheme":"","footnotes":""},"class_list":["post-1183","page","type-page","status-publish","hentry"],"acf":[],"_links":{"self":[{"href":"https:\/\/icf.church\/bulle\/fr\/wp-json\/wp\/v2\/pages\/1183","targetHints":{"allow":["GET"]}}],"collection":[{"href":"https:\/\/icf.church\/bulle\/fr\/wp-json\/wp\/v2\/pages"}],"about":[{"href":"https:\/\/icf.church\/bulle\/fr\/wp-json\/wp\/v2\/types\/page"}],"author":[{"embeddable":true,"href":"https:\/\/icf.church\/bulle\/fr\/wp-json\/wp\/v2\/users\/70"}],"replies":[{"embeddable":true,"href":"https:\/\/icf.church\/bulle\/fr\/wp-json\/wp\/v2\/comments?post=1183"}],"version-history":[{"count":9,"href":"https:\/\/icf.church\/bulle\/fr\/wp-json\/wp\/v2\/pages\/1183\/revisions"}],"predecessor-version":[{"id":1312,"href":"https:\/\/icf.church\/bulle\/fr\/wp-json\/wp\/v2\/pages\/1183\/revisions\/1312"}],"wp:attachment":[{"href":"https:\/\/icf.church\/bulle\/fr\/wp-json\/wp\/v2\/media?parent=1183"}],"curies":[{"name":"wp","href":"https:\/\/api.w.org\/{rel}","templated":true}]}}

<h1 id="block-1" class="mt-4 h1 display-1 text-start">
  C&rsquo;est un plaisir de te voir</h1>

<p id="block-2" class="mb-4 text-start wp-block-paragraph">
  Chaque dimanche, nous vivons nos célébrations – notre rencontre intense, joyeuse et passionnée, et le moment fort de la semaine !</p>


<div id="block-7" class="mb-4 wp-block-yellowtree-hero-stage">
    <div class="hero-stage has-links">
        

<div id="block-4" class="hero-stage-content">
    <div class="hero-stage-content__background">
        <div class="overlay-black-25 h-100">
                            <img decoding="async" aria-hidden="true" loading="eager" src="https://icf.church/bulle/wp-content/uploads/sites/25/2025/10/predigten_header.jpg" alt="A colorful concert with lights on stage, people in the audience enjoying the event, with the focus on the performance and the music." class="hero-stage-media" style="object-position:50% 50%" />                    </div>
        <div class="hero-stage-gradient"></div>
    </div>
    <div class="hero-stage-content__foreground is-layout-constrained">
        <h1 id="block-3" class="display-1 text-center">
    </h1>    </div>
</div>


<div id="block-6" class="hero-stage-links is-layout-constrained count-1">
    <div class="icon-link-cards-layout column-gap-3 row-gap-1 justify-content-center break-md">
        

<div id="block-5" data-bs-theme="dark" class="wp-block-yellowtree-icon-link-card">
  <div class='card-body flex-row justify-content-center align-items-center overflow-hidden gap-2 px-5 px-md-3 py-3 py-md-6'>
    <div class='d-flex align-items-center gap-4 me-auto me-md-0 flex-md-column text-md-center gap-md-3'>
      <i class='icon-square fs-2 fs-md-lg-const fa-solid fa-location-dot' aria-hidden='true'></i>
      <a class='stretched-link fs-base-const' href='' target=''>
        Planifie ta visite      </a>
    </div>
          <i class="icon fs-base-const fa-chevron-right ms-auto opacity-50 d-md-none"></i>
      </div>
</div>
    </div>
</div>
    </div>
</div>

<div id="block-10" class="pt-2 pb-2 alignfull is-layout-constrained">
  <div>
            <div class="row gx-4 gy-4 ">
          

<div id="block-9" class="col wp-block-yellowtree-column col-12 d-flex flex-column with-streched-height-children align-items-stretch align-items-md-stretch">
  <h3 id="block-8" class="h3 display-3 text-start">
  Célébration</h3>

<p id="celebration-times" class="mb-7 text-start wp-block-paragraph">
  Chaque dimanche, nous vivons nos célébrations à 17h00 au Temple Réformé de Bulle, rue de Gruyères 70, 1630 Bulle.</p></div>
        </div>
          </div>
</div>

<div class="services-block" data-services-list-config="{&quot;appId&quot;:&quot;ILU203NJSX&quot;,&quot;apiKey&quot;:&quot;NzRhMTE3ZjUyNThhOGM3NzI2NzNhZWZhZjhlYTRiN2RkMGQ0ZTMyN2U1ZWVkZmJiZGVlNWI0ZjYwNjkzZmI0NWZpbHRlcnM9b3JnYW5pemF0aW9uX2lkJTNBMjI2K0FORCtzdGF0dXMlM0FwdWJsaXNoZWQmcmVzdHJpY3RJbmRpY2VzPXNlcnZpY2Vz&quot;,&quot;baseUrl&quot;:&quot;https:\/\/icf.church\/bulle\/fr\/celebrations\/&quot;,&quot;postsPerPage&quot;:10,&quot;indexName&quot;:&quot;services&quot;,&quot;locationsPageUrl&quot;:&quot;https:\/\/icf.church\/locations\/&quot;,&quot;imgixSrcUrl&quot;:&quot;https:\/\/website-prod-space-01.fra1.digitaloceanspaces.com&quot;,&quot;imgixTargetUrl&quot;:&quot;https:\/\/icf-hub-new.imgix.net&quot;,&quot;placeholderImageUrl&quot;:&quot;https:\/\/icf.church\/bulle\/wp-content\/themes\/icf\/assets\/images\/celebrations.jpg&quot;,&quot;siteUrl&quot;:&quot;https:\/\/icf.church\/bulle&quot;}">
</div>


<h3 id="block-12" class="mt-10 mb-2 h3 display-3 text-start">
  Pour tous les âges</h3>

<p id="block-13" class="mt-4 mb-7 text-start wp-block-paragraph">
  Pour que tu te sentes rapidement comme chez toi à ICF Bulle, nous proposons des programmes spécifiques pour les enfants et les jeunes adultes. Tu te feras vite des amis de ton âge.</p>


<div id="block-16">
    <div class="image-link-cards-layout gap-3">
        

<article id="block-14" data-bs-theme="dark" class="card wp-block-yellowtree-image-link-card min-h-0 text-decoration-none" style="--card-aspect-ratio:1;--card-img-position:50% 50%">
      <img decoding="async" aria-hidden="true" loading="lazy" sizes="(min-width: 992px) 25vw, 50vw" src="https://icf.church/bulle/wp-content/uploads/sites/25/2026/01/instagram-post-design.png" alt="" class="card-bg-img opacity-75" />    <div class="card-body p-4 justify-content-center">
    <div class="mh-100 overflow-y-hidden">
          </div>
  </div>
</article>


<article id="block-15" data-bs-theme="dark" class="card wp-block-yellowtree-image-link-card min-h-0 text-decoration-none" style="--card-aspect-ratio:1;--card-img-position:50% 50%">
      <img decoding="async" aria-hidden="true" loading="lazy" sizes="(min-width: 992px) 25vw, 50vw" src="https://icf.church/bulle/wp-content/uploads/sites/25/2026/01/instagram-post-design-1.png" alt="High-quality black-and-white photo of a young man with his hand raised, symbolizing hope, community, and spiritual connection within the ICF youth group." class="card-bg-img opacity-75" />    <div class="card-body p-4 justify-content-center">
    <div class="mh-100 overflow-y-hidden">
          </div>
  </div>
</article>
    </div>
</div>

<p>C&rsquo;est un plaisir de te voir Chaque dimanche, nous vivons nos célébrations – notre rencontre intense, joyeuse et passionnée, et le moment fort de la semaine ! Pour tous les âges Pour que tu te sentes rapidement comme chez toi à ICF Bulle, nous proposons des programmes spécifiques pour les enfants et les jeunes adultes. [&hellip;]</p>
