{"id":519,"date":"2026-05-26T11:06:37","date_gmt":"2026-05-26T09:06:37","guid":{"rendered":"https:\/\/new.icf.church\/freiburg\/?page_id=519"},"modified":"2026-05-26T11:06:41","modified_gmt":"2026-05-26T09:06:41","slug":"impressum","status":"publish","type":"page","link":"https:\/\/icf.church\/freiburg\/de\/impressum\/","title":{"rendered":"Impressum"},"content":{"rendered":"<div id=\"block-3\" class=\"pt-4 pb-4 alignfull is-layout-constrained\">\n  <div>\n            <div class=\"row gx-4 gy-4 \">\n          \n\n<div id=\"block-2\" class=\"col wp-block-yellowtree-column col-12 d-flex flex-column with-streched-height-children align-items-stretch align-items-md-stretch\">\n  <h1 id=\"block-1\" class=\"h1 display-1 text-start\">\n  Impressum<\/h1><\/div>\n        <\/div>\n          <\/div>\n<\/div>\n\n<div id=\"block-24\" class=\"pt-2 pb-2 alignfull is-layout-constrained\">\n  <div>\n            <div class=\"row gx-4 gy-4 \">\n          \n\n<div id=\"block-16\" class=\"col wp-block-yellowtree-column col-12 col-md-6 d-flex flex-column justify-content-start align-items-stretch align-items-md-stretch\">\n  <div class=\"has-context-height\">\n  <article id=\"block-10\" data-bs-theme=\"dark\" class=\"wp-block-yellowtree-container-card card has-context-height\">\n    <div class=\"card-body\">\n      <h2 id=\"block-4\" class=\"mt-4 mb-4 h2 text-center\">\n  Kontakt<\/h2>\n\n<p id=\"block-5\" class=\"wp-elements-4efa5a64406fc03ea3526cb60d56f769 fs-base text-center wp-block-paragraph\">\n  ICF Schwarzwald-Bodensee e.V.<br>Wilhelm-Binder-Str. 17<br>78048 Villingen-Schwenningen<\/p>\n\n<p id=\"block-6\" class=\"wp-elements-e97690c8b12d0d8e666afaa480327b10 fs-base text-center wp-block-paragraph\">\n  <br>info@icf-swb.de<\/p>\n\n<div id=\"block-9\" class=\"pt-2 pb-2 alignfull is-layout-constrained\">\n  <div>\n            <div class=\"row gx-4 gy-4 \">\n          \n\n<div id=\"block-8\" class=\"col wp-block-yellowtree-column col-12 d-flex flex-column justify-content-center align-items-center align-items-md-center\">\n  <div>\n    <a id=\"block-7\" href=\"https:\/\/icf.church\/swb\/de\/kontakt\/\" rel=\"\" class=\"wp-block-yellowtree-button-link btn btn-default btn-sm\">\n      <span>KONTAKT<\/span>\n          <\/a>\n  <\/div><\/div>\n        <\/div>\n          <\/div>\n<\/div>    <\/div>\n  <\/article>\n<\/div>\n\n<div id=\"block-15\" class=\"pt-2 pb-2 alignfull is-layout-constrained\">\n  <div>\n            <div class=\"row gx-4 gy-4 \">\n          \n\n<div id=\"block-14\" class=\"col wp-block-yellowtree-column col-12 d-flex flex-column with-streched-height-children align-items-stretch align-items-md-stretch\">\n  <\/div>\n        <\/div>\n          <\/div>\n<\/div><\/div>\n\n\n<div id=\"block-23\" class=\"col wp-block-yellowtree-column col-12 col-md-6 d-flex flex-column justify-content-center align-items-stretch align-items-md-stretch\">\n  <h2 id=\"block-17\" class=\"mt-2 mb-2 h2 text-center\">\n  Verantwortungen<\/h2>\n\n<p id=\"block-18\" class=\"text-center wp-block-paragraph\">\n  <strong class=\"myprefix-text-bold\">Rechtliche Vertretung<br><\/strong>die Vorst\u00e4nde:<\/p>\n\n<p id=\"block-19\" class=\"text-center wp-block-paragraph\">\n  Erster Vorsitzender: David Rominger<br>Zweite Vorsitzende: Michaela Rescigno<br>Finanzvorstand: Friedrich Rominger<br>Schriftf\u00fchrerin: Janina Richter<\/p>\n\n<p id=\"block-20\" class=\"text-center wp-block-paragraph\">\n  <strong class=\"myprefix-text-bold\">Registereintrag<\/strong><\/p>\n\n<p id=\"block-21\" class=\"text-center wp-block-paragraph\">\n  Eintragung im Vereinsregister: 540967<br>Amtsgericht: Freiburg im Breisgau (ICF Schwarzwald-Bodensee e.V.)<\/p>\n\n<p id=\"block-22\" class=\"text-center wp-block-paragraph\">\n  <br><br><strong class=\"myprefix-text-bold\">Redaktionelle Vertretung <\/strong><br><strong class=\"myprefix-text-bold\">(\u00a7 18 Abs. 2 MStV Deutschland):<\/strong><br>Julia Weber<br><\/p><\/div>\n        <\/div>\n          <\/div>\n<\/div>\n\n<div id=\"block-30\" class=\"pt-6 pb-2 alignfull is-layout-constrained\">\n  <div>\n            <div class=\"row gx-4 gy-4 \">\n          \n\n<div id=\"block-29\" class=\"col wp-block-yellowtree-column col-12 d-flex flex-column with-streched-height-children align-items-stretch align-items-md-stretch\">\n  <h2 id=\"block-25\" class=\"h2 text-start\">\n  Urheberrechte<\/h2>\n\n<p id=\"block-26\" class=\"text-start wp-block-paragraph\">\n  Alle Inhalte, Bilder, Fotos und Dateien auf dieser Website sind urheberrechtlich gesch\u00fctzt. Die Rechte liegen \u2013 sofern nicht anders vermerkt \u2013 beim ICF Movement oder bei den entsprechend genannten Rechteinhabern. Als Bildquellen nutzen wir Pixabay und Unsplash.<\/p>\n\n<p id=\"block-27\" class=\"text-start wp-block-paragraph\">\n  Wir freuen uns, wenn unsere Inhalte inspirieren \u2013 aber f\u00fcr jede Art der Weiterverwendung (z.\u202fB. Download, Vervielf\u00e4ltigung, Ver\u00f6ffentlichung) ist vorab eine schriftliche Zustimmung n\u00f6tig.<\/p>\n\n<p id=\"block-28\" class=\"text-start wp-block-paragraph\">\n  Wenn du Inhalte verwenden m\u00f6chtest, melde dich einfach bei uns \u2013 wir finden gemeinsam eine gute L\u00f6sung.<\/p><\/div>\n        <\/div>\n          <\/div>\n<\/div>\n\n<div id=\"block-36\" class=\"pt-4 pb-4 alignfull is-layout-constrained\">\n  <div>\n            <div class=\"row gx-4 gy-4 \">\n          \n\n<div id=\"block-35\" class=\"col wp-block-yellowtree-column col-12 d-flex flex-column with-streched-height-children align-items-stretch align-items-md-stretch\">\n  <h2 id=\"block-31\" class=\"h2 text-start\">\n  Haftungsausschluss<\/h2>\n\n<p id=\"block-32\" class=\"text-start wp-block-paragraph\">\n  Wir vom ICF Movement sind bem\u00fcht, alle Inhalte auf dieser Website aktuell, korrekt und vollst\u00e4ndig bereitzustellen. Trotzdem k\u00f6nnen wir keine Garantie f\u00fcr Richtigkeit, Vollst\u00e4ndigkeit oder Aktualit\u00e4t \u00fcbernehmen.<\/p>\n\n<p id=\"block-33\" class=\"text-start wp-block-paragraph\">\n  Haftungsanspr\u00fcche f\u00fcr Sch\u00e4den materieller oder immaterieller Art, die durch die Nutzung oder Nichtnutzung der bereitgestellten Informationen entstehen, schlie\u00dfen wir \u2013 soweit gesetzlich zul\u00e4ssig \u2013 aus.<\/p>\n\n<p id=\"block-34\" class=\"wp-elements-126b0de68fe02b32dc1f914d44ae88ae text-start wp-block-paragraph\">\n  Technische St\u00f6rungen, Verbindungsprobleme oder vor\u00fcbergehende Unterbr\u00fcche k\u00f6nnen vorkommen. Wir behalten uns vor, Inhalte jederzeit zu \u00e4ndern, zu erg\u00e4nzen oder zu entfernen \u2013 auch ohne vorherige Ank\u00fcndigung. Solltest du Fehler oder problematische Inhalte entdecken, freuen wir uns \u00fcber einen <a href=\"https:\/\/icf.church\/swb\/de\/kontakt\/\">Hinweis<\/a> \u2013 damit wir sie schnellstm\u00f6glich beheben k\u00f6nnen.<\/p><\/div>\n        <\/div>\n          <\/div>\n<\/div>\n\n<div id=\"block-41\" class=\"pt-4 pb-4 alignfull is-layout-constrained\">\n  <div>\n            <div class=\"row gx-4 gy-4 \">\n          \n\n<div id=\"block-40\" class=\"col wp-block-yellowtree-column col-12 d-flex flex-column with-streched-height-children align-items-stretch align-items-md-stretch\">\n  <h2 id=\"block-37\" class=\"h2 text-start\">\n  Haftung f\u00fcr Links<\/h2>\n\n<p id=\"block-38\" class=\"text-start wp-block-paragraph\">\n  Wir verlinken auf externe Websites, weil wir inspirierende Inhalte gerne teilen. Trotzdem m\u00f6chten wir klarstellen: F\u00fcr die Inhalte auf diesen Seiten sind die jeweiligen Betreiber verantwortlich \u2013 wir haben darauf keinen Einfluss. Zum Zeitpunkt der Verlinkung haben wir die Seiten gepr\u00fcft und keine rechtswidrigen Inhalte erkannt.&nbsp;<\/p>\n\n<p id=\"block-39\" class=\"wp-elements-e72d1188fb3cf4a3a276416ae2e1f467 text-start wp-block-paragraph\">\n  Eine dauerhafte Kontrolle aller Inhalte ist uns jedoch nicht m\u00f6glich. Falls dir problematische oder rechtswidrige Inhalte auffallen, gib uns bitte <a href=\"https:\/\/icf.church\/swb\/de\/kontakt\/\">Bescheid<\/a> \u2013 wir entfernen entsprechende Links umgehend.<\/p><\/div>\n        <\/div>\n          <\/div>\n<\/div>","protected":false},"excerpt":{"rendered":"","protected":false},"author":203,"featured_media":0,"parent":0,"menu_order":0,"comment_status":"closed","ping_status":"closed","template":"","meta":{"_acf_changed":false,"_seopress_titles_title":"","_seopress_titles_desc":"","_seopress_robots_index":"","_seopress_robots_follow":"","_seopress_robots_imageindex":"","_seopress_robots_snippet":"","_seopress_robots_primary_cat":"","_seopress_robots_breadcrumbs":"","_seopress_robots_freeze_modified_date":"","_seopress_robots_custom_modified_date":"","_seopress_robots_canonical":"","_seopress_social_fb_title":"","_seopress_social_fb_desc":"","_seopress_social_fb_img":"","_seopress_social_fb_img_attachment_id":0,"_seopress_social_fb_img_width":0,"_seopress_social_fb_img_height":0,"_seopress_social_twitter_title":"","_seopress_social_twitter_desc":"","_seopress_social_twitter_img":"","_seopress_social_twitter_img_attachment_id":0,"_seopress_social_twitter_img_width":0,"_seopress_social_twitter_img_height":0,"_seopress_redirections_value":"","_seopress_redirections_enabled":"","_seopress_redirections_enabled_regex":"","_seopress_redirections_logged_status":"","_seopress_redirections_param":"","_seopress_redirections_type":0,"_seopress_analysis_target_kw":"","_seopress_news_disabled":"","_seopress_video_disabled":"","_seopress_video":[],"_seopress_pro_schemas_manual":[],"_seopress_pro_rich_snippets_disable_all":"","_seopress_pro_rich_snippets_disable":[],"_seopress_pro_schemas":[],"yt_custom_styles_scss":"","yt_custom_styles_rounded_corners":false,"yt_custom_styles_color_scheme":"","footnotes":""},"class_list":["post-519","page","type-page","status-publish","hentry"],"acf":[],"_links":{"self":[{"href":"https:\/\/icf.church\/freiburg\/de\/wp-json\/wp\/v2\/pages\/519","targetHints":{"allow":["GET"]}}],"collection":[{"href":"https:\/\/icf.church\/freiburg\/de\/wp-json\/wp\/v2\/pages"}],"about":[{"href":"https:\/\/icf.church\/freiburg\/de\/wp-json\/wp\/v2\/types\/page"}],"author":[{"embeddable":true,"href":"https:\/\/icf.church\/freiburg\/de\/wp-json\/wp\/v2\/users\/203"}],"replies":[{"embeddable":true,"href":"https:\/\/icf.church\/freiburg\/de\/wp-json\/wp\/v2\/comments?post=519"}],"version-history":[{"count":1,"href":"https:\/\/icf.church\/freiburg\/de\/wp-json\/wp\/v2\/pages\/519\/revisions"}],"predecessor-version":[{"id":520,"href":"https:\/\/icf.church\/freiburg\/de\/wp-json\/wp\/v2\/pages\/519\/revisions\/520"}],"wp:attachment":[{"href":"https:\/\/icf.church\/freiburg\/de\/wp-json\/wp\/v2\/media?parent=519"}],"curies":[{"name":"wp","href":"https:\/\/api.w.org\/{rel}","templated":true}]}}

<div id="block-3" class="pt-4 pb-4 alignfull is-layout-constrained">
  <div>
            <div class="row gx-4 gy-4 ">
          

<div id="block-2" class="col wp-block-yellowtree-column col-12 d-flex flex-column with-streched-height-children align-items-stretch align-items-md-stretch">
  <h1 id="block-1" class="h1 display-1 text-start">
  Impressum</h1></div>
        </div>
          </div>
</div>

<div id="block-24" class="pt-2 pb-2 alignfull is-layout-constrained">
  <div>
            <div class="row gx-4 gy-4 ">
          

<div id="block-16" class="col wp-block-yellowtree-column col-12 col-md-6 d-flex flex-column justify-content-start align-items-stretch align-items-md-stretch">
  <div class="has-context-height">
  <article id="block-10" data-bs-theme="dark" class="wp-block-yellowtree-container-card card has-context-height">
    <div class="card-body">
      <h2 id="block-4" class="mt-4 mb-4 h2 text-center">
  Kontakt</h2>

<p id="block-5" class="wp-elements-4efa5a64406fc03ea3526cb60d56f769 fs-base text-center wp-block-paragraph">
  ICF Schwarzwald-Bodensee e.V.<br>Wilhelm-Binder-Str. 17<br>78048 Villingen-Schwenningen</p>

<p id="block-6" class="wp-elements-e97690c8b12d0d8e666afaa480327b10 fs-base text-center wp-block-paragraph">
  <br>info@icf-swb.de</p>

<div id="block-9" class="pt-2 pb-2 alignfull is-layout-constrained">
  <div>
            <div class="row gx-4 gy-4 ">
          

<div id="block-8" class="col wp-block-yellowtree-column col-12 d-flex flex-column justify-content-center align-items-center align-items-md-center">
  <div>
    <a id="block-7" href="https://icf.church/swb/de/kontakt/" rel="" class="wp-block-yellowtree-button-link btn btn-default btn-sm">
      <span>KONTAKT</span>
          </a>
  </div></div>
        </div>
          </div>
</div>    </div>
  </article>
</div>

<div id="block-15" class="pt-2 pb-2 alignfull is-layout-constrained">
  <div>
            <div class="row gx-4 gy-4 ">
          

<div id="block-14" class="col wp-block-yellowtree-column col-12 d-flex flex-column with-streched-height-children align-items-stretch align-items-md-stretch">
  </div>
        </div>
          </div>
</div></div>


<div id="block-23" class="col wp-block-yellowtree-column col-12 col-md-6 d-flex flex-column justify-content-center align-items-stretch align-items-md-stretch">
  <h2 id="block-17" class="mt-2 mb-2 h2 text-center">
  Verantwortungen</h2>

<p id="block-18" class="text-center wp-block-paragraph">
  <strong class="myprefix-text-bold">Rechtliche Vertretung<br></strong>die Vorstände:</p>

<p id="block-19" class="text-center wp-block-paragraph">
  Erster Vorsitzender: David Rominger<br>Zweite Vorsitzende: Michaela Rescigno<br>Finanzvorstand: Friedrich Rominger<br>Schriftführerin: Janina Richter</p>

<p id="block-20" class="text-center wp-block-paragraph">
  <strong class="myprefix-text-bold">Registereintrag</strong></p>

<p id="block-21" class="text-center wp-block-paragraph">
  Eintragung im Vereinsregister: 540967<br>Amtsgericht: Freiburg im Breisgau (ICF Schwarzwald-Bodensee e.V.)</p>

<p id="block-22" class="text-center wp-block-paragraph">
  <br><br><strong class="myprefix-text-bold">Redaktionelle Vertretung </strong><br><strong class="myprefix-text-bold">(§ 18 Abs. 2 MStV Deutschland):</strong><br>Julia Weber<br></p></div>
        </div>
          </div>
</div>

<div id="block-30" class="pt-6 pb-2 alignfull is-layout-constrained">
  <div>
            <div class="row gx-4 gy-4 ">
          

<div id="block-29" class="col wp-block-yellowtree-column col-12 d-flex flex-column with-streched-height-children align-items-stretch align-items-md-stretch">
  <h2 id="block-25" class="h2 text-start">
  Urheberrechte</h2>

<p id="block-26" class="text-start wp-block-paragraph">
  Alle Inhalte, Bilder, Fotos und Dateien auf dieser Website sind urheberrechtlich geschützt. Die Rechte liegen – sofern nicht anders vermerkt – beim ICF Movement oder bei den entsprechend genannten Rechteinhabern. Als Bildquellen nutzen wir Pixabay und Unsplash.</p>

<p id="block-27" class="text-start wp-block-paragraph">
  Wir freuen uns, wenn unsere Inhalte inspirieren – aber für jede Art der Weiterverwendung (z. B. Download, Vervielfältigung, Veröffentlichung) ist vorab eine schriftliche Zustimmung nötig.</p>

<p id="block-28" class="text-start wp-block-paragraph">
  Wenn du Inhalte verwenden möchtest, melde dich einfach bei uns – wir finden gemeinsam eine gute Lösung.</p></div>
        </div>
          </div>
</div>

<div id="block-36" class="pt-4 pb-4 alignfull is-layout-constrained">
  <div>
            <div class="row gx-4 gy-4 ">
          

<div id="block-35" class="col wp-block-yellowtree-column col-12 d-flex flex-column with-streched-height-children align-items-stretch align-items-md-stretch">
  <h2 id="block-31" class="h2 text-start">
  Haftungsausschluss</h2>

<p id="block-32" class="text-start wp-block-paragraph">
  Wir vom ICF Movement sind bemüht, alle Inhalte auf dieser Website aktuell, korrekt und vollständig bereitzustellen. Trotzdem können wir keine Garantie für Richtigkeit, Vollständigkeit oder Aktualität übernehmen.</p>

<p id="block-33" class="text-start wp-block-paragraph">
  Haftungsansprüche für Schäden materieller oder immaterieller Art, die durch die Nutzung oder Nichtnutzung der bereitgestellten Informationen entstehen, schließen wir – soweit gesetzlich zulässig – aus.</p>

<p id="block-34" class="wp-elements-126b0de68fe02b32dc1f914d44ae88ae text-start wp-block-paragraph">
  Technische Störungen, Verbindungsprobleme oder vorübergehende Unterbrüche können vorkommen. Wir behalten uns vor, Inhalte jederzeit zu ändern, zu ergänzen oder zu entfernen – auch ohne vorherige Ankündigung. Solltest du Fehler oder problematische Inhalte entdecken, freuen wir uns über einen <a href="https://icf.church/swb/de/kontakt/">Hinweis</a> – damit wir sie schnellstmöglich beheben können.</p></div>
        </div>
          </div>
</div>

<div id="block-41" class="pt-4 pb-4 alignfull is-layout-constrained">
  <div>
            <div class="row gx-4 gy-4 ">
          

<div id="block-40" class="col wp-block-yellowtree-column col-12 d-flex flex-column with-streched-height-children align-items-stretch align-items-md-stretch">
  <h2 id="block-37" class="h2 text-start">
  Haftung für Links</h2>

<p id="block-38" class="text-start wp-block-paragraph">
  Wir verlinken auf externe Websites, weil wir inspirierende Inhalte gerne teilen. Trotzdem möchten wir klarstellen: Für die Inhalte auf diesen Seiten sind die jeweiligen Betreiber verantwortlich – wir haben darauf keinen Einfluss. Zum Zeitpunkt der Verlinkung haben wir die Seiten geprüft und keine rechtswidrigen Inhalte erkannt.&nbsp;</p>

<p id="block-39" class="wp-elements-e72d1188fb3cf4a3a276416ae2e1f467 text-start wp-block-paragraph">
  Eine dauerhafte Kontrolle aller Inhalte ist uns jedoch nicht möglich. Falls dir problematische oder rechtswidrige Inhalte auffallen, gib uns bitte <a href="https://icf.church/swb/de/kontakt/">Bescheid</a> – wir entfernen entsprechende Links umgehend.</p></div>
        </div>
          </div>
</div>
