{"id":1850,"date":"2026-06-29T14:28:04","date_gmt":"2026-06-29T12:28:04","guid":{"rendered":"https:\/\/new.icf.church\/geneve\/?page_id=1850"},"modified":"2026-08-25T10:36:47","modified_gmt":"2026-08-25T08:36:47","slug":"evenements","status":"publish","type":"page","link":"https:\/\/icf.church\/geneve\/fr\/evenements\/","title":{"rendered":"Activit\u00e9s &amp; Evenements"},"content":{"rendered":"<div id=\"block-3\" class=\"pt-2 pb-2 alignfull is-layout-constrained\">\n  <div>\n            <div class=\"row gx-4 gy-4 \">\n          \n\n<div id=\"block-2\" class=\"col wp-block-yellowtree-column col-12 d-flex flex-column with-streched-height-children align-items-stretch align-items-md-stretch\">\n  <h1 id=\"block-1\" class=\"h1 display-1 text-start\">\n  Activit\u00e9s &amp; Evenements<\/h1><\/div>\n        <\/div>\n          <\/div>\n<\/div>\n\n<div id=\"block-6\" class=\"pt-2 pb-4 alignfull is-layout-constrained\">\n  <div>\n            <div class=\"row gx-4 gy-4 \">\n          \n\n<div id=\"block-5\" class=\"col wp-block-yellowtree-column col-12 d-flex flex-column with-streched-height-children align-items-stretch align-items-md-stretch\">\n  <p id=\"block-4\" class=\"text-start wp-block-paragraph\">\n  En plus de nos C\u00e9l\u00e9brations le dimanche, d\u00e9couvre les diverses opportunit\u00e9s propos\u00e9es pour d\u00e9velopper des relations et vivre la communaut\u00e9. Nous nous r\u00e9jouissons de t\u2019y retrouver !<\/p><\/div>\n        <\/div>\n          <\/div>\n<\/div>\n\n<div class=\"events-list\" data-events-list-config=\"{&quot;appId&quot;:&quot;ILU203NJSX&quot;,&quot;apiKey&quot;:&quot;NzU2MTdjOGE2MGFlM2I0MDdkMmU1MTMzMDYxZGMwZGVjYmQ4M2Q1MTM1NDI1Mjk0YTA5MGY2OThiZTE0MzkxNmZpbHRlcnM9JTI4dmlzaWJsZUZvck9yZ2FuaXphdGlvbiUzQTIzNytPUit2aXNpYmxlRm9yUmVnaW9uJTNBMCtPUit2aXNpYmxlRm9yRGVub21pbmF0aW9uJTNBMSUyOStBTkQrc3RhdHVzJTNBcHVibGlzaGVkJnJlc3RyaWN0SW5kaWNlcz1ldmVudHM=&quot;,&quot;baseUrl&quot;:&quot;https:\\\/\\\/icf.church\\\/geneve\\\/fr\\\/evenements\\\/&quot;,&quot;baseUrls&quot;:{&quot;fr&quot;:&quot;https:\\\/\\\/icf.church\\\/geneve\\\/fr\\\/evenements\\\/&quot;,&quot;en&quot;:&quot;https:\\\/\\\/icf.church\\\/geneve\\\/en\\\/events\\\/&quot;},&quot;postsPerPage&quot;:10,&quot;indexName&quot;:&quot;events&quot;,&quot;contactUrl&quot;:&quot;https:\\\/\\\/icf.church\\\/geneve\\\/fr\\\/evenements\\\/&quot;,&quot;icons&quot;:{&quot;Sunday Night&quot;:&quot;fa-hand-peace&quot;,&quot;Kids&quot;:&quot;fa-children&quot;,&quot;Ladies&quot;:&quot;fa-person-dress&quot;,&quot;Men&quot;:&quot;fa-person&quot;,&quot;Teens&quot;:&quot;fa-gamepad-modern&quot;,&quot;Youth&quot;:&quot;fa-party-horn&quot;,&quot;Evergreen&quot;:&quot;fa-tree-deciduous&quot;},&quot;imgixSrcUrl&quot;:&quot;https:\\\/\\\/website-prod-space-01.fra1.digitaloceanspaces.com&quot;,&quot;imgixTargetUrl&quot;:&quot;https:\\\/\\\/icf-hub-new.imgix.net&quot;,&quot;siteUrl&quot;:&quot;https:\\\/\\\/icf.church\\\/geneve&quot;,&quot;organisationId&quot;:&quot;geneve&quot;}\">\n<\/div>\n","protected":false},"excerpt":{"rendered":"","protected":false},"author":8,"featured_media":1888,"parent":0,"menu_order":1,"comment_status":"closed","ping_status":"closed","template":"","meta":{"_acf_changed":false,"_seopress_titles_title":"","_seopress_titles_desc":"","_seopress_robots_index":"","_seopress_robots_follow":"","_seopress_robots_imageindex":"","_seopress_robots_snippet":"","_seopress_robots_primary_cat":"","_seopress_robots_breadcrumbs":"","_seopress_robots_freeze_modified_date":"","_seopress_robots_custom_modified_date":"","_seopress_robots_canonical":"","_seopress_social_fb_title":"","_seopress_social_fb_desc":"","_seopress_social_fb_img":"","_seopress_social_fb_img_attachment_id":0,"_seopress_social_fb_img_width":0,"_seopress_social_fb_img_height":0,"_seopress_social_twitter_title":"","_seopress_social_twitter_desc":"","_seopress_social_twitter_img":"","_seopress_social_twitter_img_attachment_id":0,"_seopress_social_twitter_img_width":0,"_seopress_social_twitter_img_height":0,"_seopress_redirections_value":"","_seopress_redirections_enabled":"","_seopress_redirections_enabled_regex":"","_seopress_redirections_logged_status":"","_seopress_redirections_param":"","_seopress_redirections_type":0,"_seopress_analysis_target_kw":"","_seopress_news_disabled":"","_seopress_video_disabled":"","_seopress_video":[],"_seopress_pro_schemas_manual":[],"_seopress_pro_rich_snippets_disable_all":"","_seopress_pro_rich_snippets_disable":[],"_seopress_pro_schemas":[],"yt_custom_styles_scss":"","yt_custom_styles_rounded_corners":false,"yt_custom_styles_color_scheme":"","footnotes":""},"class_list":["post-1850","page","type-page","status-publish","has-post-thumbnail","hentry"],"acf":[],"_links":{"self":[{"href":"https:\/\/icf.church\/geneve\/fr\/wp-json\/wp\/v2\/pages\/1850","targetHints":{"allow":["GET"]}}],"collection":[{"href":"https:\/\/icf.church\/geneve\/fr\/wp-json\/wp\/v2\/pages"}],"about":[{"href":"https:\/\/icf.church\/geneve\/fr\/wp-json\/wp\/v2\/types\/page"}],"author":[{"embeddable":true,"href":"https:\/\/icf.church\/geneve\/fr\/wp-json\/wp\/v2\/users\/8"}],"replies":[{"embeddable":true,"href":"https:\/\/icf.church\/geneve\/fr\/wp-json\/wp\/v2\/comments?post=1850"}],"version-history":[{"count":13,"href":"https:\/\/icf.church\/geneve\/fr\/wp-json\/wp\/v2\/pages\/1850\/revisions"}],"predecessor-version":[{"id":2014,"href":"https:\/\/icf.church\/geneve\/fr\/wp-json\/wp\/v2\/pages\/1850\/revisions\/2014"}],"wp:featuredmedia":[{"embeddable":true,"href":"https:\/\/icf.church\/geneve\/fr\/wp-json\/wp\/v2\/media\/1888"}],"wp:attachment":[{"href":"https:\/\/icf.church\/geneve\/fr\/wp-json\/wp\/v2\/media?parent=1850"}],"curies":[{"name":"wp","href":"https:\/\/api.w.org\/{rel}","templated":true}]}}

Activités &amp; Evenements

<div id="block-3" class="pt-2 pb-2 alignfull is-layout-constrained">
  <div>
            <div class="row gx-4 gy-4 ">
          

<div id="block-2" class="col wp-block-yellowtree-column col-12 d-flex flex-column with-streched-height-children align-items-stretch align-items-md-stretch">
  <h1 id="block-1" class="h1 display-1 text-start">
  Activités &amp; Evenements</h1></div>
        </div>
          </div>
</div>

<div id="block-6" class="pt-2 pb-4 alignfull is-layout-constrained">
  <div>
            <div class="row gx-4 gy-4 ">
          

<div id="block-5" class="col wp-block-yellowtree-column col-12 d-flex flex-column with-streched-height-children align-items-stretch align-items-md-stretch">
  <p id="block-4" class="text-start wp-block-paragraph">
  En plus de nos Célébrations le dimanche, découvre les diverses opportunités proposées pour développer des relations et vivre la communauté. Nous nous réjouissons de t’y retrouver !</p></div>
        </div>
          </div>
</div>

<div class="events-list" data-events-list-config="{&quot;appId&quot;:&quot;ILU203NJSX&quot;,&quot;apiKey&quot;:&quot;NzU2MTdjOGE2MGFlM2I0MDdkMmU1MTMzMDYxZGMwZGVjYmQ4M2Q1MTM1NDI1Mjk0YTA5MGY2OThiZTE0MzkxNmZpbHRlcnM9JTI4dmlzaWJsZUZvck9yZ2FuaXphdGlvbiUzQTIzNytPUit2aXNpYmxlRm9yUmVnaW9uJTNBMCtPUit2aXNpYmxlRm9yRGVub21pbmF0aW9uJTNBMSUyOStBTkQrc3RhdHVzJTNBcHVibGlzaGVkJnJlc3RyaWN0SW5kaWNlcz1ldmVudHM=&quot;,&quot;baseUrl&quot;:&quot;https:\/\/icf.church\/geneve\/fr\/evenements\/&quot;,&quot;baseUrls&quot;:{&quot;fr&quot;:&quot;https:\/\/icf.church\/geneve\/fr\/evenements\/&quot;,&quot;en&quot;:&quot;https:\/\/icf.church\/geneve\/en\/events\/&quot;},&quot;postsPerPage&quot;:10,&quot;indexName&quot;:&quot;events&quot;,&quot;contactUrl&quot;:&quot;https:\/\/icf.church\/geneve\/fr\/evenements\/&quot;,&quot;icons&quot;:{&quot;Sunday Night&quot;:&quot;fa-hand-peace&quot;,&quot;Kids&quot;:&quot;fa-children&quot;,&quot;Ladies&quot;:&quot;fa-person-dress&quot;,&quot;Men&quot;:&quot;fa-person&quot;,&quot;Teens&quot;:&quot;fa-gamepad-modern&quot;,&quot;Youth&quot;:&quot;fa-party-horn&quot;,&quot;Evergreen&quot;:&quot;fa-tree-deciduous&quot;},&quot;imgixSrcUrl&quot;:&quot;https:\/\/website-prod-space-01.fra1.digitaloceanspaces.com&quot;,&quot;imgixTargetUrl&quot;:&quot;https:\/\/icf-hub-new.imgix.net&quot;,&quot;siteUrl&quot;:&quot;https:\/\/icf.church\/geneve&quot;,&quot;organisationId&quot;:&quot;geneve&quot;}">
</div>
