{"id":1271,"date":"2026-08-18T21:45:47","date_gmt":"2026-08-18T19:45:47","guid":{"rendered":"https:\/\/new.icf.church\/kraichgau\/?page_id=1271"},"modified":"2026-08-19T11:50:11","modified_gmt":"2026-08-19T09:50:11","slug":"alpha-kurs","status":"publish","type":"page","link":"https:\/\/icf.church\/kraichgau\/de\/alpha-kurs\/","title":{"rendered":"Alpha Kurs"},"content":{"rendered":"<div id=\"block-4\" class=\"pt-2 pb-2 alignfull is-layout-constrained\">\n  <div>\n            <div class=\"row gx-4 gy-4 \">\n          \n\n<div id=\"block-3\" class=\"col wp-block-yellowtree-column col-12 d-flex flex-column with-streched-height-children align-items-stretch align-items-md-stretch\">\n  <h1 id=\"block-1\" class=\"mt-6 h1 display-1 text-center\">\n  ALPHA-KURS<\/h1>\n\n<h2 id=\"block-2\" class=\"h2 text-center\" style=\"margin-top:0;margin-bottom:0\">\n  DER WAHRHEIT AUF DER SPUR<\/h2><\/div>\n        <\/div>\n          <\/div>\n<\/div>\n\n<div id=\"block-11\" class=\"pt-2 pb-2 alignfull is-layout-constrained\">\n  <div>\n            <div class=\"row gx-4 gy-4 \">\n          \n\n<div id=\"block-6\" class=\"col wp-block-yellowtree-column col-12 col-md-6 d-flex flex-column with-streched-height-children align-items-stretch align-items-md-stretch\">\n  <div class=\"mw-100\">\n      <figure id=\"block-5\">\n      <div class=\"img-wrap\" style=\"max-width:100%\">\n        <img decoding=\"async\" src=\"https:\/\/icf.church\/rheinneckar\/wp-content\/uploads\/sites\/147\/2026\/07\/alpha-kurs-formate-fullhd-titel-1024x576.jpg\" alt=\"\" loading=\"lazy\" title=\"\" class=\"img-fluid w-100 h-100 rounded object-fit-cover\" style=\"object-position: center center\">\n      <\/div>\n          <\/figure>\n    <\/div><\/div>\n\n\n<div id=\"block-10\" class=\"col wp-block-yellowtree-column col-12 col-md-6 d-flex flex-column with-streched-height-children align-items-stretch align-items-md-stretch\">\n  <p id=\"block-7\" class=\"text-start wp-block-paragraph\">\n  Hier kannst du den christlichen Glauben in entspannter Atmosph\u00e4re entdecken. Bei jedem Treffen werden Fragen rund um das Leben und den christlichen Glauben thematisiert.<\/p>\n\n<p id=\"block-8\" class=\"text-start wp-block-paragraph\">\n  Falls du dir noch unsicher bist, ob der Alpha Kurs etwas f\u00fcr dich ist, kannst du gerne am ersten Abend zum Schnuppern kommen. Im Anschluss daran bauen alle Abende aufeinander auf.<\/p>\n\n<p id=\"block-9\" class=\"text-start wp-block-paragraph\">\n  <strong>Jeder Abend besteht aus drei Elementen:<\/strong><br>1. Gemeinsames Ankommen<br>2. Vortrag<br>3. Diskussion in der Kleingruppe<\/p><\/div>\n        <\/div>\n          <\/div>\n<\/div>\n\n<div id=\"block-20\" class=\"pt-2 pb-2 alignfull is-layout-constrained\">\n  <div>\n            <div class=\"row gx-4 gy-4 \">\n          \n\n<div id=\"block-15\" class=\"col wp-block-yellowtree-column col-12 col-md-6 d-flex flex-column with-streched-height-children align-items-stretch align-items-md-stretch\">\n  <div class=\"has-context-height\">\n  <article id=\"block-14\" data-bs-theme=\"dark\" class=\"wp-block-yellowtree-container-card card has-context-height\">\n    <div class=\"card-body\">\n      <h3 id=\"block-12\" class=\"h3 text-start\">\n  F\u00dcR WEN IST ALPHA?<\/h3>\n\n<p id=\"block-13\" class=\"fs-sm text-start wp-block-paragraph\">\n  Alpha ist f\u00fcr alle, besonders f\u00fcr Menschen, die gerne mehr \u00fcber Gott und den Glauben wissen m\u00f6chten. Menschen mit kritischer Einstellung zur Kirche, die aber am Glauben interessiert sind. Menschen, die neu in der Gemeinde sind oder die Grundlagen des christlichen Glaubens auffrischen wollen. F\u00fcr Menschen, die glauben, dass es noch mehr im Leben geben muss.<\/p>    <\/div>\n  <\/article>\n<\/div><\/div>\n\n\n<div id=\"block-19\" class=\"col wp-block-yellowtree-column col-12 col-md-6 d-flex flex-column with-streched-height-children align-items-stretch align-items-md-stretch\">\n  <div class=\"has-context-height\">\n  <article id=\"block-18\" data-bs-theme=\"dark\" class=\"wp-block-yellowtree-container-card card has-context-height\">\n    <div class=\"card-body\">\n      <h3 id=\"block-16\" class=\"h3 text-start\">\n  THEMEN<\/h3>\n\n<p id=\"block-17\" class=\"fs-sm text-start wp-block-paragraph\">\n  Abend 1 |&nbsp;Christsein \u2013 unwichtig, unwahr, unattraktiv?<br>Abend 2 |&nbsp;Wer ist Jesus?<br>Abend 3 |&nbsp;Warum starb Jesus?<br>Abend 4 | Kann ich der Bibel vertrauen?<br>Abend 5 |&nbsp;Christ werden, was bedeutet das?<br>Abend 6 |&nbsp;Gebet \u2013 h\u00f6rt da wirklich jemand zu?<br>Abend 7 |&nbsp;Heilt Gott heute noch?<br>Abend 8 |&nbsp;Warum l\u00e4sst Gott das zu?<br>Abend 9 |&nbsp;Was kommt nach dem Tod?<br>Abend 10 |&nbsp;Abschluss<br>Alpha Wochenende<br><\/p>    <\/div>\n  <\/article>\n<\/div><\/div>\n        <\/div>\n          <\/div>\n<\/div>\n\n<div id=\"block-31\" class=\"pt-2 pb-2 alignfull is-layout-constrained\">\n  <div>\n            <div class=\"row gx-4 gy-4 \">\n          \n\n<div id=\"block-24\" class=\"col wp-block-yellowtree-column col-12 col-md-6 d-flex flex-column with-streched-height-children align-items-stretch align-items-md-stretch\">\n  <div class=\"has-context-height\">\n  <article id=\"block-23\" data-bs-theme=\"dark\" class=\"wp-block-yellowtree-container-card card has-context-height\">\n    <div class=\"card-body\">\n      <h3 id=\"block-21\" class=\"h3 text-start\">\n  Allgemeine Informationen<\/h3>\n\n<p id=\"block-22\" class=\"fs-sm text-start wp-block-paragraph\">\n  <strong>Wochentag:<\/strong> mittwochs<br><strong>Uhrzeit:<\/strong> 19 :00 Uhr&nbsp;<br><strong>Ort:<\/strong> ICF Kraichgau<br><strong>Kontakt f\u00fcr R\u00fcckfragen:<\/strong> office@icf-kraichgau.de<br><strong>Leitung:<\/strong> Lindsay Ladig mit Team<\/p>    <\/div>\n  <\/article>\n<\/div><\/div>\n\n\n<div id=\"block-30\" class=\"col wp-block-yellowtree-column col-12 col-md-6 d-flex flex-column with-streched-height-children align-items-stretch align-items-md-stretch\">\n  <div class=\"has-context-height\">\n  <article id=\"block-29\" data-bs-theme=\"dark\" class=\"wp-block-yellowtree-container-card card has-context-height\">\n    <div class=\"card-body\">\n      <h3 id=\"block-25\" class=\"h3 text-start\">\n  N\u00e4chster Alpha-Kurs<\/h3>\n\n<p id=\"block-26\" class=\"fs-sm text-start wp-block-paragraph\">\n  <strong class=\"myprefix-text-bold\">Dauer: <\/strong>9 Abende + 1 Wochenende<br><strong class=\"myprefix-text-bold\">Kurs-Start:<\/strong> 07. Oktober 2026<br><strong class=\"myprefix-text-bold\">weitere Termine:<\/strong> 14.10. | 21.10. | 28.10. | 04.11. | 11.11. | 13.+14.11. | 18.11. | 25.11. | 02.12.<\/p>\n\n<p id=\"block-27\" class=\"fs-base text-start wp-block-paragraph\">\n  <\/p>\n\n\n  <div>\n    <a id=\"block-28\" href=\"https:\/\/icf-karlsruhe.church.tools\/publicgroup\/10619\" rel=\"\" target=\"_blank\" class=\"wp-block-yellowtree-button-link btn btn-default\">\n      <span>Anmeldung<\/span>\n          <\/a>\n  <\/div>    <\/div>\n  <\/article>\n<\/div><\/div>\n        <\/div>\n          <\/div>\n<\/div>\n\n<div id=\"block-35\" class=\"pt-2 pb-2 alignfull is-layout-constrained\">\n  <div>\n            <div class=\"row gx-4 gy-4 \">\n          \n\n<div id=\"block-34\" class=\"col wp-block-yellowtree-column col-12 d-flex flex-column with-streched-height-children align-items-stretch align-items-md-stretch\">\n  <h2 id=\"block-32\" class=\"mt-4 h2 text-center\">\n  TERMINE UND ANMELDUNG<\/h2>\n\n<div class=\"events-list\" data-events-list-config=\"{&quot;appId&quot;:&quot;ILU203NJSX&quot;,&quot;apiKey&quot;:&quot;ODI2NmRiMmIxNTY1MTQxODM4YTYxOTk2ZDRiNjg3ZGM0ZTRlYWJiZWY1OTRiMzI3MGNjOGYwMTNkZGUzMzZhN2ZpbHRlcnM9JTI4dmlzaWJsZUZvck9yZ2FuaXphdGlvbiUzQTI0OCtPUit2aXNpYmxlRm9yUmVnaW9uJTNBOCtPUit2aXNpYmxlRm9yRGVub21pbmF0aW9uJTNBMSUyOStBTkQrc3RhdHVzJTNBcHVibGlzaGVkJnJlc3RyaWN0SW5kaWNlcz1ldmVudHM=&quot;,&quot;baseUrl&quot;:&quot;https:\\\/\\\/icf.church\\\/kraichgau\\\/de\\\/angebote\\\/&quot;,&quot;baseUrls&quot;:{&quot;de&quot;:&quot;https:\\\/\\\/icf.church\\\/kraichgau\\\/de\\\/angebote\\\/&quot;,&quot;en&quot;:&quot;https:\\\/\\\/icf.church\\\/kraichgau\\\/en\\\/events\\\/&quot;},&quot;postsPerPage&quot;:10,&quot;indexName&quot;:&quot;events&quot;,&quot;contactUrl&quot;:&quot;https:\\\/\\\/icf.church\\\/kraichgau\\\/de\\\/kontakt\\\/&quot;,&quot;icons&quot;:{&quot;Finde Anschluss&quot;:&quot;fa-handshake-simple&quot;,&quot;Pre-Teens&quot;:&quot;fa-gamepad-modern&quot;,&quot;Teens&quot;:&quot;fa-gamepad-modern&quot;,&quot;Youth&quot;:&quot;fa-party-horn&quot;,&quot;Sunday Night&quot;:&quot;fa-hand-peace&quot;,&quot;Kids&quot;:&quot;fa-children&quot;,&quot;Ladies&quot;:&quot;fa-person-dress&quot;,&quot;Men&quot;:&quot;fa-person&quot;,&quot;Evergreen&quot;:&quot;fa-tree-deciduous&quot;,&quot;ICF Movement&quot;:&quot;fa-hand-peace&quot;,&quot;Conferences&quot;:&quot;fa-party-horn&quot;},&quot;imgixSrcUrl&quot;:&quot;https:\\\/\\\/website-prod-space-01.fra1.digitaloceanspaces.com&quot;,&quot;imgixTargetUrl&quot;:&quot;https:\\\/\\\/icf-hub-new.imgix.net&quot;,&quot;siteUrl&quot;:&quot;https:\\\/\\\/icf.church\\\/kraichgau&quot;,&quot;organisationId&quot;:&quot;kraichgau&quot;,&quot;typePreFilter&quot;:&quot;offers&quot;,&quot;filterLayout&quot;:&quot;without_filters_and_search&quot;}\">\n<\/div><\/div>\n        <\/div>\n          <\/div>\n<\/div>","protected":false},"excerpt":{"rendered":"","protected":false},"author":233,"featured_media":0,"parent":0,"menu_order":12,"comment_status":"closed","ping_status":"closed","template":"","meta":{"_acf_changed":false,"_seopress_titles_title":"","_seopress_titles_desc":"","_seopress_robots_index":"","_seopress_robots_follow":"","_seopress_robots_imageindex":"","_seopress_robots_snippet":"","_seopress_robots_primary_cat":"","_seopress_robots_breadcrumbs":"","_seopress_robots_freeze_modified_date":"","_seopress_robots_custom_modified_date":"","_seopress_robots_canonical":"","_seopress_social_fb_title":"","_seopress_social_fb_desc":"","_seopress_social_fb_img":"","_seopress_social_fb_img_attachment_id":0,"_seopress_social_fb_img_width":0,"_seopress_social_fb_img_height":0,"_seopress_social_twitter_title":"","_seopress_social_twitter_desc":"","_seopress_social_twitter_img":"","_seopress_social_twitter_img_attachment_id":0,"_seopress_social_twitter_img_width":0,"_seopress_social_twitter_img_height":0,"_seopress_redirections_value":"","_seopress_redirections_enabled":"","_seopress_redirections_enabled_regex":"","_seopress_redirections_logged_status":"","_seopress_redirections_param":"","_seopress_redirections_type":0,"_seopress_analysis_target_kw":"","_seopress_news_disabled":"","_seopress_video_disabled":"","_seopress_video":[],"_seopress_pro_schemas_manual":[],"_seopress_pro_rich_snippets_disable_all":"","_seopress_pro_rich_snippets_disable":[],"_seopress_pro_schemas":[],"yt_custom_styles_scss":"","yt_custom_styles_rounded_corners":false,"yt_custom_styles_color_scheme":"","footnotes":""},"class_list":["post-1271","page","type-page","status-publish","hentry"],"acf":[],"_links":{"self":[{"href":"https:\/\/icf.church\/kraichgau\/de\/wp-json\/wp\/v2\/pages\/1271","targetHints":{"allow":["GET"]}}],"collection":[{"href":"https:\/\/icf.church\/kraichgau\/de\/wp-json\/wp\/v2\/pages"}],"about":[{"href":"https:\/\/icf.church\/kraichgau\/de\/wp-json\/wp\/v2\/types\/page"}],"author":[{"embeddable":true,"href":"https:\/\/icf.church\/kraichgau\/de\/wp-json\/wp\/v2\/users\/233"}],"replies":[{"embeddable":true,"href":"https:\/\/icf.church\/kraichgau\/de\/wp-json\/wp\/v2\/comments?post=1271"}],"version-history":[{"count":11,"href":"https:\/\/icf.church\/kraichgau\/de\/wp-json\/wp\/v2\/pages\/1271\/revisions"}],"predecessor-version":[{"id":1301,"href":"https:\/\/icf.church\/kraichgau\/de\/wp-json\/wp\/v2\/pages\/1271\/revisions\/1301"}],"wp:attachment":[{"href":"https:\/\/icf.church\/kraichgau\/de\/wp-json\/wp\/v2\/media?parent=1271"}],"curies":[{"name":"wp","href":"https:\/\/api.w.org\/{rel}","templated":true}]}}

<div id="block-4" class="pt-2 pb-2 alignfull is-layout-constrained">
  <div>
            <div class="row gx-4 gy-4 ">
          

<div id="block-3" class="col wp-block-yellowtree-column col-12 d-flex flex-column with-streched-height-children align-items-stretch align-items-md-stretch">
  <h1 id="block-1" class="mt-6 h1 display-1 text-center">
  ALPHA-KURS</h1>

<h2 id="block-2" class="h2 text-center" style="margin-top:0;margin-bottom:0">
  DER WAHRHEIT AUF DER SPUR</h2></div>
        </div>
          </div>
</div>

<div id="block-11" class="pt-2 pb-2 alignfull is-layout-constrained">
  <div>
            <div class="row gx-4 gy-4 ">
          

<div id="block-6" class="col wp-block-yellowtree-column col-12 col-md-6 d-flex flex-column with-streched-height-children align-items-stretch align-items-md-stretch">
  <div class="mw-100">
      <figure id="block-5">
      <div class="img-wrap" style="max-width:100%">
        <img decoding="async" src="https://icf.church/rheinneckar/wp-content/uploads/sites/147/2026/07/alpha-kurs-formate-fullhd-titel-1024x576.jpg" alt="" loading="lazy" title="" class="img-fluid w-100 h-100 rounded object-fit-cover" style="object-position: center center">
      </div>
          </figure>
    </div></div>


<div id="block-10" class="col wp-block-yellowtree-column col-12 col-md-6 d-flex flex-column with-streched-height-children align-items-stretch align-items-md-stretch">
  <p id="block-7" class="text-start wp-block-paragraph">
  Hier kannst du den christlichen Glauben in entspannter Atmosphäre entdecken. Bei jedem Treffen werden Fragen rund um das Leben und den christlichen Glauben thematisiert.</p>

<p id="block-8" class="text-start wp-block-paragraph">
  Falls du dir noch unsicher bist, ob der Alpha Kurs etwas für dich ist, kannst du gerne am ersten Abend zum Schnuppern kommen. Im Anschluss daran bauen alle Abende aufeinander auf.</p>

<p id="block-9" class="text-start wp-block-paragraph">
  <strong>Jeder Abend besteht aus drei Elementen:</strong><br>1. Gemeinsames Ankommen<br>2. Vortrag<br>3. Diskussion in der Kleingruppe</p></div>
        </div>
          </div>
</div>

<div id="block-20" class="pt-2 pb-2 alignfull is-layout-constrained">
  <div>
            <div class="row gx-4 gy-4 ">
          

<div id="block-15" class="col wp-block-yellowtree-column col-12 col-md-6 d-flex flex-column with-streched-height-children align-items-stretch align-items-md-stretch">
  <div class="has-context-height">
  <article id="block-14" data-bs-theme="dark" class="wp-block-yellowtree-container-card card has-context-height">
    <div class="card-body">
      <h3 id="block-12" class="h3 text-start">
  FÜR WEN IST ALPHA?</h3>

<p id="block-13" class="fs-sm text-start wp-block-paragraph">
  Alpha ist für alle, besonders für Menschen, die gerne mehr über Gott und den Glauben wissen möchten. Menschen mit kritischer Einstellung zur Kirche, die aber am Glauben interessiert sind. Menschen, die neu in der Gemeinde sind oder die Grundlagen des christlichen Glaubens auffrischen wollen. Für Menschen, die glauben, dass es noch mehr im Leben geben muss.</p>    </div>
  </article>
</div></div>


<div id="block-19" class="col wp-block-yellowtree-column col-12 col-md-6 d-flex flex-column with-streched-height-children align-items-stretch align-items-md-stretch">
  <div class="has-context-height">
  <article id="block-18" data-bs-theme="dark" class="wp-block-yellowtree-container-card card has-context-height">
    <div class="card-body">
      <h3 id="block-16" class="h3 text-start">
  THEMEN</h3>

<p id="block-17" class="fs-sm text-start wp-block-paragraph">
  Abend 1 |&nbsp;Christsein – unwichtig, unwahr, unattraktiv?<br>Abend 2 |&nbsp;Wer ist Jesus?<br>Abend 3 |&nbsp;Warum starb Jesus?<br>Abend 4 | Kann ich der Bibel vertrauen?<br>Abend 5 |&nbsp;Christ werden, was bedeutet das?<br>Abend 6 |&nbsp;Gebet – hört da wirklich jemand zu?<br>Abend 7 |&nbsp;Heilt Gott heute noch?<br>Abend 8 |&nbsp;Warum lässt Gott das zu?<br>Abend 9 |&nbsp;Was kommt nach dem Tod?<br>Abend 10 |&nbsp;Abschluss<br>Alpha Wochenende<br></p>    </div>
  </article>
</div></div>
        </div>
          </div>
</div>

<div id="block-31" class="pt-2 pb-2 alignfull is-layout-constrained">
  <div>
            <div class="row gx-4 gy-4 ">
          

<div id="block-24" class="col wp-block-yellowtree-column col-12 col-md-6 d-flex flex-column with-streched-height-children align-items-stretch align-items-md-stretch">
  <div class="has-context-height">
  <article id="block-23" data-bs-theme="dark" class="wp-block-yellowtree-container-card card has-context-height">
    <div class="card-body">
      <h3 id="block-21" class="h3 text-start">
  Allgemeine Informationen</h3>

<p id="block-22" class="fs-sm text-start wp-block-paragraph">
  <strong>Wochentag:</strong> mittwochs<br><strong>Uhrzeit:</strong> 19 :00 Uhr&nbsp;<br><strong>Ort:</strong> ICF Kraichgau<br><strong>Kontakt für Rückfragen:</strong> office@icf-kraichgau.de<br><strong>Leitung:</strong> Lindsay Ladig mit Team</p>    </div>
  </article>
</div></div>


<div id="block-30" class="col wp-block-yellowtree-column col-12 col-md-6 d-flex flex-column with-streched-height-children align-items-stretch align-items-md-stretch">
  <div class="has-context-height">
  <article id="block-29" data-bs-theme="dark" class="wp-block-yellowtree-container-card card has-context-height">
    <div class="card-body">
      <h3 id="block-25" class="h3 text-start">
  Nächster Alpha-Kurs</h3>

<p id="block-26" class="fs-sm text-start wp-block-paragraph">
  <strong class="myprefix-text-bold">Dauer: </strong>9 Abende + 1 Wochenende<br><strong class="myprefix-text-bold">Kurs-Start:</strong> 07. Oktober 2026<br><strong class="myprefix-text-bold">weitere Termine:</strong> 14.10. | 21.10. | 28.10. | 04.11. | 11.11. | 13.+14.11. | 18.11. | 25.11. | 02.12.</p>

<p id="block-27" class="fs-base text-start wp-block-paragraph">
  </p>


  <div>
    <a id="block-28" href="https://icf-karlsruhe.church.tools/publicgroup/10619" rel="" target="_blank" class="wp-block-yellowtree-button-link btn btn-default">
      <span>Anmeldung</span>
          </a>
  </div>    </div>
  </article>
</div></div>
        </div>
          </div>
</div>

<div id="block-35" class="pt-2 pb-2 alignfull is-layout-constrained">
  <div>
            <div class="row gx-4 gy-4 ">
          

<div id="block-34" class="col wp-block-yellowtree-column col-12 d-flex flex-column with-streched-height-children align-items-stretch align-items-md-stretch">
  <h2 id="block-32" class="mt-4 h2 text-center">
  TERMINE UND ANMELDUNG</h2>

<div class="events-list" data-events-list-config="{&quot;appId&quot;:&quot;ILU203NJSX&quot;,&quot;apiKey&quot;:&quot;ODI2NmRiMmIxNTY1MTQxODM4YTYxOTk2ZDRiNjg3ZGM0ZTRlYWJiZWY1OTRiMzI3MGNjOGYwMTNkZGUzMzZhN2ZpbHRlcnM9JTI4dmlzaWJsZUZvck9yZ2FuaXphdGlvbiUzQTI0OCtPUit2aXNpYmxlRm9yUmVnaW9uJTNBOCtPUit2aXNpYmxlRm9yRGVub21pbmF0aW9uJTNBMSUyOStBTkQrc3RhdHVzJTNBcHVibGlzaGVkJnJlc3RyaWN0SW5kaWNlcz1ldmVudHM=&quot;,&quot;baseUrl&quot;:&quot;https:\/\/icf.church\/kraichgau\/de\/angebote\/&quot;,&quot;baseUrls&quot;:{&quot;de&quot;:&quot;https:\/\/icf.church\/kraichgau\/de\/angebote\/&quot;,&quot;en&quot;:&quot;https:\/\/icf.church\/kraichgau\/en\/events\/&quot;},&quot;postsPerPage&quot;:10,&quot;indexName&quot;:&quot;events&quot;,&quot;contactUrl&quot;:&quot;https:\/\/icf.church\/kraichgau\/de\/kontakt\/&quot;,&quot;icons&quot;:{&quot;Finde Anschluss&quot;:&quot;fa-handshake-simple&quot;,&quot;Pre-Teens&quot;:&quot;fa-gamepad-modern&quot;,&quot;Teens&quot;:&quot;fa-gamepad-modern&quot;,&quot;Youth&quot;:&quot;fa-party-horn&quot;,&quot;Sunday Night&quot;:&quot;fa-hand-peace&quot;,&quot;Kids&quot;:&quot;fa-children&quot;,&quot;Ladies&quot;:&quot;fa-person-dress&quot;,&quot;Men&quot;:&quot;fa-person&quot;,&quot;Evergreen&quot;:&quot;fa-tree-deciduous&quot;,&quot;ICF Movement&quot;:&quot;fa-hand-peace&quot;,&quot;Conferences&quot;:&quot;fa-party-horn&quot;},&quot;imgixSrcUrl&quot;:&quot;https:\/\/website-prod-space-01.fra1.digitaloceanspaces.com&quot;,&quot;imgixTargetUrl&quot;:&quot;https:\/\/icf-hub-new.imgix.net&quot;,&quot;siteUrl&quot;:&quot;https:\/\/icf.church\/kraichgau&quot;,&quot;organisationId&quot;:&quot;kraichgau&quot;,&quot;typePreFilter&quot;:&quot;offers&quot;,&quot;filterLayout&quot;:&quot;without_filters_and_search&quot;}">
</div></div>
        </div>
          </div>
</div>
