{"id":1293,"date":"2026-08-19T11:45:56","date_gmt":"2026-08-19T09:45:56","guid":{"rendered":"https:\/\/new.icf.church\/kraichgau\/?page_id=1293"},"modified":"2026-08-19T11:54:39","modified_gmt":"2026-08-19T09:54:39","slug":"impact","status":"publish","type":"page","link":"https:\/\/icf.church\/kraichgau\/de\/impact\/","title":{"rendered":"IMPACT"},"content":{"rendered":"<div id=\"block-4\" class=\"pt-2 pb-2 alignfull is-layout-constrained\">\n  <div>\n            <div class=\"row gx-4 gy-4 \">\n          \n\n<div id=\"block-3\" class=\"col wp-block-yellowtree-column col-12 d-flex flex-column with-streched-height-children align-items-stretch align-items-md-stretch\">\n  <h1 id=\"block-1\" class=\"mt-6 h1 display-1 text-center\">\n  IMPACT<\/h1>\n\n<h2 id=\"block-2\" class=\"h2 text-center\" style=\"margin-top:0;margin-bottom:0\">\n  JESUS \u00c4HNLICHER WERDEN<\/h2><\/div>\n        <\/div>\n          <\/div>\n<\/div>\n\n<div id=\"block-10\" class=\"pt-2 pb-2 alignfull is-layout-constrained\">\n  <div>\n            <div class=\"row gx-4 gy-4 \">\n          \n\n<div id=\"block-6\" class=\"col wp-block-yellowtree-column col-12 col-md-6 d-flex flex-column with-streched-height-children align-items-stretch align-items-md-stretch\">\n  <div class=\"mw-100\">\n      <figure id=\"block-5\">\n      <div class=\"img-wrap\" style=\"max-width:100%\">\n        <img decoding=\"async\" src=\"https:\/\/icf.church\/kraichgau\/wp-content\/uploads\/sites\/145\/2026\/08\/impact-ka-fullhd-titel-jan25-1024x576.jpg\" alt=\"\" loading=\"lazy\" title=\"\" class=\"img-fluid w-100 h-100 rounded object-fit-cover\" style=\"object-position: center center\">\n      <\/div>\n          <\/figure>\n    <\/div><\/div>\n\n\n<div id=\"block-9\" class=\"col wp-block-yellowtree-column col-12 col-md-6 d-flex flex-column with-streched-height-children align-items-stretch align-items-md-stretch\">\n  <p id=\"block-7\" class=\"text-start wp-block-paragraph\">\n  Die Bibel beschreibt, dass wir bereits jetzt im Reich Gottes leben k\u00f6nnen. Das Reich Gottes funktioniert nach v\u00f6llig anderen Prinzipien als die Welt, die wir gewohnt sind. Der Schl\u00fcssel f\u00fcr ein Leben im Reich Gottes \u2013 ein Leben mit Impact \u2013 ist, die Prinzipien von Gottes Reich zu kennen, zu verstehen und nach ihnen zu leben.<\/p>\n\n<p id=\"block-8\" class=\"text-start wp-block-paragraph\">\n  Gemeinsam, allein oder mit deiner Group \u2013 vor Ort oder online \u2013 entdeckst du, wof\u00fcr du wirklich gemacht bist: Ein Leben, das dich darin trainiert, Verantwortung in Gottes Reich zu \u00fcbernehmen. Ein Leben, das diese Welt nach Gottes Prinzipien mitgestaltet und sein Reich ausbreitet.<\/p><\/div>\n        <\/div>\n          <\/div>\n<\/div>\n\n<div id=\"block-21\" class=\"pt-2 pb-2 alignfull is-layout-constrained\">\n  <div>\n            <div class=\"row gx-4 gy-4 \">\n          \n\n<div id=\"block-14\" class=\"col wp-block-yellowtree-column col-12 col-md-6 d-flex flex-column with-streched-height-children align-items-stretch align-items-md-stretch\">\n  <div class=\"has-context-height\">\n  <article id=\"block-13\" data-bs-theme=\"dark\" class=\"wp-block-yellowtree-container-card card has-context-height\">\n    <div class=\"card-body\">\n      <h3 id=\"block-11\" class=\"h3 text-start\">\n  Allgemeine Informationen<\/h3>\n\n<p id=\"block-12\" class=\"fs-sm text-start wp-block-paragraph\">\n  <strong class=\"myprefix-text-bold\">Zeit:<\/strong> mittwochs | 19:00 Uhr<br><strong class=\"myprefix-text-bold\">Ort:<\/strong> ICF Kraichgau<br><strong class=\"myprefix-text-bold\">Kosten:<\/strong> kostenfrei<br><strong class=\"myprefix-text-bold\">Kontakt:<\/strong> office@icf-kraichgau.de<br><strong class=\"myprefix-text-bold\">Dauer: <\/strong>8 Abende<br><strong class=\"myprefix-text-bold\">Leitung: <\/strong>Maria Kraus mit Team<br><strong class=\"myprefix-text-bold\">Teilnahmevoraussetzung: <\/strong>an EXPLORE teilgenommen<\/p>    <\/div>\n  <\/article>\n<\/div><\/div>\n\n\n<div id=\"block-20\" class=\"col wp-block-yellowtree-column col-12 col-md-6 d-flex flex-column with-streched-height-children align-items-stretch align-items-md-stretch\">\n  <div class=\"has-context-height\">\n  <article id=\"block-19\" data-bs-theme=\"dark\" class=\"wp-block-yellowtree-container-card card has-context-height\">\n    <div class=\"card-body\">\n      <h3 id=\"block-15\" class=\"h3 text-start\">\n  N\u00e4chster IMPACT Kurs<\/h3>\n\n<p id=\"block-16\" class=\"fs-sm text-start wp-block-paragraph\">\n  <strong class=\"myprefix-text-bold\">N\u00e4chster Start:<\/strong> 07. Oktober 2026<br><strong class=\"myprefix-text-bold\">Weitere Termine:<\/strong> 14.10. | 21.10. | Pause in den Herbstferien | 04.11. | 11.11. | 18.11. | 25.11. | 02.12.<\/p>\n\n<p id=\"block-17\" class=\"text-start wp-block-paragraph\">\n  <\/p>\n\n\n  <div>\n    <a id=\"block-18\" href=\"https:\/\/icf-karlsruhe.church.tools\/publicgroup\/10600\" rel=\"\" target=\"_blank\" class=\"wp-block-yellowtree-button-link btn btn-default\">\n      <span>Anmeldung<\/span>\n          <\/a>\n  <\/div>    <\/div>\n  <\/article>\n<\/div><\/div>\n        <\/div>\n          <\/div>\n<\/div>\n\n<div id=\"block-25\" class=\"pt-2 pb-2 alignfull is-layout-constrained\">\n  <div>\n            <div class=\"row gx-4 gy-4 \">\n          \n\n<div id=\"block-24\" class=\"col wp-block-yellowtree-column col-12 d-flex flex-column with-streched-height-children align-items-stretch align-items-md-stretch\">\n  <h2 id=\"block-22\" class=\"mt-4 h2 text-center\">\n  TERMINE UND ANMELDUNG<\/h2>\n\n<div class=\"events-list\" data-events-list-config=\"{&quot;appId&quot;:&quot;ILU203NJSX&quot;,&quot;apiKey&quot;:&quot;ODI2NmRiMmIxNTY1MTQxODM4YTYxOTk2ZDRiNjg3ZGM0ZTRlYWJiZWY1OTRiMzI3MGNjOGYwMTNkZGUzMzZhN2ZpbHRlcnM9JTI4dmlzaWJsZUZvck9yZ2FuaXphdGlvbiUzQTI0OCtPUit2aXNpYmxlRm9yUmVnaW9uJTNBOCtPUit2aXNpYmxlRm9yRGVub21pbmF0aW9uJTNBMSUyOStBTkQrc3RhdHVzJTNBcHVibGlzaGVkJnJlc3RyaWN0SW5kaWNlcz1ldmVudHM=&quot;,&quot;baseUrl&quot;:&quot;https:\\\/\\\/icf.church\\\/kraichgau\\\/de\\\/angebote\\\/&quot;,&quot;baseUrls&quot;:{&quot;de&quot;:&quot;https:\\\/\\\/icf.church\\\/kraichgau\\\/de\\\/angebote\\\/&quot;,&quot;en&quot;:&quot;https:\\\/\\\/icf.church\\\/kraichgau\\\/en\\\/events\\\/&quot;},&quot;postsPerPage&quot;:10,&quot;indexName&quot;:&quot;events&quot;,&quot;contactUrl&quot;:&quot;https:\\\/\\\/icf.church\\\/kraichgau\\\/de\\\/kontakt\\\/&quot;,&quot;icons&quot;:{&quot;Finde Anschluss&quot;:&quot;fa-handshake-simple&quot;,&quot;Pre-Teens&quot;:&quot;fa-gamepad-modern&quot;,&quot;Teens&quot;:&quot;fa-gamepad-modern&quot;,&quot;Youth&quot;:&quot;fa-party-horn&quot;,&quot;Sunday Night&quot;:&quot;fa-hand-peace&quot;,&quot;Kids&quot;:&quot;fa-children&quot;,&quot;Ladies&quot;:&quot;fa-person-dress&quot;,&quot;Men&quot;:&quot;fa-person&quot;,&quot;Evergreen&quot;:&quot;fa-tree-deciduous&quot;,&quot;ICF Movement&quot;:&quot;fa-hand-peace&quot;,&quot;Conferences&quot;:&quot;fa-party-horn&quot;},&quot;imgixSrcUrl&quot;:&quot;https:\\\/\\\/website-prod-space-01.fra1.digitaloceanspaces.com&quot;,&quot;imgixTargetUrl&quot;:&quot;https:\\\/\\\/icf-hub-new.imgix.net&quot;,&quot;siteUrl&quot;:&quot;https:\\\/\\\/icf.church\\\/kraichgau&quot;,&quot;organisationId&quot;:&quot;kraichgau&quot;,&quot;typePreFilter&quot;:&quot;events&quot;,&quot;filterLayout&quot;:&quot;without_filters_and_search&quot;}\">\n<\/div><\/div>\n        <\/div>\n          <\/div>\n<\/div>","protected":false},"excerpt":{"rendered":"","protected":false},"author":233,"featured_media":0,"parent":0,"menu_order":15,"comment_status":"closed","ping_status":"closed","template":"","meta":{"_acf_changed":false,"_seopress_titles_title":"","_seopress_titles_desc":"","_seopress_robots_index":"","_seopress_robots_follow":"","_seopress_robots_imageindex":"","_seopress_robots_snippet":"","_seopress_robots_primary_cat":"","_seopress_robots_breadcrumbs":"","_seopress_robots_freeze_modified_date":"","_seopress_robots_custom_modified_date":"","_seopress_robots_canonical":"","_seopress_social_fb_title":"","_seopress_social_fb_desc":"","_seopress_social_fb_img":"","_seopress_social_fb_img_attachment_id":0,"_seopress_social_fb_img_width":0,"_seopress_social_fb_img_height":0,"_seopress_social_twitter_title":"","_seopress_social_twitter_desc":"","_seopress_social_twitter_img":"","_seopress_social_twitter_img_attachment_id":0,"_seopress_social_twitter_img_width":0,"_seopress_social_twitter_img_height":0,"_seopress_redirections_value":"","_seopress_redirections_enabled":"","_seopress_redirections_enabled_regex":"","_seopress_redirections_logged_status":"","_seopress_redirections_param":"","_seopress_redirections_type":0,"_seopress_analysis_target_kw":"","_seopress_news_disabled":"","_seopress_video_disabled":"","_seopress_video":[],"_seopress_pro_schemas_manual":[],"_seopress_pro_rich_snippets_disable_all":"","_seopress_pro_rich_snippets_disable":[],"_seopress_pro_schemas":[],"yt_custom_styles_scss":"","yt_custom_styles_rounded_corners":false,"yt_custom_styles_color_scheme":"","footnotes":""},"class_list":["post-1293","page","type-page","status-publish","hentry"],"acf":[],"_links":{"self":[{"href":"https:\/\/icf.church\/kraichgau\/de\/wp-json\/wp\/v2\/pages\/1293","targetHints":{"allow":["GET"]}}],"collection":[{"href":"https:\/\/icf.church\/kraichgau\/de\/wp-json\/wp\/v2\/pages"}],"about":[{"href":"https:\/\/icf.church\/kraichgau\/de\/wp-json\/wp\/v2\/types\/page"}],"author":[{"embeddable":true,"href":"https:\/\/icf.church\/kraichgau\/de\/wp-json\/wp\/v2\/users\/233"}],"replies":[{"embeddable":true,"href":"https:\/\/icf.church\/kraichgau\/de\/wp-json\/wp\/v2\/comments?post=1293"}],"version-history":[{"count":9,"href":"https:\/\/icf.church\/kraichgau\/de\/wp-json\/wp\/v2\/pages\/1293\/revisions"}],"predecessor-version":[{"id":1306,"href":"https:\/\/icf.church\/kraichgau\/de\/wp-json\/wp\/v2\/pages\/1293\/revisions\/1306"}],"wp:attachment":[{"href":"https:\/\/icf.church\/kraichgau\/de\/wp-json\/wp\/v2\/media?parent=1293"}],"curies":[{"name":"wp","href":"https:\/\/api.w.org\/{rel}","templated":true}]}}

<div id="block-4" class="pt-2 pb-2 alignfull is-layout-constrained">
  <div>
            <div class="row gx-4 gy-4 ">
          

<div id="block-3" class="col wp-block-yellowtree-column col-12 d-flex flex-column with-streched-height-children align-items-stretch align-items-md-stretch">
  <h1 id="block-1" class="mt-6 h1 display-1 text-center">
  IMPACT</h1>

<h2 id="block-2" class="h2 text-center" style="margin-top:0;margin-bottom:0">
  JESUS ÄHNLICHER WERDEN</h2></div>
        </div>
          </div>
</div>

<div id="block-10" class="pt-2 pb-2 alignfull is-layout-constrained">
  <div>
            <div class="row gx-4 gy-4 ">
          

<div id="block-6" class="col wp-block-yellowtree-column col-12 col-md-6 d-flex flex-column with-streched-height-children align-items-stretch align-items-md-stretch">
  <div class="mw-100">
      <figure id="block-5">
      <div class="img-wrap" style="max-width:100%">
        <img decoding="async" src="https://icf.church/kraichgau/wp-content/uploads/sites/145/2026/08/impact-ka-fullhd-titel-jan25-1024x576.jpg" alt="" loading="lazy" title="" class="img-fluid w-100 h-100 rounded object-fit-cover" style="object-position: center center">
      </div>
          </figure>
    </div></div>


<div id="block-9" class="col wp-block-yellowtree-column col-12 col-md-6 d-flex flex-column with-streched-height-children align-items-stretch align-items-md-stretch">
  <p id="block-7" class="text-start wp-block-paragraph">
  Die Bibel beschreibt, dass wir bereits jetzt im Reich Gottes leben können. Das Reich Gottes funktioniert nach völlig anderen Prinzipien als die Welt, die wir gewohnt sind. Der Schlüssel für ein Leben im Reich Gottes – ein Leben mit Impact – ist, die Prinzipien von Gottes Reich zu kennen, zu verstehen und nach ihnen zu leben.</p>

<p id="block-8" class="text-start wp-block-paragraph">
  Gemeinsam, allein oder mit deiner Group – vor Ort oder online – entdeckst du, wofür du wirklich gemacht bist: Ein Leben, das dich darin trainiert, Verantwortung in Gottes Reich zu übernehmen. Ein Leben, das diese Welt nach Gottes Prinzipien mitgestaltet und sein Reich ausbreitet.</p></div>
        </div>
          </div>
</div>

<div id="block-21" class="pt-2 pb-2 alignfull is-layout-constrained">
  <div>
            <div class="row gx-4 gy-4 ">
          

<div id="block-14" class="col wp-block-yellowtree-column col-12 col-md-6 d-flex flex-column with-streched-height-children align-items-stretch align-items-md-stretch">
  <div class="has-context-height">
  <article id="block-13" data-bs-theme="dark" class="wp-block-yellowtree-container-card card has-context-height">
    <div class="card-body">
      <h3 id="block-11" class="h3 text-start">
  Allgemeine Informationen</h3>

<p id="block-12" class="fs-sm text-start wp-block-paragraph">
  <strong class="myprefix-text-bold">Zeit:</strong> mittwochs | 19:00 Uhr<br><strong class="myprefix-text-bold">Ort:</strong> ICF Kraichgau<br><strong class="myprefix-text-bold">Kosten:</strong> kostenfrei<br><strong class="myprefix-text-bold">Kontakt:</strong> office@icf-kraichgau.de<br><strong class="myprefix-text-bold">Dauer: </strong>8 Abende<br><strong class="myprefix-text-bold">Leitung: </strong>Maria Kraus mit Team<br><strong class="myprefix-text-bold">Teilnahmevoraussetzung: </strong>an EXPLORE teilgenommen</p>    </div>
  </article>
</div></div>


<div id="block-20" class="col wp-block-yellowtree-column col-12 col-md-6 d-flex flex-column with-streched-height-children align-items-stretch align-items-md-stretch">
  <div class="has-context-height">
  <article id="block-19" data-bs-theme="dark" class="wp-block-yellowtree-container-card card has-context-height">
    <div class="card-body">
      <h3 id="block-15" class="h3 text-start">
  Nächster IMPACT Kurs</h3>

<p id="block-16" class="fs-sm text-start wp-block-paragraph">
  <strong class="myprefix-text-bold">Nächster Start:</strong> 07. Oktober 2026<br><strong class="myprefix-text-bold">Weitere Termine:</strong> 14.10. | 21.10. | Pause in den Herbstferien | 04.11. | 11.11. | 18.11. | 25.11. | 02.12.</p>

<p id="block-17" class="text-start wp-block-paragraph">
  </p>


  <div>
    <a id="block-18" href="https://icf-karlsruhe.church.tools/publicgroup/10600" rel="" target="_blank" class="wp-block-yellowtree-button-link btn btn-default">
      <span>Anmeldung</span>
          </a>
  </div>    </div>
  </article>
</div></div>
        </div>
          </div>
</div>

<div id="block-25" class="pt-2 pb-2 alignfull is-layout-constrained">
  <div>
            <div class="row gx-4 gy-4 ">
          

<div id="block-24" class="col wp-block-yellowtree-column col-12 d-flex flex-column with-streched-height-children align-items-stretch align-items-md-stretch">
  <h2 id="block-22" class="mt-4 h2 text-center">
  TERMINE UND ANMELDUNG</h2>

<div class="events-list" data-events-list-config="{&quot;appId&quot;:&quot;ILU203NJSX&quot;,&quot;apiKey&quot;:&quot;ODI2NmRiMmIxNTY1MTQxODM4YTYxOTk2ZDRiNjg3ZGM0ZTRlYWJiZWY1OTRiMzI3MGNjOGYwMTNkZGUzMzZhN2ZpbHRlcnM9JTI4dmlzaWJsZUZvck9yZ2FuaXphdGlvbiUzQTI0OCtPUit2aXNpYmxlRm9yUmVnaW9uJTNBOCtPUit2aXNpYmxlRm9yRGVub21pbmF0aW9uJTNBMSUyOStBTkQrc3RhdHVzJTNBcHVibGlzaGVkJnJlc3RyaWN0SW5kaWNlcz1ldmVudHM=&quot;,&quot;baseUrl&quot;:&quot;https:\/\/icf.church\/kraichgau\/de\/angebote\/&quot;,&quot;baseUrls&quot;:{&quot;de&quot;:&quot;https:\/\/icf.church\/kraichgau\/de\/angebote\/&quot;,&quot;en&quot;:&quot;https:\/\/icf.church\/kraichgau\/en\/events\/&quot;},&quot;postsPerPage&quot;:10,&quot;indexName&quot;:&quot;events&quot;,&quot;contactUrl&quot;:&quot;https:\/\/icf.church\/kraichgau\/de\/kontakt\/&quot;,&quot;icons&quot;:{&quot;Finde Anschluss&quot;:&quot;fa-handshake-simple&quot;,&quot;Pre-Teens&quot;:&quot;fa-gamepad-modern&quot;,&quot;Teens&quot;:&quot;fa-gamepad-modern&quot;,&quot;Youth&quot;:&quot;fa-party-horn&quot;,&quot;Sunday Night&quot;:&quot;fa-hand-peace&quot;,&quot;Kids&quot;:&quot;fa-children&quot;,&quot;Ladies&quot;:&quot;fa-person-dress&quot;,&quot;Men&quot;:&quot;fa-person&quot;,&quot;Evergreen&quot;:&quot;fa-tree-deciduous&quot;,&quot;ICF Movement&quot;:&quot;fa-hand-peace&quot;,&quot;Conferences&quot;:&quot;fa-party-horn&quot;},&quot;imgixSrcUrl&quot;:&quot;https:\/\/website-prod-space-01.fra1.digitaloceanspaces.com&quot;,&quot;imgixTargetUrl&quot;:&quot;https:\/\/icf-hub-new.imgix.net&quot;,&quot;siteUrl&quot;:&quot;https:\/\/icf.church\/kraichgau&quot;,&quot;organisationId&quot;:&quot;kraichgau&quot;,&quot;typePreFilter&quot;:&quot;events&quot;,&quot;filterLayout&quot;:&quot;without_filters_and_search&quot;}">
</div></div>
        </div>
          </div>
</div>
