{"id":1307,"date":"2026-08-19T11:56:36","date_gmt":"2026-08-19T09:56:36","guid":{"rendered":"https:\/\/new.icf.church\/kraichgau\/impact-2\/"},"modified":"2026-08-19T12:00:23","modified_gmt":"2026-08-19T10:00:23","slug":"newcomerabend","status":"publish","type":"page","link":"https:\/\/icf.church\/kraichgau\/de\/newcomerabend\/","title":{"rendered":"Newcomerabend"},"content":{"rendered":"<div id=\"block-4\" class=\"pt-2 pb-2 alignfull is-layout-constrained\">\n  <div>\n            <div class=\"row gx-4 gy-4 \">\n          \n\n<div id=\"block-3\" class=\"col wp-block-yellowtree-column col-12 d-flex flex-column with-streched-height-children align-items-stretch align-items-md-stretch\">\n  <h1 id=\"block-1\" class=\"mt-6 h1 display-1 text-center\">\n  NEWCOMER&shy;ABEND<\/h1>\n\n<h2 id=\"block-2\" class=\"h2 text-center\" style=\"margin-top:0;margin-bottom:0\">\n  WILLKOMMEN IM ICF KRAICHGAU<\/h2><\/div>\n        <\/div>\n          <\/div>\n<\/div>\n\n<div id=\"block-9\" class=\"pt-2 pb-2 alignfull is-layout-constrained\">\n  <div>\n            <div class=\"row gx-4 gy-4 \">\n          \n\n<div id=\"block-6\" class=\"col wp-block-yellowtree-column col-12 col-md-6 d-flex flex-column with-streched-height-children align-items-stretch align-items-md-stretch\">\n  <div class=\"mw-100\">\n      <figure id=\"block-5\">\n      <div class=\"img-wrap\" style=\"max-width:100%\">\n        <img decoding=\"async\" src=\"https:\/\/icf.church\/kraichgau\/wp-content\/uploads\/sites\/145\/2026\/08\/newcomerabend-fullhd-kr-1024x576.jpg\" alt=\"\" loading=\"lazy\" title=\"\" class=\"img-fluid w-100 h-100 rounded object-fit-cover\" style=\"object-position: center center\">\n      <\/div>\n          <\/figure>\n    <\/div><\/div>\n\n\n<div id=\"block-8\" class=\"col wp-block-yellowtree-column col-12 col-md-6 d-flex flex-column with-streched-height-children align-items-stretch align-items-md-stretch\">\n  <p id=\"block-7\" class=\"text-start wp-block-paragraph\">\n  Du bist neu im ICF oder f\u00fchlst Dich mit uns als Kirche verbunden? Du m\u00f6chtest den Herzschlag unserer Kirche n\u00e4her kennen lernen oder herausfinden, wo Dein Platz sein k\u00f6nnte? Dann bist Du genau richtig bei unserem Newcomer Abend vor Ort im ICF Kraichgau! Unser Pastor Tobi Mall erkl\u00e4rt Dir, was uns als Kirche ausmacht, verschiedene Angebote und Bereiche des ICFs werden vorgestellt und es besteht Raum f\u00fcr Begegnung und Fragen. Wir freuen uns auf Dich!<\/p><\/div>\n        <\/div>\n          <\/div>\n<\/div>\n\n<div id=\"block-17\" class=\"pt-2 pb-2 alignfull is-layout-constrained\">\n  <div>\n            <div class=\"row gx-4 gy-4 \">\n          \n\n<div id=\"block-15\" class=\"col wp-block-yellowtree-column col-12 col-md-6 d-flex flex-column with-streched-height-children align-items-stretch align-items-md-stretch\">\n  <div class=\"has-context-height\">\n  <article id=\"block-14\" data-bs-theme=\"dark\" class=\"wp-block-yellowtree-container-card card has-context-height\">\n    <div class=\"card-body\">\n      <h3 id=\"block-10\" class=\"h3 text-start\">\n  N\u00e4chster Newcomerabend<\/h3>\n\n<p id=\"block-11\" class=\"fs-sm text-start wp-block-paragraph\">\n  <strong>Mittwoch, 30. September 2026<\/strong><br>um 19:30 Uhr im ICF Kraichgau<\/p>\n\n<p id=\"block-12\" class=\"text-start wp-block-paragraph\">\n  <\/p>\n\n\n  <div>\n    <a id=\"block-13\" href=\"https:\/\/icf-karlsruhe.church.tools\/publicgroup\/10609\" rel=\"\" target=\"_blank\" class=\"wp-block-yellowtree-button-link btn btn-default\">\n      <span>Anmeldung<\/span>\n          <\/a>\n  <\/div>    <\/div>\n  <\/article>\n<\/div><\/div>\n\n\n<div id=\"block-16\" class=\"col wp-block-yellowtree-column col-12 col-md-6 d-flex flex-column with-streched-height-children align-items-stretch align-items-md-stretch\">\n  <\/div>\n        <\/div>\n          <\/div>\n<\/div>\n\n<div id=\"block-21\" class=\"pt-2 pb-2 alignfull is-layout-constrained\">\n  <div>\n            <div class=\"row gx-4 gy-4 \">\n          \n\n<div id=\"block-20\" class=\"col wp-block-yellowtree-column col-12 d-flex flex-column with-streched-height-children align-items-stretch align-items-md-stretch\">\n  <h2 id=\"block-18\" class=\"mt-4 h2 text-center\">\n  TERMINE UND ANMELDUNG<\/h2>\n\n<div class=\"events-list\" data-events-list-config=\"{&quot;appId&quot;:&quot;ILU203NJSX&quot;,&quot;apiKey&quot;:&quot;ODI2NmRiMmIxNTY1MTQxODM4YTYxOTk2ZDRiNjg3ZGM0ZTRlYWJiZWY1OTRiMzI3MGNjOGYwMTNkZGUzMzZhN2ZpbHRlcnM9JTI4dmlzaWJsZUZvck9yZ2FuaXphdGlvbiUzQTI0OCtPUit2aXNpYmxlRm9yUmVnaW9uJTNBOCtPUit2aXNpYmxlRm9yRGVub21pbmF0aW9uJTNBMSUyOStBTkQrc3RhdHVzJTNBcHVibGlzaGVkJnJlc3RyaWN0SW5kaWNlcz1ldmVudHM=&quot;,&quot;baseUrl&quot;:&quot;https:\\\/\\\/icf.church\\\/kraichgau\\\/de\\\/angebote\\\/&quot;,&quot;baseUrls&quot;:{&quot;de&quot;:&quot;https:\\\/\\\/icf.church\\\/kraichgau\\\/de\\\/angebote\\\/&quot;,&quot;en&quot;:&quot;https:\\\/\\\/icf.church\\\/kraichgau\\\/en\\\/events\\\/&quot;},&quot;postsPerPage&quot;:10,&quot;indexName&quot;:&quot;events&quot;,&quot;contactUrl&quot;:&quot;https:\\\/\\\/icf.church\\\/kraichgau\\\/de\\\/kontakt\\\/&quot;,&quot;icons&quot;:{&quot;Finde Anschluss&quot;:&quot;fa-handshake-simple&quot;,&quot;Pre-Teens&quot;:&quot;fa-gamepad-modern&quot;,&quot;Teens&quot;:&quot;fa-gamepad-modern&quot;,&quot;Youth&quot;:&quot;fa-party-horn&quot;,&quot;Sunday Night&quot;:&quot;fa-hand-peace&quot;,&quot;Kids&quot;:&quot;fa-children&quot;,&quot;Ladies&quot;:&quot;fa-person-dress&quot;,&quot;Men&quot;:&quot;fa-person&quot;,&quot;Evergreen&quot;:&quot;fa-tree-deciduous&quot;,&quot;ICF Movement&quot;:&quot;fa-hand-peace&quot;,&quot;Conferences&quot;:&quot;fa-party-horn&quot;},&quot;imgixSrcUrl&quot;:&quot;https:\\\/\\\/website-prod-space-01.fra1.digitaloceanspaces.com&quot;,&quot;imgixTargetUrl&quot;:&quot;https:\\\/\\\/icf-hub-new.imgix.net&quot;,&quot;siteUrl&quot;:&quot;https:\\\/\\\/icf.church\\\/kraichgau&quot;,&quot;organisationId&quot;:&quot;kraichgau&quot;,&quot;typePreFilter&quot;:&quot;events&quot;,&quot;filterLayout&quot;:&quot;without_filters_and_search&quot;}\">\n<\/div><\/div>\n        <\/div>\n          <\/div>\n<\/div>","protected":false},"excerpt":{"rendered":"","protected":false},"author":233,"featured_media":0,"parent":0,"menu_order":16,"comment_status":"closed","ping_status":"closed","template":"","meta":{"_acf_changed":false,"_seopress_titles_title":"","_seopress_titles_desc":"","_seopress_robots_index":"","_seopress_robots_follow":"","_seopress_robots_imageindex":"","_seopress_robots_snippet":"","_seopress_robots_primary_cat":"","_seopress_robots_breadcrumbs":"","_seopress_robots_freeze_modified_date":"","_seopress_robots_custom_modified_date":"","_seopress_robots_canonical":"","_seopress_social_fb_title":"","_seopress_social_fb_desc":"","_seopress_social_fb_img":"","_seopress_social_fb_img_attachment_id":0,"_seopress_social_fb_img_width":0,"_seopress_social_fb_img_height":0,"_seopress_social_twitter_title":"","_seopress_social_twitter_desc":"","_seopress_social_twitter_img":"","_seopress_social_twitter_img_attachment_id":0,"_seopress_social_twitter_img_width":0,"_seopress_social_twitter_img_height":0,"_seopress_redirections_value":"","_seopress_redirections_enabled":"","_seopress_redirections_enabled_regex":"","_seopress_redirections_logged_status":"","_seopress_redirections_param":"","_seopress_redirections_type":0,"_seopress_analysis_target_kw":"","_seopress_news_disabled":"","_seopress_video_disabled":"","_seopress_video":[],"_seopress_pro_schemas_manual":[],"_seopress_pro_rich_snippets_disable_all":"","_seopress_pro_rich_snippets_disable":[],"_seopress_pro_schemas":[],"yt_custom_styles_scss":"","yt_custom_styles_rounded_corners":false,"yt_custom_styles_color_scheme":"","footnotes":""},"class_list":["post-1307","page","type-page","status-publish","hentry"],"acf":[],"_links":{"self":[{"href":"https:\/\/icf.church\/kraichgau\/de\/wp-json\/wp\/v2\/pages\/1307","targetHints":{"allow":["GET"]}}],"collection":[{"href":"https:\/\/icf.church\/kraichgau\/de\/wp-json\/wp\/v2\/pages"}],"about":[{"href":"https:\/\/icf.church\/kraichgau\/de\/wp-json\/wp\/v2\/types\/page"}],"author":[{"embeddable":true,"href":"https:\/\/icf.church\/kraichgau\/de\/wp-json\/wp\/v2\/users\/233"}],"replies":[{"embeddable":true,"href":"https:\/\/icf.church\/kraichgau\/de\/wp-json\/wp\/v2\/comments?post=1307"}],"version-history":[{"count":3,"href":"https:\/\/icf.church\/kraichgau\/de\/wp-json\/wp\/v2\/pages\/1307\/revisions"}],"predecessor-version":[{"id":1311,"href":"https:\/\/icf.church\/kraichgau\/de\/wp-json\/wp\/v2\/pages\/1307\/revisions\/1311"}],"wp:attachment":[{"href":"https:\/\/icf.church\/kraichgau\/de\/wp-json\/wp\/v2\/media?parent=1307"}],"curies":[{"name":"wp","href":"https:\/\/api.w.org\/{rel}","templated":true}]}}

<div id="block-4" class="pt-2 pb-2 alignfull is-layout-constrained">
  <div>
            <div class="row gx-4 gy-4 ">
          

<div id="block-3" class="col wp-block-yellowtree-column col-12 d-flex flex-column with-streched-height-children align-items-stretch align-items-md-stretch">
  <h1 id="block-1" class="mt-6 h1 display-1 text-center">
  NEWCOMER&shy;ABEND</h1>

<h2 id="block-2" class="h2 text-center" style="margin-top:0;margin-bottom:0">
  WILLKOMMEN IM ICF KRAICHGAU</h2></div>
        </div>
          </div>
</div>

<div id="block-9" class="pt-2 pb-2 alignfull is-layout-constrained">
  <div>
            <div class="row gx-4 gy-4 ">
          

<div id="block-6" class="col wp-block-yellowtree-column col-12 col-md-6 d-flex flex-column with-streched-height-children align-items-stretch align-items-md-stretch">
  <div class="mw-100">
      <figure id="block-5">
      <div class="img-wrap" style="max-width:100%">
        <img decoding="async" src="https://icf.church/kraichgau/wp-content/uploads/sites/145/2026/08/newcomerabend-fullhd-kr-1024x576.jpg" alt="" loading="lazy" title="" class="img-fluid w-100 h-100 rounded object-fit-cover" style="object-position: center center">
      </div>
          </figure>
    </div></div>


<div id="block-8" class="col wp-block-yellowtree-column col-12 col-md-6 d-flex flex-column with-streched-height-children align-items-stretch align-items-md-stretch">
  <p id="block-7" class="text-start wp-block-paragraph">
  Du bist neu im ICF oder fühlst Dich mit uns als Kirche verbunden? Du möchtest den Herzschlag unserer Kirche näher kennen lernen oder herausfinden, wo Dein Platz sein könnte? Dann bist Du genau richtig bei unserem Newcomer Abend vor Ort im ICF Kraichgau! Unser Pastor Tobi Mall erklärt Dir, was uns als Kirche ausmacht, verschiedene Angebote und Bereiche des ICFs werden vorgestellt und es besteht Raum für Begegnung und Fragen. Wir freuen uns auf Dich!</p></div>
        </div>
          </div>
</div>

<div id="block-17" class="pt-2 pb-2 alignfull is-layout-constrained">
  <div>
            <div class="row gx-4 gy-4 ">
          

<div id="block-15" class="col wp-block-yellowtree-column col-12 col-md-6 d-flex flex-column with-streched-height-children align-items-stretch align-items-md-stretch">
  <div class="has-context-height">
  <article id="block-14" data-bs-theme="dark" class="wp-block-yellowtree-container-card card has-context-height">
    <div class="card-body">
      <h3 id="block-10" class="h3 text-start">
  Nächster Newcomerabend</h3>

<p id="block-11" class="fs-sm text-start wp-block-paragraph">
  <strong>Mittwoch, 30. September 2026</strong><br>um 19:30 Uhr im ICF Kraichgau</p>

<p id="block-12" class="text-start wp-block-paragraph">
  </p>


  <div>
    <a id="block-13" href="https://icf-karlsruhe.church.tools/publicgroup/10609" rel="" target="_blank" class="wp-block-yellowtree-button-link btn btn-default">
      <span>Anmeldung</span>
          </a>
  </div>    </div>
  </article>
</div></div>


<div id="block-16" class="col wp-block-yellowtree-column col-12 col-md-6 d-flex flex-column with-streched-height-children align-items-stretch align-items-md-stretch">
  </div>
        </div>
          </div>
</div>

<div id="block-21" class="pt-2 pb-2 alignfull is-layout-constrained">
  <div>
            <div class="row gx-4 gy-4 ">
          

<div id="block-20" class="col wp-block-yellowtree-column col-12 d-flex flex-column with-streched-height-children align-items-stretch align-items-md-stretch">
  <h2 id="block-18" class="mt-4 h2 text-center">
  TERMINE UND ANMELDUNG</h2>

<div class="events-list" data-events-list-config="{&quot;appId&quot;:&quot;ILU203NJSX&quot;,&quot;apiKey&quot;:&quot;ODI2NmRiMmIxNTY1MTQxODM4YTYxOTk2ZDRiNjg3ZGM0ZTRlYWJiZWY1OTRiMzI3MGNjOGYwMTNkZGUzMzZhN2ZpbHRlcnM9JTI4dmlzaWJsZUZvck9yZ2FuaXphdGlvbiUzQTI0OCtPUit2aXNpYmxlRm9yUmVnaW9uJTNBOCtPUit2aXNpYmxlRm9yRGVub21pbmF0aW9uJTNBMSUyOStBTkQrc3RhdHVzJTNBcHVibGlzaGVkJnJlc3RyaWN0SW5kaWNlcz1ldmVudHM=&quot;,&quot;baseUrl&quot;:&quot;https:\/\/icf.church\/kraichgau\/de\/angebote\/&quot;,&quot;baseUrls&quot;:{&quot;de&quot;:&quot;https:\/\/icf.church\/kraichgau\/de\/angebote\/&quot;,&quot;en&quot;:&quot;https:\/\/icf.church\/kraichgau\/en\/events\/&quot;},&quot;postsPerPage&quot;:10,&quot;indexName&quot;:&quot;events&quot;,&quot;contactUrl&quot;:&quot;https:\/\/icf.church\/kraichgau\/de\/kontakt\/&quot;,&quot;icons&quot;:{&quot;Finde Anschluss&quot;:&quot;fa-handshake-simple&quot;,&quot;Pre-Teens&quot;:&quot;fa-gamepad-modern&quot;,&quot;Teens&quot;:&quot;fa-gamepad-modern&quot;,&quot;Youth&quot;:&quot;fa-party-horn&quot;,&quot;Sunday Night&quot;:&quot;fa-hand-peace&quot;,&quot;Kids&quot;:&quot;fa-children&quot;,&quot;Ladies&quot;:&quot;fa-person-dress&quot;,&quot;Men&quot;:&quot;fa-person&quot;,&quot;Evergreen&quot;:&quot;fa-tree-deciduous&quot;,&quot;ICF Movement&quot;:&quot;fa-hand-peace&quot;,&quot;Conferences&quot;:&quot;fa-party-horn&quot;},&quot;imgixSrcUrl&quot;:&quot;https:\/\/website-prod-space-01.fra1.digitaloceanspaces.com&quot;,&quot;imgixTargetUrl&quot;:&quot;https:\/\/icf-hub-new.imgix.net&quot;,&quot;siteUrl&quot;:&quot;https:\/\/icf.church\/kraichgau&quot;,&quot;organisationId&quot;:&quot;kraichgau&quot;,&quot;typePreFilter&quot;:&quot;events&quot;,&quot;filterLayout&quot;:&quot;without_filters_and_search&quot;}">
</div></div>
        </div>
          </div>
</div>
