{"id":932,"date":"2026-07-15T10:19:48","date_gmt":"2026-07-15T08:19:48","guid":{"rendered":"https:\/\/new.icf.church\/luebeck\/?page_id=932"},"modified":"2026-08-17T14:29:26","modified_gmt":"2026-08-17T12:29:26","slug":"icf-kids","status":"publish","type":"page","link":"https:\/\/icf.church\/luebeck\/de\/icf-kids\/","title":{"rendered":"ICF KIDS"},"content":{"rendered":"\n<div id=\"block-3\" class=\"wp-block-yellowtree-hero-stage\">\n    <div class=\"hero-stage \">\n        \n\n<div id=\"block-2\" class=\"hero-stage-content\">\n    <div class=\"hero-stage-content__background\">\n        <div class=\"overlay-black-25 h-100\">\n                            <img fetchpriority=\"high\" decoding=\"async\" width=\"2560\" height=\"1707\" src=\"https:\/\/icf.church\/luebeck\/wp-content\/uploads\/sites\/129\/2026\/08\/2026-08-17-14.24.07-scaled.jpg\" class=\"hero-stage-media\" alt=\"\" style=\"object-position: 50% 50%;\" aria-hidden=\"true\" loading=\"eager\" srcset=\"https:\/\/icf.church\/luebeck\/wp-content\/uploads\/sites\/129\/2026\/08\/2026-08-17-14.24.07-scaled.jpg 2560w, https:\/\/icf.church\/luebeck\/wp-content\/uploads\/sites\/129\/2026\/08\/2026-08-17-14.24.07-300x200.jpg 300w, https:\/\/icf.church\/luebeck\/wp-content\/uploads\/sites\/129\/2026\/08\/2026-08-17-14.24.07-1024x683.jpg 1024w, https:\/\/icf.church\/luebeck\/wp-content\/uploads\/sites\/129\/2026\/08\/2026-08-17-14.24.07-768x512.jpg 768w, https:\/\/icf.church\/luebeck\/wp-content\/uploads\/sites\/129\/2026\/08\/2026-08-17-14.24.07-1536x1024.jpg 1536w, https:\/\/icf.church\/luebeck\/wp-content\/uploads\/sites\/129\/2026\/08\/2026-08-17-14.24.07-2048x1365.jpg 2048w\" sizes=\"(max-width: 2560px) 100vw, 2560px\" \/>                    <\/div>\n        <div class=\"hero-stage-gradient\"><\/div>\n    <\/div>\n    <div class=\"hero-stage-content__foreground is-layout-constrained\">\n        <h1 id=\"block-1\" class=\"display-1 text-center\">\n    Kids<\/h1>    <\/div>\n<\/div>\n    <\/div>\n<\/div>\n\n<h3 id=\"block-4\" class=\"mt-7 mb-4 h3 display-3 text-center\">\n  Kirche f\u00fcr die n\u00e4chste Generation!<\/h3>\n\n<p id=\"block-5\" class=\"mb-7 text-center wp-block-paragraph\">\n  <strong class=\"myprefix-text-bold\">ICF Kids<\/strong> ist die Kinderkirche von <strong class=\"myprefix-text-bold\">ICF Startup L\u00fcbeck<\/strong> f\u00fcr alle 0-12 Jahre alten Kids. W\u00e4hrend der Celebration findet unser ICF Kids statt. Gemeinsam wollen wir die Kraft und Liebe von Jesus kennenlernen und erfahren.<\/p>\n\n<div id=\"block-12\" class=\"pt-2 pb-2 alignfull is-layout-constrained\">\n  <div>\n            <div class=\"row gx-4 gy-4 \">\n          \n\n<div id=\"block-9\" class=\"col wp-block-yellowtree-column col-12 col-md-6 d-flex flex-column with-streched-height-children align-items-stretch align-items-md-stretch\">\n  <h2 id=\"block-6\" class=\"h2 text-start\">\n  So macht Kirche Spa\u00df!<\/h2>\n\n<p id=\"block-7\" class=\"text-start wp-block-paragraph\">\n  Unser gut geschultes Kids Team begegnet Kindern achtsam und mit viel Kreativit\u00e4t. Dabei erleben sie eine lebendige Zeit mit Gott: Sie singen und tanzen zu Musik, h\u00f6ren Geschichten aus der Bibel, beten gemeinsam, spielen, basteln, haben Spa\u00df und Action und lernen so Jesus und eine Beziehung zu Gott kennen. Besonders wichtig ist uns, das Selbstwertgef\u00fchl jedes Kindes zu st\u00e4rken.<\/p>\n\n<p id=\"block-8\" class=\"text-start wp-block-paragraph\">\n  Mit unserem Kindersicherheitskonzept schaffen wir einen sicheren Raum f\u00fcr jedes Kind. Du bist herzlich willkommen, Teil der Kids Church zu werden \u2013 und deinem Kind einen gesch\u00fctzten, fr\u00f6hlichen Start zu erm\u00f6glichen.<\/p><\/div>\n\n\n<div id=\"block-11\" class=\"col wp-block-yellowtree-column col-12 col-md-6 d-flex flex-column with-streched-height-children align-items-stretch align-items-md-stretch\">\n  <div class=\"mw-100\">\n      <figure id=\"block-10\">\n      <div class=\"img-wrap\" style=\"max-width:100%\">\n        <img decoding=\"async\" src=\"https:\/\/icf.church\/luebeck\/wp-content\/uploads\/sites\/129\/2026\/08\/kids-abholfoto-scaled-1-1024x683.jpeg\" alt=\"\" loading=\"lazy\" title=\"\" class=\"img-fluid w-100 h-100 rounded object-fit-cover\" style=\"object-position: center center\">\n      <\/div>\n          <\/figure>\n    <\/div><\/div>\n        <\/div>\n          <\/div>\n<\/div>\n\n<div id=\"block-19\" class=\"pt-2 pb-2 alignfull is-layout-constrained\">\n  <div>\n            <div class=\"row gx-4 gy-4 \">\n          \n\n<div id=\"block-14\" class=\"col wp-block-yellowtree-column col-12 col-md-6 d-flex flex-column with-streched-height-children align-items-stretch align-items-md-stretch\">\n  <div class=\"mw-100\">\n      <figure id=\"block-13\">\n      <div class=\"img-wrap\" style=\"max-width:100%\">\n        <img decoding=\"async\" src=\"https:\/\/icf.church\/luebeck\/wp-content\/uploads\/sites\/129\/2026\/08\/marisa-howenstine-cq9slnxv8yu-unsplash-1024x683.jpeg\" alt=\"\" loading=\"lazy\" title=\"\" class=\"img-fluid w-100 h-100 rounded object-fit-cover\" style=\"object-position: center center\">\n      <\/div>\n          <\/figure>\n    <\/div><\/div>\n\n\n<div id=\"block-18\" class=\"col wp-block-yellowtree-column col-12 col-md-6 d-flex flex-column with-streched-height-children align-items-stretch align-items-md-stretch\">\n  <h2 id=\"block-15\" class=\"h2 text-start\">\n  Elternraum<\/h2>\n\n<p id=\"block-16\" class=\"text-start wp-block-paragraph\">\n  Eltern betreuen ihre Kinder w\u00e4hrend der Celebration und k\u00f6nnen <strong class=\"myprefix-text-bold\">\u00fcber einen Screen die Celebration<\/strong> verfolgen. Neben leckerem Kaffee gibt es dort auch eine Stillecke und altersgerechte Spielsachen.<\/p>\n\n<p id=\"block-17\" class=\"text-start wp-block-paragraph\">\n  Wenn du deinen Kindern auch eine Celebration erm\u00f6glichen m\u00f6chtest, dann komm gerne vorbei!<\/p><\/div>\n        <\/div>\n          <\/div>\n<\/div>\n\n<p id=\"block-20\" class=\"mt-4 mb-4 text-start wp-block-paragraph\">\n  <\/p>\n\n\n<div class=\"has-context-height\">\n  <article id=\"block-23\" data-bs-theme=\"dark\" class=\"wp-block-yellowtree-container-card card has-context-height\">\n    <div class=\"card-body\">\n      <h2 id=\"block-21\" class=\"h2 text-start\">\n  Sicherheit im ICF&nbsp;Kids<\/h2>\n\n<p id=\"block-22\" class=\"text-start wp-block-paragraph\">\n  Sicherheit hat bei uns oberste Priorit\u00e4t!<br>Damit die Eltern in aller Ruhe die Celebration genie\u00dfen k\u00f6nnen, hat die Sicherheit bei uns oberste Priorit\u00e4t. Durch unseren elektronischen Check-In werden alle Kinder registriert und k\u00f6nnen nur von Eltern oder vorher gemeldeten Personen abgeholt werden. Die ICF Kids Mitarbeiter werden sorgf\u00e4ltig ausgesucht, geben ein erweitertes F\u00fchrungszeugnis ab und f\u00fchren im Vorfeld Gespr\u00e4che sowie Schnuppern an 3 Sonntagen. Sie werden zudem regelm\u00e4\u00dfig aus- und weitergebildet.<\/p>    <\/div>\n  <\/article>\n<\/div>","protected":false},"excerpt":{"rendered":"<p>Kirche f\u00fcr die n\u00e4chste Generation! ICF Kids ist die Kinderkirche von ICF Startup L\u00fcbeck f\u00fcr alle 0-12 Jahre alten Kids. W\u00e4hrend der Celebration findet unser ICF Kids statt. Gemeinsam wollen wir die Kraft und Liebe von Jesus kennenlernen und erfahren.<\/p>\n","protected":false},"author":231,"featured_media":0,"parent":0,"menu_order":0,"comment_status":"closed","ping_status":"closed","template":"","meta":{"_acf_changed":false,"_seopress_titles_title":"","_seopress_titles_desc":"","_seopress_robots_index":"","_seopress_robots_follow":"","_seopress_robots_imageindex":"","_seopress_robots_snippet":"","_seopress_robots_primary_cat":"","_seopress_robots_breadcrumbs":"","_seopress_robots_freeze_modified_date":"","_seopress_robots_custom_modified_date":"","_seopress_robots_canonical":"","_seopress_social_fb_title":"","_seopress_social_fb_desc":"","_seopress_social_fb_img":"","_seopress_social_fb_img_attachment_id":0,"_seopress_social_fb_img_width":0,"_seopress_social_fb_img_height":0,"_seopress_social_twitter_title":"","_seopress_social_twitter_desc":"","_seopress_social_twitter_img":"","_seopress_social_twitter_img_attachment_id":0,"_seopress_social_twitter_img_width":0,"_seopress_social_twitter_img_height":0,"_seopress_redirections_value":"","_seopress_redirections_enabled":"","_seopress_redirections_enabled_regex":"","_seopress_redirections_logged_status":"","_seopress_redirections_param":"","_seopress_redirections_type":0,"_seopress_analysis_target_kw":"","_seopress_news_disabled":"","_seopress_video_disabled":"","_seopress_video":[],"_seopress_pro_schemas_manual":[],"_seopress_pro_rich_snippets_disable_all":"","_seopress_pro_rich_snippets_disable":[],"_seopress_pro_schemas":[],"yt_custom_styles_scss":"","yt_custom_styles_rounded_corners":false,"yt_custom_styles_color_scheme":"","footnotes":""},"class_list":["post-932","page","type-page","status-publish","hentry"],"acf":[],"_links":{"self":[{"href":"https:\/\/icf.church\/luebeck\/de\/wp-json\/wp\/v2\/pages\/932","targetHints":{"allow":["GET"]}}],"collection":[{"href":"https:\/\/icf.church\/luebeck\/de\/wp-json\/wp\/v2\/pages"}],"about":[{"href":"https:\/\/icf.church\/luebeck\/de\/wp-json\/wp\/v2\/types\/page"}],"author":[{"embeddable":true,"href":"https:\/\/icf.church\/luebeck\/de\/wp-json\/wp\/v2\/users\/231"}],"replies":[{"embeddable":true,"href":"https:\/\/icf.church\/luebeck\/de\/wp-json\/wp\/v2\/comments?post=932"}],"version-history":[{"count":17,"href":"https:\/\/icf.church\/luebeck\/de\/wp-json\/wp\/v2\/pages\/932\/revisions"}],"predecessor-version":[{"id":1550,"href":"https:\/\/icf.church\/luebeck\/de\/wp-json\/wp\/v2\/pages\/932\/revisions\/1550"}],"wp:attachment":[{"href":"https:\/\/icf.church\/luebeck\/de\/wp-json\/wp\/v2\/media?parent=932"}],"curies":[{"name":"wp","href":"https:\/\/api.w.org\/{rel}","templated":true}]}}

<div id="block-3" class="wp-block-yellowtree-hero-stage">
    <div class="hero-stage ">
        

<div id="block-2" class="hero-stage-content">
    <div class="hero-stage-content__background">
        <div class="overlay-black-25 h-100">
                            <img fetchpriority="high" decoding="async" width="2560" height="1707" src="https://icf.church/luebeck/wp-content/uploads/sites/129/2026/08/2026-08-17-14.24.07-scaled.jpg" class="hero-stage-media" alt="" style="object-position: 50% 50%;" aria-hidden="true" loading="eager" srcset="https://icf.church/luebeck/wp-content/uploads/sites/129/2026/08/2026-08-17-14.24.07-scaled.jpg 2560w, https://icf.church/luebeck/wp-content/uploads/sites/129/2026/08/2026-08-17-14.24.07-300x200.jpg 300w, https://icf.church/luebeck/wp-content/uploads/sites/129/2026/08/2026-08-17-14.24.07-1024x683.jpg 1024w, https://icf.church/luebeck/wp-content/uploads/sites/129/2026/08/2026-08-17-14.24.07-768x512.jpg 768w, https://icf.church/luebeck/wp-content/uploads/sites/129/2026/08/2026-08-17-14.24.07-1536x1024.jpg 1536w, https://icf.church/luebeck/wp-content/uploads/sites/129/2026/08/2026-08-17-14.24.07-2048x1365.jpg 2048w" sizes="(max-width: 2560px) 100vw, 2560px" />                    </div>
        <div class="hero-stage-gradient"></div>
    </div>
    <div class="hero-stage-content__foreground is-layout-constrained">
        <h1 id="block-1" class="display-1 text-center">
    Kids</h1>    </div>
</div>
    </div>
</div>

<h3 id="block-4" class="mt-7 mb-4 h3 display-3 text-center">
  Kirche für die nächste Generation!</h3>

<p id="block-5" class="mb-7 text-center wp-block-paragraph">
  <strong class="myprefix-text-bold">ICF Kids</strong> ist die Kinderkirche von <strong class="myprefix-text-bold">ICF Startup Lübeck</strong> für alle 0-12 Jahre alten Kids. Während der Celebration findet unser ICF Kids statt. Gemeinsam wollen wir die Kraft und Liebe von Jesus kennenlernen und erfahren.</p>

<div id="block-12" class="pt-2 pb-2 alignfull is-layout-constrained">
  <div>
            <div class="row gx-4 gy-4 ">
          

<div id="block-9" class="col wp-block-yellowtree-column col-12 col-md-6 d-flex flex-column with-streched-height-children align-items-stretch align-items-md-stretch">
  <h2 id="block-6" class="h2 text-start">
  So macht Kirche Spaß!</h2>

<p id="block-7" class="text-start wp-block-paragraph">
  Unser gut geschultes Kids Team begegnet Kindern achtsam und mit viel Kreativität. Dabei erleben sie eine lebendige Zeit mit Gott: Sie singen und tanzen zu Musik, hören Geschichten aus der Bibel, beten gemeinsam, spielen, basteln, haben Spaß und Action und lernen so Jesus und eine Beziehung zu Gott kennen. Besonders wichtig ist uns, das Selbstwertgefühl jedes Kindes zu stärken.</p>

<p id="block-8" class="text-start wp-block-paragraph">
  Mit unserem Kindersicherheitskonzept schaffen wir einen sicheren Raum für jedes Kind. Du bist herzlich willkommen, Teil der Kids Church zu werden – und deinem Kind einen geschützten, fröhlichen Start zu ermöglichen.</p></div>


<div id="block-11" class="col wp-block-yellowtree-column col-12 col-md-6 d-flex flex-column with-streched-height-children align-items-stretch align-items-md-stretch">
  <div class="mw-100">
      <figure id="block-10">
      <div class="img-wrap" style="max-width:100%">
        <img decoding="async" src="https://icf.church/luebeck/wp-content/uploads/sites/129/2026/08/kids-abholfoto-scaled-1-1024x683.jpeg" alt="" loading="lazy" title="" class="img-fluid w-100 h-100 rounded object-fit-cover" style="object-position: center center">
      </div>
          </figure>
    </div></div>
        </div>
          </div>
</div>

<div id="block-19" class="pt-2 pb-2 alignfull is-layout-constrained">
  <div>
            <div class="row gx-4 gy-4 ">
          

<div id="block-14" class="col wp-block-yellowtree-column col-12 col-md-6 d-flex flex-column with-streched-height-children align-items-stretch align-items-md-stretch">
  <div class="mw-100">
      <figure id="block-13">
      <div class="img-wrap" style="max-width:100%">
        <img decoding="async" src="https://icf.church/luebeck/wp-content/uploads/sites/129/2026/08/marisa-howenstine-cq9slnxv8yu-unsplash-1024x683.jpeg" alt="" loading="lazy" title="" class="img-fluid w-100 h-100 rounded object-fit-cover" style="object-position: center center">
      </div>
          </figure>
    </div></div>


<div id="block-18" class="col wp-block-yellowtree-column col-12 col-md-6 d-flex flex-column with-streched-height-children align-items-stretch align-items-md-stretch">
  <h2 id="block-15" class="h2 text-start">
  Elternraum</h2>

<p id="block-16" class="text-start wp-block-paragraph">
  Eltern betreuen ihre Kinder während der Celebration und können <strong class="myprefix-text-bold">über einen Screen die Celebration</strong> verfolgen. Neben leckerem Kaffee gibt es dort auch eine Stillecke und altersgerechte Spielsachen.</p>

<p id="block-17" class="text-start wp-block-paragraph">
  Wenn du deinen Kindern auch eine Celebration ermöglichen möchtest, dann komm gerne vorbei!</p></div>
        </div>
          </div>
</div>

<p id="block-20" class="mt-4 mb-4 text-start wp-block-paragraph">
  </p>


<div class="has-context-height">
  <article id="block-23" data-bs-theme="dark" class="wp-block-yellowtree-container-card card has-context-height">
    <div class="card-body">
      <h2 id="block-21" class="h2 text-start">
  Sicherheit im ICF&nbsp;Kids</h2>

<p id="block-22" class="text-start wp-block-paragraph">
  Sicherheit hat bei uns oberste Priorität!<br>Damit die Eltern in aller Ruhe die Celebration genießen können, hat die Sicherheit bei uns oberste Priorität. Durch unseren elektronischen Check-In werden alle Kinder registriert und können nur von Eltern oder vorher gemeldeten Personen abgeholt werden. Die ICF Kids Mitarbeiter werden sorgfältig ausgesucht, geben ein erweitertes Führungszeugnis ab und führen im Vorfeld Gespräche sowie Schnuppern an 3 Sonntagen. Sie werden zudem regelmäßig aus- und weitergebildet.</p>    </div>
  </article>
</div>

<p>Kirche für die nächste Generation! ICF Kids ist die Kinderkirche von ICF Startup Lübeck für alle 0-12 Jahre alten Kids. Während der Celebration findet unser ICF Kids statt. Gemeinsam wollen wir die Kraft und Liebe von Jesus kennenlernen und erfahren.</p>
