{"id":1118,"date":"2026-08-18T19:44:16","date_gmt":"2026-08-18T17:44:16","guid":{"rendered":"https:\/\/new.icf.church\/plzen\/tiraz\/"},"modified":"2026-08-25T13:26:48","modified_gmt":"2026-08-25T11:26:48","slug":"tiraz","status":"publish","type":"page","link":"https:\/\/icf.church\/plzen\/cs\/tiraz\/","title":{"rendered":"Tir\u00e1\u017e"},"content":{"rendered":"<div id=\"block-3\" class=\"pt-4 pb-2 alignfull is-layout-constrained\">\n  <div>\n            <div class=\"row gx-4 gy-4 \">\n          \n\n<div id=\"block-2\" class=\"col wp-block-yellowtree-column col-12 d-flex flex-column with-streched-height-children align-items-stretch align-items-md-stretch\">\n  <h1 id=\"block-1\" class=\"display-1 h1 text-center\">\n  Tir\u00e1\u017e<\/h1><\/div>\n        <\/div>\n          <\/div>\n<\/div>\n\n<div id=\"block-16\" class=\"pt-2 pb-2 alignfull is-layout-constrained\">\n  <div>\n            <div class=\"row gx-4 gy-4 \">\n          \n\n<div id=\"block-15\" class=\"col wp-block-yellowtree-column col-12 d-flex flex-column with-streched-height-children align-items-stretch align-items-md-stretch\">\n  <div class=\"has-context-height\">\n  <article id=\"block-14\" data-bs-theme=\"dark\" class=\"wp-block-yellowtree-container-card card has-context-height\">\n    <div class=\"card-body\">\n      <h2 id=\"block-4\" class=\"mt-4 mb-4 h2 text-center\">\n  Provozovatel<\/h2>\n\n<p id=\"block-5\" class=\"fs-base text-center wp-block-paragraph\">\n  <strong>\u26a0 DOPLNIT: \u00fapln\u00fd n\u00e1zev pr\u00e1vnick\u00e9 osoby<\/strong><br>\u26a0 DOPLNIT: s\u00eddlo (ulice a \u010d. p.)<br>\u26a0 DOPLNIT: PS\u010c a m\u011bsto<br>\u010cesk\u00e1 republika<br>I\u010cO: \u26a0 DOPLNIT<br>E-mail: <a href=\"mailto:icfplzen@gmail.com\">icfplzen@gmail.com<\/a><\/p>\n\n<h2 id=\"block-6\" class=\"mt-4 mb-4 h2 text-center\">\n  Odpov\u011bdnost za obsah<\/h2>\n\n<p id=\"block-7\" class=\"fs-base text-center wp-block-paragraph\">\n  Za obsah t\u011bchto str\u00e1nek odpov\u00eddaj\u00ed Thomas &amp; Barbara Truncovi, pasto\u0159i ICF Plze\u0148.<br>Kontakt: <a href=\"mailto:icfplzen@gmail.com\">icfplzen@gmail.com<\/a><\/p>\n\n<h2 id=\"block-8\" class=\"mt-4 mb-4 h2 text-center\">\n  Autorsk\u00e1 pr\u00e1va<\/h2>\n\n<p id=\"block-9\" class=\"fs-base text-center wp-block-paragraph\">\n  Obsah a struktura t\u011bchto str\u00e1nek jsou chr\u00e1n\u011bny autorsk\u00fdm pr\u00e1vem. Rozmno\u017eov\u00e1n\u00ed informac\u00ed nebo dat \u2014 zejm\u00e9na pou\u017eit\u00ed text\u016f, jejich \u010d\u00e1st\u00ed nebo obrazov\u00e9ho materi\u00e1lu \u2014 vy\u017eaduje p\u0159edchoz\u00ed souhlas provozovatele.<\/p>\n\n<h2 id=\"block-10\" class=\"mt-4 mb-4 h2 text-center\">\n  Vylou\u010den\u00ed odpov\u011bdnosti<\/h2>\n\n<p id=\"block-11\" class=\"fs-base text-center wp-block-paragraph\">\n  Obsah str\u00e1nek p\u0159ipravujeme s maxim\u00e1ln\u00ed p\u00e9\u010d\u00ed, nem\u016f\u017eeme v\u0161ak zaru\u010dit jeho spr\u00e1vnost, \u00faplnost a aktu\u00e1lnost. Provozovatel neodpov\u00edd\u00e1 za \u0161kody vznikl\u00e9 pou\u017eit\u00edm informac\u00ed uveden\u00fdch na t\u011bchto str\u00e1nk\u00e1ch.<\/p>\n\n<h2 id=\"block-12\" class=\"mt-4 mb-4 h2 text-center\">\n  Odkazy na weby t\u0159et\u00edch stran<\/h2>\n\n<p id=\"block-13\" class=\"fs-base text-center wp-block-paragraph\">\n  Na\u0161e str\u00e1nky obsahuj\u00ed odkazy na extern\u00ed weby, jejich\u017e obsah nem\u016f\u017eeme ovlivnit. Za obsah odkazovan\u00fdch str\u00e1nek odpov\u00edd\u00e1 v\u017edy jejich provozovatel. V okam\u017eiku vytvo\u0159en\u00ed odkazu nebyl na odkazovan\u00fdch str\u00e1nk\u00e1ch patrn\u00fd \u017e\u00e1dn\u00fd protipr\u00e1vn\u00ed obsah.<\/p>    <\/div>\n  <\/article>\n<\/div><\/div>\n        <\/div>\n          <\/div>\n<\/div>\n\n<div id=\"block-19\" class=\"pt-4 pb-6 alignfull is-layout-constrained\">\n  <div>\n            <div class=\"row gx-4 gy-4 \">\n          \n\n<div id=\"block-18\" class=\"col wp-block-yellowtree-column col-12 d-flex flex-column with-streched-height-children align-items-center align-items-md-center\">\n  <div>\n    <a id=\"block-17\" href=\"https:\/\/icf.church\/plzen\/cs\/ochrana-osobnich-udaju\/\" rel=\"\" class=\"wp-block-yellowtree-button-link btn btn-outline-default btn-sm\">\n      <span>Z\u00e1sady ochrany osobn\u00edch \u00fadaj\u016f<\/span>\n              <i class=\"icon fs-base-const fa-solid fa-arrow-right\" aria-hidden=\"true\"><\/i>\n          <\/a>\n  <\/div><\/div>\n        <\/div>\n          <\/div>\n<\/div>\n","protected":false},"excerpt":{"rendered":"<p>Informace o provozovateli webu ICF Plze\u0148.<\/p>\n","protected":false},"author":201,"featured_media":0,"parent":0,"menu_order":0,"comment_status":"closed","ping_status":"closed","template":"","meta":{"_acf_changed":false,"_seopress_titles_title":"Tir\u00e1\u017e | ICF Plze\u0148","_seopress_titles_desc":"Informace o provozovateli webu ICF Plze\u0148.","_seopress_robots_index":"","_seopress_robots_follow":"","_seopress_robots_imageindex":"","_seopress_robots_snippet":"","_seopress_robots_primary_cat":"","_seopress_robots_breadcrumbs":"","_seopress_robots_freeze_modified_date":"","_seopress_robots_custom_modified_date":"","_seopress_robots_canonical":"","_seopress_social_fb_title":"","_seopress_social_fb_desc":"","_seopress_social_fb_img":"","_seopress_social_fb_img_attachment_id":0,"_seopress_social_fb_img_width":0,"_seopress_social_fb_img_height":0,"_seopress_social_twitter_title":"","_seopress_social_twitter_desc":"","_seopress_social_twitter_img":"","_seopress_social_twitter_img_attachment_id":0,"_seopress_social_twitter_img_width":0,"_seopress_social_twitter_img_height":0,"_seopress_redirections_value":"","_seopress_redirections_enabled":"","_seopress_redirections_enabled_regex":"","_seopress_redirections_logged_status":"","_seopress_redirections_param":"","_seopress_redirections_type":0,"_seopress_analysis_target_kw":"","_seopress_news_disabled":"","_seopress_video_disabled":"","_seopress_video":[],"_seopress_pro_schemas_manual":[],"_seopress_pro_rich_snippets_disable_all":"","_seopress_pro_rich_snippets_disable":[],"_seopress_pro_schemas":[],"yt_custom_styles_scss":"","yt_custom_styles_rounded_corners":false,"yt_custom_styles_color_scheme":"","footnotes":""},"class_list":["post-1118","page","type-page","status-publish","hentry"],"acf":[],"_links":{"self":[{"href":"https:\/\/icf.church\/plzen\/cs\/wp-json\/wp\/v2\/pages\/1118","targetHints":{"allow":["GET"]}}],"collection":[{"href":"https:\/\/icf.church\/plzen\/cs\/wp-json\/wp\/v2\/pages"}],"about":[{"href":"https:\/\/icf.church\/plzen\/cs\/wp-json\/wp\/v2\/types\/page"}],"author":[{"embeddable":true,"href":"https:\/\/icf.church\/plzen\/cs\/wp-json\/wp\/v2\/users\/201"}],"replies":[{"embeddable":true,"href":"https:\/\/icf.church\/plzen\/cs\/wp-json\/wp\/v2\/comments?post=1118"}],"version-history":[{"count":1,"href":"https:\/\/icf.church\/plzen\/cs\/wp-json\/wp\/v2\/pages\/1118\/revisions"}],"predecessor-version":[{"id":1138,"href":"https:\/\/icf.church\/plzen\/cs\/wp-json\/wp\/v2\/pages\/1118\/revisions\/1138"}],"wp:attachment":[{"href":"https:\/\/icf.church\/plzen\/cs\/wp-json\/wp\/v2\/media?parent=1118"}],"curies":[{"name":"wp","href":"https:\/\/api.w.org\/{rel}","templated":true}]}}

Tiráž

<div id="block-3" class="pt-4 pb-2 alignfull is-layout-constrained">
  <div>
            <div class="row gx-4 gy-4 ">
          

<div id="block-2" class="col wp-block-yellowtree-column col-12 d-flex flex-column with-streched-height-children align-items-stretch align-items-md-stretch">
  <h1 id="block-1" class="display-1 h1 text-center">
  Tiráž</h1></div>
        </div>
          </div>
</div>

<div id="block-16" class="pt-2 pb-2 alignfull is-layout-constrained">
  <div>
            <div class="row gx-4 gy-4 ">
          

<div id="block-15" class="col wp-block-yellowtree-column col-12 d-flex flex-column with-streched-height-children align-items-stretch align-items-md-stretch">
  <div class="has-context-height">
  <article id="block-14" data-bs-theme="dark" class="wp-block-yellowtree-container-card card has-context-height">
    <div class="card-body">
      <h2 id="block-4" class="mt-4 mb-4 h2 text-center">
  Provozovatel</h2>

<p id="block-5" class="fs-base text-center wp-block-paragraph">
  <strong>⚠ DOPLNIT: úplný název právnické osoby</strong><br>⚠ DOPLNIT: sídlo (ulice a č. p.)<br>⚠ DOPLNIT: PSČ a město<br>Česká republika<br>IČO: ⚠ DOPLNIT<br>E-mail: <a href="mailto:icfplzen@gmail.com">icfplzen@gmail.com</a></p>

<h2 id="block-6" class="mt-4 mb-4 h2 text-center">
  Odpovědnost za obsah</h2>

<p id="block-7" class="fs-base text-center wp-block-paragraph">
  Za obsah těchto stránek odpovídají Thomas &amp; Barbara Truncovi, pastoři ICF Plzeň.<br>Kontakt: <a href="mailto:icfplzen@gmail.com">icfplzen@gmail.com</a></p>

<h2 id="block-8" class="mt-4 mb-4 h2 text-center">
  Autorská práva</h2>

<p id="block-9" class="fs-base text-center wp-block-paragraph">
  Obsah a struktura těchto stránek jsou chráněny autorským právem. Rozmnožování informací nebo dat — zejména použití textů, jejich částí nebo obrazového materiálu — vyžaduje předchozí souhlas provozovatele.</p>

<h2 id="block-10" class="mt-4 mb-4 h2 text-center">
  Vyloučení odpovědnosti</h2>

<p id="block-11" class="fs-base text-center wp-block-paragraph">
  Obsah stránek připravujeme s maximální péčí, nemůžeme však zaručit jeho správnost, úplnost a aktuálnost. Provozovatel neodpovídá za škody vzniklé použitím informací uvedených na těchto stránkách.</p>

<h2 id="block-12" class="mt-4 mb-4 h2 text-center">
  Odkazy na weby třetích stran</h2>

<p id="block-13" class="fs-base text-center wp-block-paragraph">
  Naše stránky obsahují odkazy na externí weby, jejichž obsah nemůžeme ovlivnit. Za obsah odkazovaných stránek odpovídá vždy jejich provozovatel. V okamžiku vytvoření odkazu nebyl na odkazovaných stránkách patrný žádný protiprávní obsah.</p>    </div>
  </article>
</div></div>
        </div>
          </div>
</div>

<div id="block-19" class="pt-4 pb-6 alignfull is-layout-constrained">
  <div>
            <div class="row gx-4 gy-4 ">
          

<div id="block-18" class="col wp-block-yellowtree-column col-12 d-flex flex-column with-streched-height-children align-items-center align-items-md-center">
  <div>
    <a id="block-17" href="https://icf.church/plzen/cs/ochrana-osobnich-udaju/" rel="" class="wp-block-yellowtree-button-link btn btn-outline-default btn-sm">
      <span>Zásady ochrany osobních údajů</span>
              <i class="icon fs-base-const fa-solid fa-arrow-right" aria-hidden="true"></i>
          </a>
  </div></div>
        </div>
          </div>
</div>

<p>Informace o provozovateli webu ICF Plzeň.</p>

Tiráž | ICF Plzeň

Informace o provozovateli webu ICF Plzeň.
