{"id":1724,"date":"2026-08-27T22:54:59","date_gmt":"2026-08-27T20:54:59","guid":{"rendered":"https:\/\/new.icf.church\/praha\/?page_id=1724"},"modified":"2026-08-31T10:51:17","modified_gmt":"2026-08-31T08:51:17","slug":"explore","status":"publish","type":"page","link":"https:\/\/icf.church\/praha\/cs\/explore\/","title":{"rendered":"Explore"},"content":{"rendered":"<div id=\"block-6\" class=\"pt-2 pb-2 alignfull is-layout-constrained\">\n  <div>\n            <div class=\"row gx-4 gy-4 \">\n          \n\n<div id=\"block-5\" class=\"col wp-block-yellowtree-column col-12 d-flex flex-column justify-content-center align-items-stretch align-items-md-stretch\">\n  <h2 id=\"block-1\" class=\"h2 display-2 text-start\">\n  Explore<\/h2>\n\n<div id=\"block-4\" class=\"pt-2 pb-2 alignfull is-layout-constrained\">\n  <div>\n            <div class=\"row gx-4 gy-4 \">\n          \n\n<div id=\"block-3\" class=\"col wp-block-yellowtree-column col-12 d-flex flex-column with-streched-height-children align-items-stretch align-items-md-stretch\">\n  <div class=\"mw-100\">\n      <figure id=\"block-2\">\n      <div class=\"img-wrap\" style=\"max-width:100%\">\n        <img decoding=\"async\" src=\"https:\/\/icf.church\/praha\/wp-content\/uploads\/sites\/135\/2026\/08\/explore-header-scaled-1-1024x379.jpg\" alt=\"\" loading=\"lazy\" title=\"\" class=\"img-fluid w-100 h-100 rounded object-fit-cover\" style=\"object-position: center center\">\n      <\/div>\n          <\/figure>\n    <\/div><\/div>\n        <\/div>\n          <\/div>\n<\/div><\/div>\n        <\/div>\n          <\/div>\n<\/div>\n\n<div id=\"block-9\" class=\"pt-2 pb-2 alignfull is-layout-constrained\">\n  <div>\n            <div class=\"row gx-4 gy-4 \">\n          \n\n<div id=\"block-8\" class=\"col wp-block-yellowtree-column col-12 d-flex flex-column with-streched-height-children align-items-stretch align-items-md-stretch\">\n  <p id=\"block-7\" class=\"text-start wp-block-paragraph\">\n  <em>Kdy\u017e z\u016fstanete v m\u00e9m slov\u011b, budete opravdu m\u00fdmi u\u010dedn\u00edky.<\/em><br><em>Bible, evangelium podle Jana 8:31<\/em><\/p><\/div>\n        <\/div>\n          <\/div>\n<\/div>\n\n<div id=\"block-12\" class=\"pt-2 pb-2 alignfull is-layout-constrained\">\n  <div>\n            <div class=\"row gx-4 gy-4 \">\n          \n\n<div id=\"block-11\" class=\"col wp-block-yellowtree-column col-12 d-flex flex-column with-streched-height-children align-items-stretch align-items-md-stretch\">\n  <article id=\"block-10\" data-bs-theme=\"dark\" class=\"wp-block-yellowtree-card card has-context-height\" style=\"--card-img-position:50% 50%\">\n      <div class=\"card-body\">\n    <h3 class=\"card-title\">CO JE TO EXPLORE?<\/h3>\n    <p class=\"card-text\">Explore je p\u0159\u00edle\u017eitost posunout se vp\u0159ed na tv\u00e9 cest\u011b s Bohem \u2013 bez ohledu na to, kde pr\u00e1v\u011b stoj\u00ed\u0161. Za\u017eije\u0161 spole\u010denstv\u00ed a vyzkou\u0161\u00ed\u0161 nov\u00e9 v\u011bci \u2013 proto\u017ee o Bohu nechceme jen mluvit, ale chceme ho za\u017e\u00edvat! Explore je pro v\u0161echny, kte\u0159\u00ed r\u00e1di objevuj\u00ed a zkou\u0161\u00ed nov\u00e9 v\u011bci. Do Explore se m\u016f\u017ee\u0161 zapojit se svoji st\u00e1vaj\u00edc\u00ed Smallgroup nebo samostatn\u011b. Pokud se p\u0159ihl\u00e1s\u00ed\u0161 samostatn\u011b, Explore ti m\u016f\u017ee s hled\u00e1n\u00edm Smallgroup pomoct.<br>&nbsp;<br>Spole\u010dn\u011b budeme zkoumat Bo\u017e\u00ed roli v&nbsp;na\u0161em ka\u017edodenn\u00edm \u017eivot\u011b a&nbsp;to, kam n\u00e1s B\u016fh povede, kdy\u017e mu to dovol\u00edme. Budeme m\u00edt deset t\u00fddn\u016f na to, abychom ho intenzivn\u011b hledali. Explore je velmi praktick\u00fd: nez\u016fstaneme pouze u&nbsp;teoretick\u00fdch princip\u016f k\u0159es\u0165ansk\u00e9 v\u00edry, ale pokus\u00edme se je uv\u00e9st do \u017eivota. A&nbsp;proto\u017ee je z\u00e1bavn\u011bj\u0161\u00ed b\u00fdt spolu, vyd\u00e1me se na toto dobrodru\u017estv\u00ed v&nbsp;mal\u00fdch skupin\u00e1ch. B\u011bhem kurzu n\u00e1s \u010dekaj\u00ed tak\u00e9 dv\u011b speci\u00e1ln\u00ed v\u00fdzvy, kter\u00e9 jako skupina absolvujeme. Vydej se na dobrodru\u017estv\u00ed s&nbsp;Bohem a&nbsp;za\u017eij, co znamen\u00e1 b\u00fdt sou\u010d\u00e1st\u00ed c\u00edrkve!<br>&nbsp;<br>Explore je 1. \u010d\u00e1st Discipleship programu \u2013 programu u\u010dednictv\u00ed. \u010casem na n\u011bj budou navazovat dal\u0161\u00ed \u010d\u00e1sti \u2013 Get Free a Impact.<br>&nbsp;<br>Vydej se na dobrodru\u017estv\u00ed s Bohem a za\u017eij, co znamen\u00e1 b\u00fdt sou\u010d\u00e1st\u00ed c\u00edrkve!<br>&nbsp;<br>Nejbli\u017e\u0161\u00ed term\u00edn EXPLORE startuje 15. 9. 2026. \u010cas setk\u00e1n\u00ed bude v\u017edy v \u00fater\u00fd dle rozpisu n\u00ed\u017ee od 18 do 21 hodin.<br>Z\u00fa\u010dastnit se Explore znamen\u00e1 d\u00e1t Bohu prostor ka\u017ed\u00fd t\u00fdden po dobu 10 t\u00fddn\u016f.<br>&nbsp;<br>&nbsp;<br>M\u00e1\u0161 ke kurzu dal\u0161\u00ed dotazy? Zeptej se rovnou na e-mailu:&nbsp;<a href=\"mailto:explore@icf-praha.cz\">explore@icf-praha.cz<\/a><\/p>\n      <\/div>\n<\/article><\/div>\n        <\/div>\n          <\/div>\n<\/div>\n\n<div id=\"block-27\" class=\"pt-2 pb-2 alignfull is-layout-constrained\">\n  <div>\n            <div class=\"row gx-4 gy-4 \">\n          \n\n<div id=\"block-24\" class=\"col wp-block-yellowtree-column col-12 col-md-6 d-flex flex-column with-streched-height-children align-items-stretch align-items-md-stretch\">\n  <h3 id=\"block-13\" class=\"h3 text-start\">\n  P\u0159ehled t\u00e9mat Explore<\/h3>\n\n<p id=\"block-14\" class=\"text-start wp-block-paragraph\">\n  15. 9. 2026 | Za\u010d\u00edn\u00e1me!<\/p>\n\n<p id=\"block-15\" class=\"text-start wp-block-paragraph\">\n  22. 9. 2026 | B\u00fdt d\u00edt\u011btem \u2013 Za\u017eij Boha jako otce a matku<\/p>\n\n<p id=\"block-16\" class=\"text-start wp-block-paragraph\">\n  29. 9. 2026 | Modlitba \u2013 Pro\u017eij modlitbu jin\u00fdm zp\u016fsobem<\/p>\n\n<p id=\"block-17\" class=\"text-start wp-block-paragraph\">\n  6. 10. 2026 | Bible \u2013 Objevuj Bibli nov\u00fdm zp\u016fsobem<\/p>\n\n<p id=\"block-18\" class=\"text-start wp-block-paragraph\">\n  13. 10. 2026 | Je\u017e\u00ed\u0161 \u2013 Za\u017eij Je\u017e\u00ed\u0161e nov\u00fdm zp\u016fsobem<\/p>\n\n<p id=\"block-19\" class=\"text-start wp-block-paragraph\">\n  20. 10. 2026 | Svoboda \u2013 Pro\u017eij skute\u010dnou svobodu<\/p>\n\n<p id=\"block-20\" class=\"text-start wp-block-paragraph\">\n  27. 10. 2026 | Duch svat\u00fd \u2013 Objevuj Ducha svat\u00e9ho nov\u00fdm zp\u016fsobem<\/p>\n\n<p id=\"block-21\" class=\"text-start wp-block-paragraph\">\n  3. 11. 2026 | Zdroje \u2013 Za\u017eij Boha jako toho, kdo se o tebe star\u00e1<\/p>\n\n<p id=\"block-22\" class=\"text-start wp-block-paragraph\">\n  10. 11. 2026 | Po\u017eehn\u00e1n\u00ed \u2013 Bu\u010f \u010dlov\u011bkem, kter\u00fd p\u0159in\u00e1\u0161\u00ed po\u017eehn\u00e1n\u00ed<\/p>\n\n<p id=\"block-23\" class=\"text-start wp-block-paragraph\">\n  19. 11. 2026 | Spole\u010denstv\u00ed \u2013 P\u0159isp\u011bj sv\u00fdmi dary (mimo\u0159\u00e1dn\u011b ve \u010dtvrtek)<\/p><\/div>\n\n\n<div id=\"block-26\" class=\"col wp-block-yellowtree-column col-12 col-md-6 d-flex flex-column justify-content-center align-items-stretch align-items-md-stretch\">\n  <div class=\"mw-100\">\n      <figure id=\"block-25\">\n      <div class=\"img-wrap\" style=\"max-width:100%\">\n        <img decoding=\"async\" src=\"https:\/\/icf.church\/praha\/wp-content\/uploads\/sites\/135\/2026\/08\/explore_bannerweb-1024x576.jpg\" alt=\"\" loading=\"lazy\" title=\"\" class=\"img-fluid w-100 h-100 rounded object-fit-cover\" style=\"object-position: center center\">\n      <\/div>\n          <\/figure>\n    <\/div><\/div>\n        <\/div>\n          <\/div>\n<\/div>\n\n<div id=\"block-30\" class=\"pt-2 pb-2 alignfull is-layout-constrained\">\n  <div>\n            <div class=\"row gx-4 gy-4 \">\n          \n\n<div id=\"block-29\" class=\"col wp-block-yellowtree-column col-12 d-flex flex-column with-streched-height-children align-items-stretch align-items-md-stretch\">\n  <div id=\"block-28\" class=\"wp-block-yellowtree-elvanto-embed has-context-height\">\n    <iframe src=\"https:\/\/icf-praha.elvanto.eu\/form\/26379d36-4bd5-4d58-beca-bce62657df23\" style=\"width: 100%; height: 75vh; border: none;\" title=\"Elvanto Embed\">\n  <\/iframe>\n<\/div><\/div>\n        <\/div>\n          <\/div>\n<\/div>\n\n<div id=\"block-33\" class=\"pt-2 pb-2 alignfull is-layout-constrained\">\n  <div>\n            <div class=\"row gx-4 gy-4 \">\n          \n\n<div id=\"block-32\" class=\"col wp-block-yellowtree-column col-12 d-flex flex-column with-streched-height-children align-items-stretch align-items-md-stretch\">\n  <p id=\"block-31\" class=\"text-start wp-block-paragraph\">\n  Va\u0161e osobn\u00ed \u00fadaje budeme zpracov\u00e1vat za \u00fa\u010delem organizace akce, na kterou jste se p\u0159ihl\u00e1sili.&nbsp;<a href=\"https:\/\/www.icf-praha.cz\/souhlasy\/\" target=\"_blank\" rel=\"noopener\">Podm\u00ednky zpracov\u00e1n\u00ed osobn\u00edch \u00fadaj\u016f<\/a>.<\/p><\/div>\n        <\/div>\n          <\/div>\n<\/div>","protected":false},"excerpt":{"rendered":"","protected":false},"author":252,"featured_media":0,"parent":0,"menu_order":0,"comment_status":"closed","ping_status":"closed","template":"","meta":{"_acf_changed":false,"_seopress_titles_title":"","_seopress_titles_desc":"","_seopress_robots_index":"","_seopress_robots_follow":"","_seopress_robots_imageindex":"","_seopress_robots_snippet":"","_seopress_robots_primary_cat":"","_seopress_robots_breadcrumbs":"","_seopress_robots_freeze_modified_date":"","_seopress_robots_custom_modified_date":"","_seopress_robots_canonical":"","_seopress_social_fb_title":"","_seopress_social_fb_desc":"","_seopress_social_fb_img":"","_seopress_social_fb_img_attachment_id":0,"_seopress_social_fb_img_width":0,"_seopress_social_fb_img_height":0,"_seopress_social_twitter_title":"","_seopress_social_twitter_desc":"","_seopress_social_twitter_img":"","_seopress_social_twitter_img_attachment_id":0,"_seopress_social_twitter_img_width":0,"_seopress_social_twitter_img_height":0,"_seopress_redirections_value":"","_seopress_redirections_enabled":"","_seopress_redirections_enabled_regex":"","_seopress_redirections_logged_status":"","_seopress_redirections_param":"","_seopress_redirections_type":0,"_seopress_analysis_target_kw":"","_seopress_news_disabled":"","_seopress_video_disabled":"","_seopress_video":[],"_seopress_pro_schemas_manual":[],"_seopress_pro_rich_snippets_disable_all":"","_seopress_pro_rich_snippets_disable":[],"_seopress_pro_schemas":[],"yt_custom_styles_scss":"","yt_custom_styles_rounded_corners":false,"yt_custom_styles_color_scheme":"","footnotes":""},"class_list":["post-1724","page","type-page","status-publish","hentry"],"acf":[],"_links":{"self":[{"href":"https:\/\/icf.church\/praha\/cs\/wp-json\/wp\/v2\/pages\/1724","targetHints":{"allow":["GET"]}}],"collection":[{"href":"https:\/\/icf.church\/praha\/cs\/wp-json\/wp\/v2\/pages"}],"about":[{"href":"https:\/\/icf.church\/praha\/cs\/wp-json\/wp\/v2\/types\/page"}],"author":[{"embeddable":true,"href":"https:\/\/icf.church\/praha\/cs\/wp-json\/wp\/v2\/users\/252"}],"replies":[{"embeddable":true,"href":"https:\/\/icf.church\/praha\/cs\/wp-json\/wp\/v2\/comments?post=1724"}],"version-history":[{"count":5,"href":"https:\/\/icf.church\/praha\/cs\/wp-json\/wp\/v2\/pages\/1724\/revisions"}],"predecessor-version":[{"id":2244,"href":"https:\/\/icf.church\/praha\/cs\/wp-json\/wp\/v2\/pages\/1724\/revisions\/2244"}],"wp:attachment":[{"href":"https:\/\/icf.church\/praha\/cs\/wp-json\/wp\/v2\/media?parent=1724"}],"curies":[{"name":"wp","href":"https:\/\/api.w.org\/{rel}","templated":true}]}}

<div id="block-6" class="pt-2 pb-2 alignfull is-layout-constrained">
  <div>
            <div class="row gx-4 gy-4 ">
          

<div id="block-5" class="col wp-block-yellowtree-column col-12 d-flex flex-column justify-content-center align-items-stretch align-items-md-stretch">
  <h2 id="block-1" class="h2 display-2 text-start">
  Explore</h2>

<div id="block-4" class="pt-2 pb-2 alignfull is-layout-constrained">
  <div>
            <div class="row gx-4 gy-4 ">
          

<div id="block-3" class="col wp-block-yellowtree-column col-12 d-flex flex-column with-streched-height-children align-items-stretch align-items-md-stretch">
  <div class="mw-100">
      <figure id="block-2">
      <div class="img-wrap" style="max-width:100%">
        <img decoding="async" src="https://icf.church/praha/wp-content/uploads/sites/135/2026/08/explore-header-scaled-1-1024x379.jpg" alt="" loading="lazy" title="" class="img-fluid w-100 h-100 rounded object-fit-cover" style="object-position: center center">
      </div>
          </figure>
    </div></div>
        </div>
          </div>
</div></div>
        </div>
          </div>
</div>

<div id="block-9" class="pt-2 pb-2 alignfull is-layout-constrained">
  <div>
            <div class="row gx-4 gy-4 ">
          

<div id="block-8" class="col wp-block-yellowtree-column col-12 d-flex flex-column with-streched-height-children align-items-stretch align-items-md-stretch">
  <p id="block-7" class="text-start wp-block-paragraph">
  <em>Když zůstanete v mém slově, budete opravdu mými učedníky.</em><br><em>Bible, evangelium podle Jana 8:31</em></p></div>
        </div>
          </div>
</div>

<div id="block-12" class="pt-2 pb-2 alignfull is-layout-constrained">
  <div>
            <div class="row gx-4 gy-4 ">
          

<div id="block-11" class="col wp-block-yellowtree-column col-12 d-flex flex-column with-streched-height-children align-items-stretch align-items-md-stretch">
  <article id="block-10" data-bs-theme="dark" class="wp-block-yellowtree-card card has-context-height" style="--card-img-position:50% 50%">
      <div class="card-body">
    <h3 class="card-title">CO JE TO EXPLORE?</h3>
    <p class="card-text">Explore je příležitost posunout se vpřed na tvé cestě s Bohem – bez ohledu na to, kde právě stojíš. Zažiješ společenství a vyzkoušíš nové věci – protože o Bohu nechceme jen mluvit, ale chceme ho zažívat! Explore je pro všechny, kteří rádi objevují a zkouší nové věci. Do Explore se můžeš zapojit se svoji stávající Smallgroup nebo samostatně. Pokud se přihlásíš samostatně, Explore ti může s hledáním Smallgroup pomoct.<br>&nbsp;<br>Společně budeme zkoumat Boží roli v&nbsp;našem každodenním životě a&nbsp;to, kam nás Bůh povede, když mu to dovolíme. Budeme mít deset týdnů na to, abychom ho intenzivně hledali. Explore je velmi praktický: nezůstaneme pouze u&nbsp;teoretických principů křesťanské víry, ale pokusíme se je uvést do života. A&nbsp;protože je zábavnější být spolu, vydáme se na toto dobrodružství v&nbsp;malých skupinách. Během kurzu nás čekají také dvě speciální výzvy, které jako skupina absolvujeme. Vydej se na dobrodružství s&nbsp;Bohem a&nbsp;zažij, co znamená být součástí církve!<br>&nbsp;<br>Explore je 1. část Discipleship programu – programu učednictví. Časem na něj budou navazovat další části – Get Free a Impact.<br>&nbsp;<br>Vydej se na dobrodružství s Bohem a zažij, co znamená být součástí církve!<br>&nbsp;<br>Nejbližší termín EXPLORE startuje 15. 9. 2026. Čas setkání bude vždy v úterý dle rozpisu níže od 18 do 21 hodin.<br>Zúčastnit se Explore znamená dát Bohu prostor každý týden po dobu 10 týdnů.<br>&nbsp;<br>&nbsp;<br>Máš ke kurzu další dotazy? Zeptej se rovnou na e-mailu:&nbsp;<a href="mailto:explore@icf-praha.cz">explore@icf-praha.cz</a></p>
      </div>
</article></div>
        </div>
          </div>
</div>

<div id="block-27" class="pt-2 pb-2 alignfull is-layout-constrained">
  <div>
            <div class="row gx-4 gy-4 ">
          

<div id="block-24" class="col wp-block-yellowtree-column col-12 col-md-6 d-flex flex-column with-streched-height-children align-items-stretch align-items-md-stretch">
  <h3 id="block-13" class="h3 text-start">
  Přehled témat Explore</h3>

<p id="block-14" class="text-start wp-block-paragraph">
  15. 9. 2026 | Začínáme!</p>

<p id="block-15" class="text-start wp-block-paragraph">
  22. 9. 2026 | Být dítětem – Zažij Boha jako otce a matku</p>

<p id="block-16" class="text-start wp-block-paragraph">
  29. 9. 2026 | Modlitba – Prožij modlitbu jiným způsobem</p>

<p id="block-17" class="text-start wp-block-paragraph">
  6. 10. 2026 | Bible – Objevuj Bibli novým způsobem</p>

<p id="block-18" class="text-start wp-block-paragraph">
  13. 10. 2026 | Ježíš – Zažij Ježíše novým způsobem</p>

<p id="block-19" class="text-start wp-block-paragraph">
  20. 10. 2026 | Svoboda – Prožij skutečnou svobodu</p>

<p id="block-20" class="text-start wp-block-paragraph">
  27. 10. 2026 | Duch svatý – Objevuj Ducha svatého novým způsobem</p>

<p id="block-21" class="text-start wp-block-paragraph">
  3. 11. 2026 | Zdroje – Zažij Boha jako toho, kdo se o tebe stará</p>

<p id="block-22" class="text-start wp-block-paragraph">
  10. 11. 2026 | Požehnání – Buď člověkem, který přináší požehnání</p>

<p id="block-23" class="text-start wp-block-paragraph">
  19. 11. 2026 | Společenství – Přispěj svými dary (mimořádně ve čtvrtek)</p></div>


<div id="block-26" class="col wp-block-yellowtree-column col-12 col-md-6 d-flex flex-column justify-content-center align-items-stretch align-items-md-stretch">
  <div class="mw-100">
      <figure id="block-25">
      <div class="img-wrap" style="max-width:100%">
        <img decoding="async" src="https://icf.church/praha/wp-content/uploads/sites/135/2026/08/explore_bannerweb-1024x576.jpg" alt="" loading="lazy" title="" class="img-fluid w-100 h-100 rounded object-fit-cover" style="object-position: center center">
      </div>
          </figure>
    </div></div>
        </div>
          </div>
</div>

<div id="block-30" class="pt-2 pb-2 alignfull is-layout-constrained">
  <div>
            <div class="row gx-4 gy-4 ">
          

<div id="block-29" class="col wp-block-yellowtree-column col-12 d-flex flex-column with-streched-height-children align-items-stretch align-items-md-stretch">
  <div id="block-28" class="wp-block-yellowtree-elvanto-embed has-context-height">
    <iframe src="https://icf-praha.elvanto.eu/form/26379d36-4bd5-4d58-beca-bce62657df23" style="width: 100%; height: 75vh; border: none;" title="Elvanto Embed">
  </iframe>
</div></div>
        </div>
          </div>
</div>

<div id="block-33" class="pt-2 pb-2 alignfull is-layout-constrained">
  <div>
            <div class="row gx-4 gy-4 ">
          

<div id="block-32" class="col wp-block-yellowtree-column col-12 d-flex flex-column with-streched-height-children align-items-stretch align-items-md-stretch">
  <p id="block-31" class="text-start wp-block-paragraph">
  Vaše osobní údaje budeme zpracovávat za účelem organizace akce, na kterou jste se přihlásili.&nbsp;<a href="https://www.icf-praha.cz/souhlasy/" target="_blank" rel="noopener">Podmínky zpracování osobních údajů</a>.</p></div>
        </div>
          </div>
</div>
