{"id":164,"date":"2025-10-02T08:56:35","date_gmt":"2025-10-02T06:56:35","guid":{"rendered":"https:\/\/new.icf.church\/rio\/visit\/"},"modified":"2026-08-27T09:26:29","modified_gmt":"2026-08-27T12:26:29","slug":"visit","status":"publish","type":"page","link":"https:\/\/icf.church\/rio\/en\/visit\/","title":{"rendered":"Visit"},"content":{"rendered":"<h1 id=\"block-1\" class=\"mt-7 h1 display-1 text-start\">\n  Experience Church<\/h1>\n\n<p id=\"block-2\" class=\"mb-4 text-start wp-block-paragraph\">\n  Every week, we celebrate together at ICF Rio de Janeiro \u2014 our Celebrations, the highlight of our week.<\/p>\n\n\n<div id=\"block-8\" class=\"wp-block-yellowtree-hero-stage\">\n    <div class=\"hero-stage has-links\">\n        \n\n<div id=\"block-4\" class=\"hero-stage-content\">\n    <div class=\"hero-stage-content__background\">\n        <div class=\"overlay-black-25 h-100\">\n                            <img fetchpriority=\"high\" decoding=\"async\" width=\"2560\" height=\"1707\" src=\"https:\/\/icf.church\/rio\/wp-content\/uploads\/sites\/120\/2026\/08\/383-img_9799-1-scaled.jpg\" class=\"hero-stage-media\" alt=\"\" style=\"object-position: 52% 36%;\" aria-hidden=\"true\" loading=\"eager\" srcset=\"https:\/\/icf.church\/rio\/wp-content\/uploads\/sites\/120\/2026\/08\/383-img_9799-1-scaled.jpg 2560w, https:\/\/icf.church\/rio\/wp-content\/uploads\/sites\/120\/2026\/08\/383-img_9799-1-300x200.jpg 300w, https:\/\/icf.church\/rio\/wp-content\/uploads\/sites\/120\/2026\/08\/383-img_9799-1-1024x683.jpg 1024w, https:\/\/icf.church\/rio\/wp-content\/uploads\/sites\/120\/2026\/08\/383-img_9799-1-768x512.jpg 768w, https:\/\/icf.church\/rio\/wp-content\/uploads\/sites\/120\/2026\/08\/383-img_9799-1-1536x1024.jpg 1536w, https:\/\/icf.church\/rio\/wp-content\/uploads\/sites\/120\/2026\/08\/383-img_9799-1-2048x1365.jpg 2048w\" sizes=\"(max-width: 2560px) 100vw, 2560px\" \/>                    <\/div>\n        <div class=\"hero-stage-gradient\"><\/div>\n    <\/div>\n    <div class=\"hero-stage-content__foreground is-layout-constrained\">\n        <h1 id=\"block-3\" class=\"display-1 text-center\">\n    <\/h1>    <\/div>\n<\/div>\n\n\n<div id=\"block-7\" class=\"hero-stage-links is-layout-constrained count-2\">\n    <div class=\"icon-link-cards-layout column-gap-3 row-gap-1 justify-content-center break-md\">\n        \n\n<div id=\"block-5\" data-bs-theme=\"dark\" class=\"wp-block-yellowtree-icon-link-card\">\n  <div class='card-body flex-row justify-content-center align-items-center overflow-hidden gap-2 px-5 px-md-3 py-3 py-md-6'>\n    <div class='d-flex align-items-center gap-4 me-auto me-md-0 flex-md-column text-md-center gap-md-3'>\n      <i class='icon-square fs-2 fs-md-lg-const fa-solid fa-party-horn' aria-hidden='true'><\/i>\n      <a class='stretched-link fs-base-const' href='#celebration-times' target=''>\n        Celebration Times      <\/a>\n    <\/div>\n          <i class=\"icon fs-base-const fa-chevron-right ms-auto opacity-50 d-md-none\"><\/i>\n      <\/div>\n<\/div>\n\n\n<div id=\"block-6\" data-bs-theme=\"dark\" class=\"wp-block-yellowtree-icon-link-card\">\n  <div class='card-body flex-row justify-content-center align-items-center overflow-hidden gap-2 px-5 px-md-3 py-3 py-md-6'>\n    <div class='d-flex align-items-center gap-4 me-auto me-md-0 flex-md-column text-md-center gap-md-3'>\n      <i class='icon-square fs-2 fs-md-lg-const fa-solid fa-location-dot' aria-hidden='true'><\/i>\n      <a class='stretched-link fs-base-const' href='https:\/\/maps.app.goo.gl\/n62WXEXVeD6i5QQp9' target=''>\n        Get directions      <\/a>\n    <\/div>\n          <i class=\"icon fs-base-const fa-chevron-right ms-auto opacity-50 d-md-none\"><\/i>\n      <\/div>\n<\/div>\n    <\/div>\n<\/div>\n    <\/div>\n<\/div>\n\n<div id=\"block-14\" class=\"pt-2 pb-2 alignfull is-layout-constrained\">\n  <div>\n            <div class=\"row gx-4 gy-4 \">\n          \n\n<div id=\"block-13\" class=\"col wp-block-yellowtree-column col-12 d-flex flex-column with-streched-height-children align-items-stretch align-items-md-stretch\">\n  <h3 id=\"block-9\" class=\"h3 display-3 text-start\">\n  Celebrations<\/h3>\n\n<div><div class=\"alert alert-warning\"><b>Block-Template Fehler f\u00fcr <\/b><code>yellowtree\/services-list<\/code>: Kein Service-Widget ausgew\u00e4hlt.<\/div><\/div>\n\n<p id=\"celebration-times\" class=\"mb-7 text-start wp-block-paragraph\">\n  Every week, we celebrate three Celebrations at ICF Rio de Janeiro, each with its own time.<\/p>\n\n<p id=\"block-11\" class=\"text-start wp-block-paragraph\">\n  Sundays 10:30am, 5:30pm &amp; 7:30pm<\/p>\n\n<p id=\"block-12\" class=\"text-start wp-block-paragraph\">\n  Our address: <a href=\"https:\/\/maps.app.goo.gl\/n62WXEXVeD6i5QQp9\">Rua Lopes Trov\u00e3o 233, Icara\u00ed &#8211; Niter\u00f3i &#8211; Rio de Janeiro<\/a><\/p><\/div>\n        <\/div>\n          <\/div>\n<\/div>\n\n\n\n<h3 id=\"block-16\" class=\"h3 display-3 text-start\">\n  What you can expect<\/h3>\n\n<p id=\"block-17\" class=\"text-start wp-block-paragraph\">\n  We are a Christian church in tune with the times \u2014 creative, innovative, and sometimes a little crazy! With a firm yes to life and all the possibilities we have available today, we live out this dream every day. Our goal is to inspire people to live with Jesus Christ.<\/p>\n\n<p id=\"block-18\" class=\"text-start wp-block-paragraph\">\n  What started as a dream in 2011 still moves us as much as it did back then. In this church, we can find and get to know God personally, cultivate relationships with people, and use and develop our talents and gifts. With inspiring music, messages relevant to everyday life, and cutting-edge multimedia technology \u2014 together with everyone involved, the dream keeps becoming reality.<\/p>\n\n<div id=\"block-21\" class=\"pt-2 pb-2 alignfull is-layout-constrained\">\n  <div>\n            <div class=\"row gx-4 gy-4 \">\n          \n\n<div id=\"block-20\" class=\"col wp-block-yellowtree-column col-12 d-flex flex-column with-streched-height-children align-items-center align-items-md-center\">\n  <div>\n    <a id=\"block-19\" href=\"https:\/\/chat.whatsapp.com\/CH6ePqG9flQ5vA02oHvzLG\" rel=\"\" class=\"wp-block-yellowtree-button-link btn btn-action-1\">\n      <span>Join us on WhatsApp<\/span>\n              <i class=\"icon fs-base-const fa-solid fa-arrow-right\" aria-hidden=\"true\"><\/i>\n          <\/a>\n  <\/div><\/div>\n        <\/div>\n          <\/div>\n<\/div>\n\n<h3 id=\"block-22\" class=\"mt-10 h3 display-3 text-start\">\n  FAQ &#8211; Good to know<\/h3>\n\n<p id=\"block-23\" class=\"mb-6 text-start wp-block-paragraph\">\n  Do you have any questions? You can find the answers here.<\/p>\n\n\n<div id=\"block-28\" class=\"accordion\">\n  <body>\n\n<div id=\"block-25\" data-bs-theme=\"dark\" class=\"overflow-hidden wp-block-yellowtree-accordion-item\">\n  <div class=\"accordion-header\">\n    <button class=\"accordion-button rounded-0 collapsed focus-ring-inset\" type=\"button\" data-bs-toggle=\"collapse\" data-bs-target=\"#block-25-collapse\" aria-expanded=\"false\" aria-controls=\"block-25-collapse\">\n      <div>\n        <h3 class=\"mb-0\">\n          What are the Celebration times?        <\/h3>\n              <\/div>\n      <div class=\"ms-auto accordion-icons icon-container-base\">\n        <i class=\"icon fa-arrow-right accordion-icon-default\"><\/i>\n        <i class=\"icon fa-close accordion-icon-alt\"><\/i>\n      <\/div>\n    <\/button>\n  <\/div>\n  <div id=\"block-25-collapse\" class=\"accordion-collapse collapse \">\n    <div class=\"accordion-body pt-0\">\n      <p id=\"block-24\" class=\"text-start wp-block-paragraph\">\n  We celebrate every week on Sundays, at 10:30am, 5:30pm, and 7:30pm.<\/p>    <\/div>\n  <\/div>\n<\/div>\n\n\n<div id=\"block-27\" data-bs-theme=\"dark\" class=\"overflow-hidden wp-block-yellowtree-accordion-item\">\n  <div class=\"accordion-header\">\n    <button class=\"accordion-button rounded-0 collapsed focus-ring-inset\" type=\"button\" data-bs-toggle=\"collapse\" data-bs-target=\"#block-27-collapse\" aria-expanded=\"false\" aria-controls=\"block-27-collapse\">\n      <div>\n        <h3 class=\"mb-0\">\n          Where is ICF Rio de Janeiro located?        <\/h3>\n              <\/div>\n      <div class=\"ms-auto accordion-icons icon-container-base\">\n        <i class=\"icon fa-arrow-right accordion-icon-default\"><\/i>\n        <i class=\"icon fa-close accordion-icon-alt\"><\/i>\n      <\/div>\n    <\/button>\n  <\/div>\n  <div id=\"block-27-collapse\" class=\"accordion-collapse collapse \">\n    <div class=\"accordion-body pt-0\">\n      <p id=\"block-26\" class=\"text-start wp-block-paragraph\">\n  We are located at <a href=\"https:\/\/maps.app.goo.gl\/n62WXEXVeD6i5QQp9\">Rua Lopes Trov\u00e3o 233, Icara\u00ed &#8211; Niter\u00f3i &#8211; Rio de Janeiro<\/a>.<\/p>    <\/div>\n  <\/div>\n<\/div>\n<\/body><\/div>\n\n\n<div>\n  <div id=\"block-35\" class=\"wp-block-yellowtree-connect-social connect-social\">\n      \n\n<h2 id=\"block-29\" class=\"text-center display-2 mb-5\">\n    Stay Connected<\/h2>\n\n\n<p id=\"block-30\" class=\"text-center mb-6\">\n    Join the ICF Rio de Janeiro community on WhatsApp and social media and never miss a thing. Here you&#8217;ll regularly receive short news and updates about programs and events, straight to your phone.<\/p>\n\n\n<div id=\"block-34\" class=\"wp-block-yellowtree-connect-social-links d-flex gap-1 gap-md-5 justify-content-center\">\n  <html><body>\n\n\n\n\n<a id=\"block-32\" href=\"https:\/\/instagram.com\/icfrio\/\" target=\"_blank\" data-variation=\"instagram\" class=\"wp-block-yellowtree-connect-social-link btn\" aria-label=\"Instagram Link\">\n  <i class=\"icon connect-social-icon fs-md-lg-const fs-h3-const fa-brands fa-instagram\" aria-hidden=\"true\"><\/i>\n<\/a>\n\n\n<a id=\"block-33\" href=\"https:\/\/youtube.com\/@icfrio\" target=\"_blank\" data-variation=\"youtube\" class=\"wp-block-yellowtree-connect-social-link btn\" aria-label=\"Youtube Link\">\n  <i class=\"icon connect-social-icon fs-md-lg-const fs-h3-const fa-brands fa-youtube\" aria-hidden=\"true\"><\/i>\n<\/a>\n<\/body><\/html><\/div>\n  <\/div>\n<\/div>\n\n\n<p id=\"block-36\" class=\"text-start wp-block-paragraph\">\n  <\/p>","protected":false},"excerpt":{"rendered":"<p>Every Sunday we celebrate our Celebrations \u2013 our loud, joyful, and passionate worship service and weekly highlight!<\/p>\n","protected":false},"author":186,"featured_media":1094,"parent":0,"menu_order":4,"comment_status":"closed","ping_status":"closed","template":"","meta":{"_acf_changed":false,"_seopress_titles_title":"","_seopress_titles_desc":"","_seopress_robots_index":"","_seopress_robots_follow":"","_seopress_robots_imageindex":"","_seopress_robots_snippet":"","_seopress_robots_primary_cat":"","_seopress_robots_breadcrumbs":"","_seopress_robots_freeze_modified_date":"","_seopress_robots_custom_modified_date":"","_seopress_robots_canonical":"","_seopress_social_fb_title":"","_seopress_social_fb_desc":"","_seopress_social_fb_img":"","_seopress_social_fb_img_attachment_id":0,"_seopress_social_fb_img_width":0,"_seopress_social_fb_img_height":0,"_seopress_social_twitter_title":"","_seopress_social_twitter_desc":"","_seopress_social_twitter_img":"","_seopress_social_twitter_img_attachment_id":0,"_seopress_social_twitter_img_width":0,"_seopress_social_twitter_img_height":0,"_seopress_redirections_value":"","_seopress_redirections_enabled":"","_seopress_redirections_enabled_regex":"","_seopress_redirections_logged_status":"both","_seopress_redirections_param":"","_seopress_redirections_type":301,"_seopress_analysis_target_kw":"","_seopress_news_disabled":"","_seopress_video_disabled":"","_seopress_video":[{"url":"","title":"","desc":"","thumbnail":"","duration":"","rating":"","view_count":"","tag":""}],"_seopress_pro_schemas_manual":[],"_seopress_pro_rich_snippets_disable_all":"","_seopress_pro_rich_snippets_disable":[],"_seopress_pro_schemas":[],"yt_custom_styles_scss":"","yt_custom_styles_rounded_corners":false,"yt_custom_styles_color_scheme":"","footnotes":""},"class_list":["post-164","page","type-page","status-publish","has-post-thumbnail","hentry"],"acf":[],"_links":{"self":[{"href":"https:\/\/icf.church\/rio\/en\/wp-json\/wp\/v2\/pages\/164","targetHints":{"allow":["GET"]}}],"collection":[{"href":"https:\/\/icf.church\/rio\/en\/wp-json\/wp\/v2\/pages"}],"about":[{"href":"https:\/\/icf.church\/rio\/en\/wp-json\/wp\/v2\/types\/page"}],"author":[{"embeddable":true,"href":"https:\/\/icf.church\/rio\/en\/wp-json\/wp\/v2\/users\/186"}],"replies":[{"embeddable":true,"href":"https:\/\/icf.church\/rio\/en\/wp-json\/wp\/v2\/comments?post=164"}],"version-history":[{"count":26,"href":"https:\/\/icf.church\/rio\/en\/wp-json\/wp\/v2\/pages\/164\/revisions"}],"predecessor-version":[{"id":2146,"href":"https:\/\/icf.church\/rio\/en\/wp-json\/wp\/v2\/pages\/164\/revisions\/2146"}],"wp:featuredmedia":[{"embeddable":true,"href":"https:\/\/icf.church\/rio\/en\/wp-json\/wp\/v2\/media\/1094"}],"wp:attachment":[{"href":"https:\/\/icf.church\/rio\/en\/wp-json\/wp\/v2\/media?parent=164"}],"curies":[{"name":"wp","href":"https:\/\/api.w.org\/{rel}","templated":true}]}}

<h1 id="block-1" class="mt-7 h1 display-1 text-start">
  Experience Church</h1>

<p id="block-2" class="mb-4 text-start wp-block-paragraph">
  Every week, we celebrate together at ICF Rio de Janeiro — our Celebrations, the highlight of our week.</p>


<div id="block-8" class="wp-block-yellowtree-hero-stage">
    <div class="hero-stage has-links">
        

<div id="block-4" class="hero-stage-content">
    <div class="hero-stage-content__background">
        <div class="overlay-black-25 h-100">
                            <img fetchpriority="high" decoding="async" width="2560" height="1707" src="https://icf.church/rio/wp-content/uploads/sites/120/2026/08/383-img_9799-1-scaled.jpg" class="hero-stage-media" alt="" style="object-position: 52% 36%;" aria-hidden="true" loading="eager" srcset="https://icf.church/rio/wp-content/uploads/sites/120/2026/08/383-img_9799-1-scaled.jpg 2560w, https://icf.church/rio/wp-content/uploads/sites/120/2026/08/383-img_9799-1-300x200.jpg 300w, https://icf.church/rio/wp-content/uploads/sites/120/2026/08/383-img_9799-1-1024x683.jpg 1024w, https://icf.church/rio/wp-content/uploads/sites/120/2026/08/383-img_9799-1-768x512.jpg 768w, https://icf.church/rio/wp-content/uploads/sites/120/2026/08/383-img_9799-1-1536x1024.jpg 1536w, https://icf.church/rio/wp-content/uploads/sites/120/2026/08/383-img_9799-1-2048x1365.jpg 2048w" sizes="(max-width: 2560px) 100vw, 2560px" />                    </div>
        <div class="hero-stage-gradient"></div>
    </div>
    <div class="hero-stage-content__foreground is-layout-constrained">
        <h1 id="block-3" class="display-1 text-center">
    </h1>    </div>
</div>


<div id="block-7" class="hero-stage-links is-layout-constrained count-2">
    <div class="icon-link-cards-layout column-gap-3 row-gap-1 justify-content-center break-md">
        

<div id="block-5" data-bs-theme="dark" class="wp-block-yellowtree-icon-link-card">
  <div class='card-body flex-row justify-content-center align-items-center overflow-hidden gap-2 px-5 px-md-3 py-3 py-md-6'>
    <div class='d-flex align-items-center gap-4 me-auto me-md-0 flex-md-column text-md-center gap-md-3'>
      <i class='icon-square fs-2 fs-md-lg-const fa-solid fa-party-horn' aria-hidden='true'></i>
      <a class='stretched-link fs-base-const' href='#celebration-times' target=''>
        Celebration Times      </a>
    </div>
          <i class="icon fs-base-const fa-chevron-right ms-auto opacity-50 d-md-none"></i>
      </div>
</div>


<div id="block-6" data-bs-theme="dark" class="wp-block-yellowtree-icon-link-card">
  <div class='card-body flex-row justify-content-center align-items-center overflow-hidden gap-2 px-5 px-md-3 py-3 py-md-6'>
    <div class='d-flex align-items-center gap-4 me-auto me-md-0 flex-md-column text-md-center gap-md-3'>
      <i class='icon-square fs-2 fs-md-lg-const fa-solid fa-location-dot' aria-hidden='true'></i>
      <a class='stretched-link fs-base-const' href='https://maps.app.goo.gl/n62WXEXVeD6i5QQp9' target=''>
        Get directions      </a>
    </div>
          <i class="icon fs-base-const fa-chevron-right ms-auto opacity-50 d-md-none"></i>
      </div>
</div>
    </div>
</div>
    </div>
</div>

<div id="block-14" class="pt-2 pb-2 alignfull is-layout-constrained">
  <div>
            <div class="row gx-4 gy-4 ">
          

<div id="block-13" class="col wp-block-yellowtree-column col-12 d-flex flex-column with-streched-height-children align-items-stretch align-items-md-stretch">
  <h3 id="block-9" class="h3 display-3 text-start">
  Celebrations</h3>

<div><div class="alert alert-warning"><b>Block-Template Fehler für </b><code>yellowtree/services-list</code>: Kein Service-Widget ausgewählt.</div></div>

<p id="celebration-times" class="mb-7 text-start wp-block-paragraph">
  Every week, we celebrate three Celebrations at ICF Rio de Janeiro, each with its own time.</p>

<p id="block-11" class="text-start wp-block-paragraph">
  Sundays 10:30am, 5:30pm &amp; 7:30pm</p>

<p id="block-12" class="text-start wp-block-paragraph">
  Our address: <a href="https://maps.app.goo.gl/n62WXEXVeD6i5QQp9">Rua Lopes Trovão 233, Icaraí &#8211; Niterói &#8211; Rio de Janeiro</a></p></div>
        </div>
          </div>
</div>



<h3 id="block-16" class="h3 display-3 text-start">
  What you can expect</h3>

<p id="block-17" class="text-start wp-block-paragraph">
  We are a Christian church in tune with the times — creative, innovative, and sometimes a little crazy! With a firm yes to life and all the possibilities we have available today, we live out this dream every day. Our goal is to inspire people to live with Jesus Christ.</p>

<p id="block-18" class="text-start wp-block-paragraph">
  What started as a dream in 2011 still moves us as much as it did back then. In this church, we can find and get to know God personally, cultivate relationships with people, and use and develop our talents and gifts. With inspiring music, messages relevant to everyday life, and cutting-edge multimedia technology — together with everyone involved, the dream keeps becoming reality.</p>

<div id="block-21" class="pt-2 pb-2 alignfull is-layout-constrained">
  <div>
            <div class="row gx-4 gy-4 ">
          

<div id="block-20" class="col wp-block-yellowtree-column col-12 d-flex flex-column with-streched-height-children align-items-center align-items-md-center">
  <div>
    <a id="block-19" href="https://chat.whatsapp.com/CH6ePqG9flQ5vA02oHvzLG" rel="" class="wp-block-yellowtree-button-link btn btn-action-1">
      <span>Join us on WhatsApp</span>
              <i class="icon fs-base-const fa-solid fa-arrow-right" aria-hidden="true"></i>
          </a>
  </div></div>
        </div>
          </div>
</div>

<h3 id="block-22" class="mt-10 h3 display-3 text-start">
  FAQ &#8211; Good to know</h3>

<p id="block-23" class="mb-6 text-start wp-block-paragraph">
  Do you have any questions? You can find the answers here.</p>


<div id="block-28" class="accordion">
  <body>

<div id="block-25" data-bs-theme="dark" class="overflow-hidden wp-block-yellowtree-accordion-item">
  <div class="accordion-header">
    <button class="accordion-button rounded-0 collapsed focus-ring-inset" type="button" data-bs-toggle="collapse" data-bs-target="#block-25-collapse" aria-expanded="false" aria-controls="block-25-collapse">
      <div>
        <h3 class="mb-0">
          What are the Celebration times?        </h3>
              </div>
      <div class="ms-auto accordion-icons icon-container-base">
        <i class="icon fa-arrow-right accordion-icon-default"></i>
        <i class="icon fa-close accordion-icon-alt"></i>
      </div>
    </button>
  </div>
  <div id="block-25-collapse" class="accordion-collapse collapse ">
    <div class="accordion-body pt-0">
      <p id="block-24" class="text-start wp-block-paragraph">
  We celebrate every week on Sundays, at 10:30am, 5:30pm, and 7:30pm.</p>    </div>
  </div>
</div>


<div id="block-27" data-bs-theme="dark" class="overflow-hidden wp-block-yellowtree-accordion-item">
  <div class="accordion-header">
    <button class="accordion-button rounded-0 collapsed focus-ring-inset" type="button" data-bs-toggle="collapse" data-bs-target="#block-27-collapse" aria-expanded="false" aria-controls="block-27-collapse">
      <div>
        <h3 class="mb-0">
          Where is ICF Rio de Janeiro located?        </h3>
              </div>
      <div class="ms-auto accordion-icons icon-container-base">
        <i class="icon fa-arrow-right accordion-icon-default"></i>
        <i class="icon fa-close accordion-icon-alt"></i>
      </div>
    </button>
  </div>
  <div id="block-27-collapse" class="accordion-collapse collapse ">
    <div class="accordion-body pt-0">
      <p id="block-26" class="text-start wp-block-paragraph">
  We are located at <a href="https://maps.app.goo.gl/n62WXEXVeD6i5QQp9">Rua Lopes Trovão 233, Icaraí &#8211; Niterói &#8211; Rio de Janeiro</a>.</p>    </div>
  </div>
</div>
</body></div>


<div>
  <div id="block-35" class="wp-block-yellowtree-connect-social connect-social">
      

<h2 id="block-29" class="text-center display-2 mb-5">
    Stay Connected</h2>


<p id="block-30" class="text-center mb-6">
    Join the ICF Rio de Janeiro community on WhatsApp and social media and never miss a thing. Here you&#8217;ll regularly receive short news and updates about programs and events, straight to your phone.</p>


<div id="block-34" class="wp-block-yellowtree-connect-social-links d-flex gap-1 gap-md-5 justify-content-center">
  <html><body>




<a id="block-32" href="https://instagram.com/icfrio/" target="_blank" data-variation="instagram" class="wp-block-yellowtree-connect-social-link btn" aria-label="Instagram Link">
  <i class="icon connect-social-icon fs-md-lg-const fs-h3-const fa-brands fa-instagram" aria-hidden="true"></i>
</a>


<a id="block-33" href="https://youtube.com/@icfrio" target="_blank" data-variation="youtube" class="wp-block-yellowtree-connect-social-link btn" aria-label="Youtube Link">
  <i class="icon connect-social-icon fs-md-lg-const fs-h3-const fa-brands fa-youtube" aria-hidden="true"></i>
</a>
</body></html></div>
  </div>
</div>


<p id="block-36" class="text-start wp-block-paragraph">
  </p>
