{"id":1382,"date":"2025-10-02T08:37:48","date_gmt":"2025-10-02T11:37:48","guid":{"rendered":"https:\/\/new.icf.church\/rio\/?page_id=1382"},"modified":"2026-08-27T09:09:42","modified_gmt":"2026-08-27T12:09:42","slug":"aviso-legal","status":"publish","type":"page","link":"https:\/\/icf.church\/rio\/pt\/aviso-legal\/","title":{"rendered":"Aviso Legal"},"content":{"rendered":"<div id=\"block-3\" class=\"pt-4 pb-4 alignfull is-layout-constrained\">\n  <div>\n            <div class=\"row gx-4 gy-4 \">\n          \n\n<div id=\"block-2\" class=\"col wp-block-yellowtree-column col-12 d-flex flex-column with-streched-height-children align-items-stretch align-items-md-stretch\">\n  <h1 id=\"block-1\" class=\"h1 display-1 text-start\">\n  Aviso Legal<\/h1><\/div>\n        <\/div>\n          <\/div>\n<\/div>\n\n<div id=\"block-16\" class=\"pt-2 pb-2 alignfull is-layout-constrained\">\n  <div>\n            <div class=\"row gx-4 gy-4 \">\n          \n\n<div id=\"block-11\" class=\"col wp-block-yellowtree-column col-12 col-md-6 d-flex flex-column justify-content-start align-items-stretch align-items-md-stretch\">\n  <div class=\"has-context-height\">\n  <article id=\"block-10\" data-bs-theme=\"dark\" class=\"wp-block-yellowtree-container-card card has-context-height\">\n    <div class=\"card-body\">\n      <h2 id=\"block-4\" class=\"mt-4 mb-4 h2 text-start\">\n  Contato<\/h2>\n\n<p id=\"block-5\" class=\"has-trend-3-color has-text-color has-link-color wp-elements-e9513a4971775a61368ce4cd0f9daa45 fs-base text-start wp-block-paragraph\">\n  <strong>ICF Rio de Janeiro<br><\/strong>Rua Lopes Trov\u00e3o, 233<br>Icara\u00ed \u2013 Niter\u00f3i &#8211; RJ<br>CEP 24.220-070, Brasil<br><strong>paulo.cordeiro@icf-rio.com<\/strong><\/p>\n\n<p id=\"block-6\" class=\"has-trend-3-color has-text-color has-link-color wp-elements-fbaf32535af250c97e4390d215130a13 mt-2 mb-2 fs-sm text-start wp-block-paragraph\">\n  <em>ICF RIO &#8211; INTERNATIONAL CHRISTIAN FELLOWSHIP, CNPJ 32.418.141\/0001-15, \u00e9 uma associa\u00e7\u00e3o religiosa sem fins lucrativos, constitu\u00edda de acordo com a legisla\u00e7\u00e3o brasileira.<\/em><\/p>\n\n<div id=\"block-9\" class=\"pt-2 pb-2 alignfull is-layout-constrained\">\n  <div>\n            <div class=\"row gx-4 gy-4 \">\n          \n\n<div id=\"block-8\" class=\"col wp-block-yellowtree-column col-12 d-flex flex-column justify-content-center align-items-center align-items-md-center\">\n  <div>\n    <a id=\"block-7\" href=\"\/rio\/pt\/contato\/\" rel=\"\" class=\"wp-block-yellowtree-button-link btn btn-default btn-sm\">\n      <span>CONTATO<\/span>\n          <\/a>\n  <\/div><\/div>\n        <\/div>\n          <\/div>\n<\/div>    <\/div>\n  <\/article>\n<\/div><\/div>\n\n\n<div id=\"block-15\" class=\"col wp-block-yellowtree-column col-12 col-md-6 d-flex flex-column justify-content-center align-items-stretch align-items-md-stretch\">\n  <h2 id=\"block-12\" class=\"mt-2 mb-2 h2 text-start\">\n  Respons\u00e1veis<\/h2>\n\n<p id=\"block-13\" class=\"text-start wp-block-paragraph\">\n  <strong>Representante Legal<\/strong><br>Bruno &amp; Nat\u00e1lia Cordeiro, Pastores da ICF Rio de Janeiro<\/p>\n\n<p id=\"block-14\" class=\"text-start wp-block-paragraph\">\n  Paulo Andr\u00e9 Carneiro Campos Cordeiro, diretor fiananceiro<br><br><strong>Entidade Registrada<\/strong><br>ICF RIO &#8211; INTERNATIONAL CHRISTIAN FELLOWSHIP<br>CNPJ 32.418.141\/0001-15<\/p><\/div>\n        <\/div>\n          <\/div>\n<\/div>\n\n<div id=\"block-22\" class=\"pt-6 pb-2 alignfull is-layout-constrained\">\n  <div>\n            <div class=\"row gx-4 gy-4 \">\n          \n\n<div id=\"block-21\" class=\"col wp-block-yellowtree-column col-12 d-flex flex-column with-streched-height-children align-items-stretch align-items-md-stretch\">\n  <h2 id=\"block-17\" class=\"h2 text-start\">\n  Direitos Autorais<\/h2>\n\n<p id=\"block-18\" class=\"text-start wp-block-paragraph\">\n  Todo o conte\u00fado, imagens, fotos e arquivos deste site s\u00e3o protegidos por direitos autorais. Salvo indica\u00e7\u00e3o em contr\u00e1rio, os direitos pertencem ao ICF Movement ou aos respectivos titulares creditados.<\/p>\n\n<p id=\"block-19\" class=\"text-start wp-block-paragraph\">\n  Ficamos felizes quando nosso conte\u00fado inspira outras pessoas \u2013 mas se voc\u00ea quiser reutiliz\u00e1-lo (por exemplo, baixar, reproduzir ou publicar), pedimos que solicite autoriza\u00e7\u00e3o por escrito com anteced\u00eancia.<\/p>\n\n<p id=\"block-20\" class=\"text-start wp-block-paragraph\">\n  Fique \u00e0 vontade para entrar em contato \u2013 teremos prazer em encontrar uma boa solu\u00e7\u00e3o juntos.<\/p><\/div>\n        <\/div>\n          <\/div>\n<\/div>\n\n<div id=\"block-28\" class=\"pt-4 pb-4 alignfull is-layout-constrained\">\n  <div>\n            <div class=\"row gx-4 gy-4 \">\n          \n\n<div id=\"block-27\" class=\"col wp-block-yellowtree-column col-12 d-flex flex-column with-streched-height-children align-items-stretch align-items-md-stretch\">\n  <h2 id=\"block-23\" class=\"h2 text-start\">\n  Isen\u00e7\u00e3o de Responsabilidade<\/h2>\n\n<p id=\"block-24\" class=\"text-start wp-block-paragraph\">\n  Na ICF Rio de Janeiro, fazemos o poss\u00edvel para manter este site atualizado, preciso e completo. No entanto, n\u00e3o podemos garantir a exatid\u00e3o ou integridade do conte\u00fado em todos os momentos.<\/p>\n\n<p id=\"block-25\" class=\"text-start wp-block-paragraph\">\n  Exclu\u00edmos a responsabilidade por qualquer dano material ou imaterial resultante do uso ou n\u00e3o uso das informa\u00e7\u00f5es fornecidas \u2013 na medida em que a lei permitir.<\/p>\n\n<p id=\"block-26\" class=\"wp-elements-76244504550a01f17e908b2acaed736d text-start wp-block-paragraph\">\n  Podem ocorrer problemas t\u00e9cnicos, interrup\u00e7\u00f5es ou instabilidades tempor\u00e1rias. Reservamo-nos o direito de alterar, adicionar ou remover conte\u00fado a qualquer momento, sem aviso pr\u00e9vio. Se voc\u00ea perceber algum erro ou conte\u00fado problem\u00e1tico, agradecemos uma mensagem r\u00e1pida atrav\u00e9s da nossa <a href=\"\/rio\/pt\/contato\/\">p\u00e1gina de contato<\/a> \u2013 para que possamos resolver o quanto antes.<\/p><\/div>\n        <\/div>\n          <\/div>\n<\/div>\n\n<div id=\"block-33\" class=\"pt-4 pb-4 alignfull is-layout-constrained\">\n  <div>\n            <div class=\"row gx-4 gy-4 \">\n          \n\n<div id=\"block-32\" class=\"col wp-block-yellowtree-column col-12 d-flex flex-column with-streched-height-children align-items-stretch align-items-md-stretch\">\n  <h2 id=\"block-29\" class=\"h2 text-start\">\n  Isen\u00e7\u00e3o de Responsabilidade para Links<\/h2>\n\n<p id=\"block-30\" class=\"text-start wp-block-paragraph\">\n  Compartilhamos links para sites externos porque gostamos de repassar conte\u00fados que nos inspiram. No entanto, deixamos claro: a responsabilidade por esses conte\u00fados externos \u00e9 dos respectivos propriet\u00e1rios dos sites \u2013 n\u00e3o temos autoridade editorial sobre eles. No momento em que os links foram inseridos, revisamos as p\u00e1ginas e n\u00e3o encontramos conte\u00fado ilegal.<\/p>\n\n<p id=\"block-31\" class=\"wp-elements-79ff732e0693dd82548482af75a56e35 text-start wp-block-paragraph\">\n  Uma revis\u00e3o permanente de todo o conte\u00fado vinculado n\u00e3o \u00e9 poss\u00edvel. Se voc\u00ea perceber algo inadequado ou ilegal, avise-nos atrav\u00e9s da nossa <a href=\"\/rio\/pt\/contato\/\">p\u00e1gina de contato<\/a> \u2013 e cuidaremos disso o mais r\u00e1pido poss\u00edvel.<\/p><\/div>\n        <\/div>\n          <\/div>\n<\/div>\n\n<div id=\"block-36\" class=\"pt-4 pb-4 alignfull is-layout-constrained\">\n  <div>\n            <div class=\"row gx-4 gy-4 \">\n          \n\n<div id=\"block-35\" class=\"col wp-block-yellowtree-column col-12 d-flex flex-column with-streched-height-children align-items-stretch align-items-md-stretch\">\n  <p id=\"block-34\" class=\"text-start wp-block-paragraph\">\n  Para saber como tratamos os seus dados pessoais, consulte a nossa <a href=\"https:\/\/icf.church\/rio\/pt\/privacidade\/\">Pol\u00edtica de Privacidade<\/a>.<\/p><\/div>\n        <\/div>\n          <\/div>\n<\/div>","protected":false},"excerpt":{"rendered":"","protected":false},"author":186,"featured_media":0,"parent":0,"menu_order":13,"comment_status":"closed","ping_status":"closed","template":"","meta":{"_acf_changed":false,"_seopress_titles_title":"","_seopress_titles_desc":"","_seopress_robots_index":"","_seopress_robots_follow":"","_seopress_robots_imageindex":"","_seopress_robots_snippet":"","_seopress_robots_primary_cat":"","_seopress_robots_breadcrumbs":"","_seopress_robots_freeze_modified_date":"","_seopress_robots_custom_modified_date":"","_seopress_robots_canonical":"","_seopress_social_fb_title":"","_seopress_social_fb_desc":"","_seopress_social_fb_img":"","_seopress_social_fb_img_attachment_id":0,"_seopress_social_fb_img_width":0,"_seopress_social_fb_img_height":0,"_seopress_social_twitter_title":"","_seopress_social_twitter_desc":"","_seopress_social_twitter_img":"","_seopress_social_twitter_img_attachment_id":0,"_seopress_social_twitter_img_width":0,"_seopress_social_twitter_img_height":0,"_seopress_redirections_value":"","_seopress_redirections_enabled":"","_seopress_redirections_enabled_regex":"","_seopress_redirections_logged_status":"","_seopress_redirections_param":"","_seopress_redirections_type":0,"_seopress_analysis_target_kw":"","_seopress_news_disabled":"","_seopress_video_disabled":"","_seopress_video":[],"_seopress_pro_schemas_manual":[],"_seopress_pro_rich_snippets_disable_all":"","_seopress_pro_rich_snippets_disable":[],"_seopress_pro_schemas":[],"yt_custom_styles_scss":"","yt_custom_styles_rounded_corners":false,"yt_custom_styles_color_scheme":"","footnotes":""},"class_list":["post-1382","page","type-page","status-publish","hentry"],"acf":[],"_links":{"self":[{"href":"https:\/\/icf.church\/rio\/pt\/wp-json\/wp\/v2\/pages\/1382","targetHints":{"allow":["GET"]}}],"collection":[{"href":"https:\/\/icf.church\/rio\/pt\/wp-json\/wp\/v2\/pages"}],"about":[{"href":"https:\/\/icf.church\/rio\/pt\/wp-json\/wp\/v2\/types\/page"}],"author":[{"embeddable":true,"href":"https:\/\/icf.church\/rio\/pt\/wp-json\/wp\/v2\/users\/186"}],"replies":[{"embeddable":true,"href":"https:\/\/icf.church\/rio\/pt\/wp-json\/wp\/v2\/comments?post=1382"}],"version-history":[{"count":12,"href":"https:\/\/icf.church\/rio\/pt\/wp-json\/wp\/v2\/pages\/1382\/revisions"}],"predecessor-version":[{"id":2143,"href":"https:\/\/icf.church\/rio\/pt\/wp-json\/wp\/v2\/pages\/1382\/revisions\/2143"}],"wp:attachment":[{"href":"https:\/\/icf.church\/rio\/pt\/wp-json\/wp\/v2\/media?parent=1382"}],"curies":[{"name":"wp","href":"https:\/\/api.w.org\/{rel}","templated":true}]}}

<div id="block-3" class="pt-4 pb-4 alignfull is-layout-constrained">
  <div>
            <div class="row gx-4 gy-4 ">
          

<div id="block-2" class="col wp-block-yellowtree-column col-12 d-flex flex-column with-streched-height-children align-items-stretch align-items-md-stretch">
  <h1 id="block-1" class="h1 display-1 text-start">
  Aviso Legal</h1></div>
        </div>
          </div>
</div>

<div id="block-16" class="pt-2 pb-2 alignfull is-layout-constrained">
  <div>
            <div class="row gx-4 gy-4 ">
          

<div id="block-11" class="col wp-block-yellowtree-column col-12 col-md-6 d-flex flex-column justify-content-start align-items-stretch align-items-md-stretch">
  <div class="has-context-height">
  <article id="block-10" data-bs-theme="dark" class="wp-block-yellowtree-container-card card has-context-height">
    <div class="card-body">
      <h2 id="block-4" class="mt-4 mb-4 h2 text-start">
  Contato</h2>

<p id="block-5" class="has-trend-3-color has-text-color has-link-color wp-elements-e9513a4971775a61368ce4cd0f9daa45 fs-base text-start wp-block-paragraph">
  <strong>ICF Rio de Janeiro<br></strong>Rua Lopes Trovão, 233<br>Icaraí – Niterói &#8211; RJ<br>CEP 24.220-070, Brasil<br><strong>paulo.cordeiro@icf-rio.com</strong></p>

<p id="block-6" class="has-trend-3-color has-text-color has-link-color wp-elements-fbaf32535af250c97e4390d215130a13 mt-2 mb-2 fs-sm text-start wp-block-paragraph">
  <em>ICF RIO &#8211; INTERNATIONAL CHRISTIAN FELLOWSHIP, CNPJ 32.418.141/0001-15, é uma associação religiosa sem fins lucrativos, constituída de acordo com a legislação brasileira.</em></p>

<div id="block-9" class="pt-2 pb-2 alignfull is-layout-constrained">
  <div>
            <div class="row gx-4 gy-4 ">
          

<div id="block-8" class="col wp-block-yellowtree-column col-12 d-flex flex-column justify-content-center align-items-center align-items-md-center">
  <div>
    <a id="block-7" href="/rio/pt/contato/" rel="" class="wp-block-yellowtree-button-link btn btn-default btn-sm">
      <span>CONTATO</span>
          </a>
  </div></div>
        </div>
          </div>
</div>    </div>
  </article>
</div></div>


<div id="block-15" class="col wp-block-yellowtree-column col-12 col-md-6 d-flex flex-column justify-content-center align-items-stretch align-items-md-stretch">
  <h2 id="block-12" class="mt-2 mb-2 h2 text-start">
  Responsáveis</h2>

<p id="block-13" class="text-start wp-block-paragraph">
  <strong>Representante Legal</strong><br>Bruno &amp; Natália Cordeiro, Pastores da ICF Rio de Janeiro</p>

<p id="block-14" class="text-start wp-block-paragraph">
  Paulo André Carneiro Campos Cordeiro, diretor fiananceiro<br><br><strong>Entidade Registrada</strong><br>ICF RIO &#8211; INTERNATIONAL CHRISTIAN FELLOWSHIP<br>CNPJ 32.418.141/0001-15</p></div>
        </div>
          </div>
</div>

<div id="block-22" class="pt-6 pb-2 alignfull is-layout-constrained">
  <div>
            <div class="row gx-4 gy-4 ">
          

<div id="block-21" class="col wp-block-yellowtree-column col-12 d-flex flex-column with-streched-height-children align-items-stretch align-items-md-stretch">
  <h2 id="block-17" class="h2 text-start">
  Direitos Autorais</h2>

<p id="block-18" class="text-start wp-block-paragraph">
  Todo o conteúdo, imagens, fotos e arquivos deste site são protegidos por direitos autorais. Salvo indicação em contrário, os direitos pertencem ao ICF Movement ou aos respectivos titulares creditados.</p>

<p id="block-19" class="text-start wp-block-paragraph">
  Ficamos felizes quando nosso conteúdo inspira outras pessoas – mas se você quiser reutilizá-lo (por exemplo, baixar, reproduzir ou publicar), pedimos que solicite autorização por escrito com antecedência.</p>

<p id="block-20" class="text-start wp-block-paragraph">
  Fique à vontade para entrar em contato – teremos prazer em encontrar uma boa solução juntos.</p></div>
        </div>
          </div>
</div>

<div id="block-28" class="pt-4 pb-4 alignfull is-layout-constrained">
  <div>
            <div class="row gx-4 gy-4 ">
          

<div id="block-27" class="col wp-block-yellowtree-column col-12 d-flex flex-column with-streched-height-children align-items-stretch align-items-md-stretch">
  <h2 id="block-23" class="h2 text-start">
  Isenção de Responsabilidade</h2>

<p id="block-24" class="text-start wp-block-paragraph">
  Na ICF Rio de Janeiro, fazemos o possível para manter este site atualizado, preciso e completo. No entanto, não podemos garantir a exatidão ou integridade do conteúdo em todos os momentos.</p>

<p id="block-25" class="text-start wp-block-paragraph">
  Excluímos a responsabilidade por qualquer dano material ou imaterial resultante do uso ou não uso das informações fornecidas – na medida em que a lei permitir.</p>

<p id="block-26" class="wp-elements-76244504550a01f17e908b2acaed736d text-start wp-block-paragraph">
  Podem ocorrer problemas técnicos, interrupções ou instabilidades temporárias. Reservamo-nos o direito de alterar, adicionar ou remover conteúdo a qualquer momento, sem aviso prévio. Se você perceber algum erro ou conteúdo problemático, agradecemos uma mensagem rápida através da nossa <a href="/rio/pt/contato/">página de contato</a> – para que possamos resolver o quanto antes.</p></div>
        </div>
          </div>
</div>

<div id="block-33" class="pt-4 pb-4 alignfull is-layout-constrained">
  <div>
            <div class="row gx-4 gy-4 ">
          

<div id="block-32" class="col wp-block-yellowtree-column col-12 d-flex flex-column with-streched-height-children align-items-stretch align-items-md-stretch">
  <h2 id="block-29" class="h2 text-start">
  Isenção de Responsabilidade para Links</h2>

<p id="block-30" class="text-start wp-block-paragraph">
  Compartilhamos links para sites externos porque gostamos de repassar conteúdos que nos inspiram. No entanto, deixamos claro: a responsabilidade por esses conteúdos externos é dos respectivos proprietários dos sites – não temos autoridade editorial sobre eles. No momento em que os links foram inseridos, revisamos as páginas e não encontramos conteúdo ilegal.</p>

<p id="block-31" class="wp-elements-79ff732e0693dd82548482af75a56e35 text-start wp-block-paragraph">
  Uma revisão permanente de todo o conteúdo vinculado não é possível. Se você perceber algo inadequado ou ilegal, avise-nos através da nossa <a href="/rio/pt/contato/">página de contato</a> – e cuidaremos disso o mais rápido possível.</p></div>
        </div>
          </div>
</div>

<div id="block-36" class="pt-4 pb-4 alignfull is-layout-constrained">
  <div>
            <div class="row gx-4 gy-4 ">
          

<div id="block-35" class="col wp-block-yellowtree-column col-12 d-flex flex-column with-streched-height-children align-items-stretch align-items-md-stretch">
  <p id="block-34" class="text-start wp-block-paragraph">
  Para saber como tratamos os seus dados pessoais, consulte a nossa <a href="https://icf.church/rio/pt/privacidade/">Política de Privacidade</a>.</p></div>
        </div>
          </div>
</div>
