{"id":135,"date":"2025-10-02T09:08:48","date_gmt":"2025-10-02T07:08:34","guid":{"rendered":"https:\/\/new.new.icf.church\/stgallen\/?page_id=135"},"modified":"2026-08-23T20:36:12","modified_gmt":"2026-08-23T18:36:12","slug":"findeanschluss","status":"publish","type":"page","link":"https:\/\/icf.church\/stgallen\/de\/findeanschluss\/","title":{"rendered":"Finde Anschluss"},"content":{"rendered":"<h1 id=\"block-1\" class=\"mt-4 mb-4 h1 text-center\">\n  Finde Anschluss<\/h1>\n\n\n<div id=\"block-4\" class=\"wp-block-yellowtree-hero-stage\">\n    <div class=\"hero-stage \">\n        \n\n<div id=\"block-3\" class=\"hero-stage-content\">\n    <div class=\"hero-stage-content__background\">\n        <div class=\"overlay-black-25 h-100\">\n                            <img fetchpriority=\"high\" decoding=\"async\" width=\"2560\" height=\"1710\" src=\"https:\/\/icf.church\/stgallen\/wp-content\/uploads\/sites\/69\/2026\/08\/dsc00712-scaled.jpg\" class=\"hero-stage-media\" alt=\"\" style=\"object-position: 53% 13%;\" aria-hidden=\"true\" loading=\"eager\" srcset=\"https:\/\/icf.church\/stgallen\/wp-content\/uploads\/sites\/69\/2026\/08\/dsc00712-scaled.jpg 2560w, https:\/\/icf.church\/stgallen\/wp-content\/uploads\/sites\/69\/2026\/08\/dsc00712-300x200.jpg 300w, https:\/\/icf.church\/stgallen\/wp-content\/uploads\/sites\/69\/2026\/08\/dsc00712-1024x684.jpg 1024w, https:\/\/icf.church\/stgallen\/wp-content\/uploads\/sites\/69\/2026\/08\/dsc00712-768x513.jpg 768w, https:\/\/icf.church\/stgallen\/wp-content\/uploads\/sites\/69\/2026\/08\/dsc00712-1536x1026.jpg 1536w, https:\/\/icf.church\/stgallen\/wp-content\/uploads\/sites\/69\/2026\/08\/dsc00712-2048x1368.jpg 2048w\" sizes=\"(max-width: 2560px) 100vw, 2560px\" \/>                    <\/div>\n        <div class=\"hero-stage-gradient\"><\/div>\n    <\/div>\n    <div class=\"hero-stage-content__foreground is-layout-constrained\">\n        <h1 id=\"block-2\" class=\"display-1 text-center\">\n    <\/h1>    <\/div>\n<\/div>\n    <\/div>\n<\/div>\n\n<h2 id=\"block-5\" class=\"mt-7 mb-4 h2 text-center\">\n  Werde Teil der Familie<\/h2>\n\n<p id=\"block-6\" class=\"mb-4 fs-base text-center wp-block-paragraph\">\n  Wir w\u00fcnschen uns, dass die Kirche f\u00fcr dich zu einer Familie werden kann. Ob eine Team Group, die praktisch durch Mitarbeit einen Unterschied macht, eine Small Group, welche sich regelm\u00e4ssig unter der Woche trifft, oder eine der Communities&nbsp;je nach Alter und Interesse, wir haben sicher einen passenden Ort f\u00fcr dich!&nbsp;Werde Teil unserer Church Family und erlebe echte und verbindliche Beziehungen!<\/p>\n\n<div id=\"block-19\" class=\"pt-2 pb-2 alignfull is-layout-constrained\">\n  <div>\n            <div class=\"row gx-4 gy-4 \">\n          \n\n<div id=\"block-10\" class=\"col wp-block-yellowtree-column col-12 col-lg-4 d-flex flex-column with-streched-height-children align-items-stretch align-items-lg-stretch\">\n  <article id=\"block-9\" data-bs-theme=\"dark\" class=\"wp-block-yellowtree-card card has-context-height\" style=\"--card-img-position:41% 29%\">\n        <img decoding=\"async\" width=\"683\" height=\"1024\" src=\"https:\/\/icf.church\/stgallen\/wp-content\/uploads\/sites\/69\/2026\/05\/dsc03775-683x1024.jpg\" class=\"card-img-top\" alt=\"Drei Personen sitzen an einem Tisch, lachen und unterhalten sich.\" draggable=\"false\" loading=\"lazy\" srcset=\"https:\/\/icf.church\/stgallen\/wp-content\/uploads\/sites\/69\/2026\/05\/dsc03775-683x1024.jpg 683w, https:\/\/icf.church\/stgallen\/wp-content\/uploads\/sites\/69\/2026\/05\/dsc03775-200x300.jpg 200w, https:\/\/icf.church\/stgallen\/wp-content\/uploads\/sites\/69\/2026\/05\/dsc03775-768x1152.jpg 768w, https:\/\/icf.church\/stgallen\/wp-content\/uploads\/sites\/69\/2026\/05\/dsc03775-1024x1536.jpg 1024w, https:\/\/icf.church\/stgallen\/wp-content\/uploads\/sites\/69\/2026\/05\/dsc03775-1366x2048.jpg 1366w, https:\/\/icf.church\/stgallen\/wp-content\/uploads\/sites\/69\/2026\/05\/dsc03775-scaled.jpg 1707w\" sizes=\"(max-width: 683px) 100vw, 683px\">    <div class=\"card-body\">\n    <h3 class=\"card-title\">Groups<\/h3>\n    <p class=\"card-text\">Falls du Leute kennenlernen willst und in deiner Beziehung zu Gott wachsen m\u00f6chtest, dann sind wir \u00fcberzeugt, dass eine Group im ICF der ideale Ort f\u00fcr dich sein wird.<\/p>\n    <div id=\"block-8\" class=\"wp-block-yellowtree-card-buttons card-buttons\">\n  \n\n  <div>\n    <a id=\"block-7\" href=\"https:\/\/icf.church\/stgallen\/de\/groups\/\" target=\"_blank\" class=\"wp-block-yellowtree-card-button btn btn-sm btn-secondary\">\n      <span>Weitere Infos<\/span>\n              <i class=\"icon fs-base-const fa-arrow-right\" aria-hidden=\"true\"><\/i>\n          <\/a>\n  <\/div>\n\n<\/div>  <\/div>\n<\/article><\/div>\n\n\n<div id=\"block-14\" class=\"col wp-block-yellowtree-column col-12 col-lg-4 d-flex flex-column with-streched-height-children align-items-stretch align-items-lg-stretch\">\n  <article id=\"block-13\" data-bs-theme=\"dark\" class=\"wp-block-yellowtree-card card has-context-height\" style=\"--card-img-position:49% 18%\">\n        <img decoding=\"async\" width=\"1024\" height=\"684\" src=\"https:\/\/icf.church\/stgallen\/wp-content\/uploads\/sites\/69\/2026\/08\/dsc00741-1024x684.jpg\" class=\"card-img-top\" alt=\"\" draggable=\"false\" loading=\"lazy\" srcset=\"https:\/\/icf.church\/stgallen\/wp-content\/uploads\/sites\/69\/2026\/08\/dsc00741-1024x684.jpg 1024w, https:\/\/icf.church\/stgallen\/wp-content\/uploads\/sites\/69\/2026\/08\/dsc00741-300x200.jpg 300w, https:\/\/icf.church\/stgallen\/wp-content\/uploads\/sites\/69\/2026\/08\/dsc00741-768x513.jpg 768w, https:\/\/icf.church\/stgallen\/wp-content\/uploads\/sites\/69\/2026\/08\/dsc00741-1536x1026.jpg 1536w, https:\/\/icf.church\/stgallen\/wp-content\/uploads\/sites\/69\/2026\/08\/dsc00741-2048x1368.jpg 2048w\" sizes=\"(max-width: 1024px) 100vw, 1024px\">    <div class=\"card-body\">\n    <h3 class=\"card-title\">Mitarbeit<\/h3>\n    <p class=\"card-text\">Durch Mitarbeit in einem Team kannst du deine Leidenschaft entfalten, Gaben entwickeln und geniale Gemeinschaft erleben.<\/p>\n    <div id=\"block-12\" class=\"wp-block-yellowtree-card-buttons card-buttons\">\n  \n\n  <div>\n    <a id=\"block-11\" href=\"https:\/\/icf.church\/stgallen\/de\/mitarbeiten\/\" class=\"wp-block-yellowtree-card-button btn btn-sm btn-secondary\">\n      <span>Weitere Infos<\/span>\n              <i class=\"icon fs-base-const fa-arrow-right\" aria-hidden=\"true\"><\/i>\n          <\/a>\n  <\/div>\n\n<\/div>  <\/div>\n<\/article><\/div>\n\n\n<div id=\"block-18\" class=\"col wp-block-yellowtree-column col-12 col-lg-4 d-flex flex-column with-streched-height-children align-items-stretch align-items-lg-stretch\">\n  <article id=\"block-17\" data-bs-theme=\"dark\" class=\"wp-block-yellowtree-card card has-context-height\" style=\"--card-img-position:44% 47%\">\n        <img decoding=\"async\" width=\"1024\" height=\"683\" src=\"https:\/\/icf.church\/stgallen\/wp-content\/uploads\/sites\/69\/2026\/05\/icf-youth_2308-9-1024x683.jpg\" class=\"card-img-top\" alt=\"Menschen stehen in einer Reihe, einige haben die H\u00e4nde vor sich verschr\u00e4nkt.\" draggable=\"false\" loading=\"lazy\" srcset=\"https:\/\/icf.church\/stgallen\/wp-content\/uploads\/sites\/69\/2026\/05\/icf-youth_2308-9-1024x683.jpg 1024w, https:\/\/icf.church\/stgallen\/wp-content\/uploads\/sites\/69\/2026\/05\/icf-youth_2308-9-300x200.jpg 300w, https:\/\/icf.church\/stgallen\/wp-content\/uploads\/sites\/69\/2026\/05\/icf-youth_2308-9-768x512.jpg 768w, https:\/\/icf.church\/stgallen\/wp-content\/uploads\/sites\/69\/2026\/05\/icf-youth_2308-9-1536x1024.jpg 1536w, https:\/\/icf.church\/stgallen\/wp-content\/uploads\/sites\/69\/2026\/05\/icf-youth_2308-9-2048x1365.jpg 2048w\" sizes=\"(max-width: 1024px) 100vw, 1024px\">    <div class=\"card-body\">\n    <h3 class=\"card-title\">Small Groups<\/h3>\n    <p class=\"card-text\">Damit du dich im ICF schnell Zuhause f\u00fchlst, haben wir verschiedene Angebote je nach Alter und Interesse.<\/p>\n    <div id=\"block-16\" class=\"wp-block-yellowtree-card-buttons card-buttons\">\n  \n\n  <div>\n    <a id=\"block-15\" href=\"https:\/\/icf.church\/stgallen\/de\/groups\/\" target=\"_blank\" class=\"wp-block-yellowtree-card-button btn btn-sm btn-secondary\">\n      <span>Weitere Infos<\/span>\n              <i class=\"icon fs-base-const fa-arrow-right\" aria-hidden=\"true\"><\/i>\n          <\/a>\n  <\/div>\n\n<\/div>  <\/div>\n<\/article><\/div>\n        <\/div>\n          <\/div>\n<\/div>\n\n<div id=\"block-22\" class=\"pt-2 pb-2 alignfull is-layout-constrained\">\n  <div>\n            <div class=\"row gx-4 gy-4 \">\n          \n\n<div id=\"block-21\" class=\"col wp-block-yellowtree-column col-12 d-flex flex-column with-streched-height-children align-items-stretch align-items-md-stretch\">\n  <h2 id=\"block-20\" class=\"mt-4 h2 text-center\">\n  Erfahre mehr und stelle deine Fragen<\/h2><\/div>\n        <\/div>\n          <\/div>\n<\/div>\n\n<p id=\"block-23\" class=\"text-center wp-block-paragraph\">\n  Bist du neu im ICF, m\u00f6chtest du mehr \u00fcber die Kirche und den Glauben erfahren?<br>Hast du Fragen zum ICF oder zum Glauben?<\/p>\n\n<div id=\"block-28\" class=\"pt-2 pb-2 alignfull is-layout-constrained\">\n  <div>\n            <div class=\"row gx-4 gy-4 \">\n          \n\n<div id=\"block-27\" class=\"col wp-block-yellowtree-column col-12 d-flex flex-column with-streched-height-children align-items-stretch align-items-md-stretch\">\n  <article id=\"block-26\" data-bs-theme=\"dark\" class=\"wp-block-yellowtree-card card has-context-height\" style=\"--card-img-position:50% 50%\">\n        <img decoding=\"async\" width=\"1024\" height=\"576\" src=\"https:\/\/icf.church\/stgallen\/wp-content\/uploads\/sites\/69\/2026\/05\/newatchurch-1024x576.jpg\" class=\"card-img-top\" alt=\"\" draggable=\"false\" loading=\"lazy\" srcset=\"https:\/\/icf.church\/stgallen\/wp-content\/uploads\/sites\/69\/2026\/05\/newatchurch-1024x576.jpg 1024w, https:\/\/icf.church\/stgallen\/wp-content\/uploads\/sites\/69\/2026\/05\/newatchurch-300x169.jpg 300w, https:\/\/icf.church\/stgallen\/wp-content\/uploads\/sites\/69\/2026\/05\/newatchurch-768x432.jpg 768w, https:\/\/icf.church\/stgallen\/wp-content\/uploads\/sites\/69\/2026\/05\/newatchurch-1536x864.jpg 1536w, https:\/\/icf.church\/stgallen\/wp-content\/uploads\/sites\/69\/2026\/05\/newatchurch-2048x1152.jpg 2048w\" sizes=\"(max-width: 1024px) 100vw, 1024px\">    <div class=\"card-body\">\n    <h3 class=\"card-title\">Bist du neu hier?<\/h3>\n    <p class=\"card-text\">Entdecke jetzt, wer Jesus ist, was uns als ICF ausmacht und wo dein Platz in dieser Kirche sein kann. Gemeinsam m\u00f6chten wir deine Gaben entdecken und herausfinden, wie du diese einsetzen und konkret Anschluss finden kannst.<\/p>\n    <div id=\"block-25\" class=\"wp-block-yellowtree-card-buttons card-buttons\">\n  \n\n  <div>\n    <a id=\"block-24\" href=\"https:\/\/icf.church\/stgallen\/de\/kennenlernen\/\" target=\"_blank\" class=\"wp-block-yellowtree-card-button btn btn-sm btn-secondary\">\n      <span>Weitere Infos<\/span>\n              <i class=\"icon fs-base-const fa-arrow-right\" aria-hidden=\"true\"><\/i>\n          <\/a>\n  <\/div>\n\n<\/div>  <\/div>\n<\/article><\/div>\n        <\/div>\n          <\/div>\n<\/div>\n\n<p id=\"block-29\" class=\"text-start wp-block-paragraph\">\n  <\/p>","protected":false},"excerpt":{"rendered":"<p>WERDE TEIL DER FAMILIE<\/p>\n<p>Wir w\u00fcnschen uns, dass die Kirche f\u00fcr dich zu einer Familie werden kann. Werde Teil unserer Church Family und erlebe echte und verbindliche Beziehungen!<\/p>\n","protected":false},"author":59,"featured_media":992,"parent":0,"menu_order":8,"comment_status":"closed","ping_status":"closed","template":"","meta":{"_acf_changed":false,"_seopress_titles_title":"","_seopress_titles_desc":"","_seopress_robots_index":"","_seopress_robots_follow":"","_seopress_robots_imageindex":"","_seopress_robots_snippet":"","_seopress_robots_primary_cat":"","_seopress_robots_breadcrumbs":"","_seopress_robots_freeze_modified_date":"","_seopress_robots_custom_modified_date":"","_seopress_robots_canonical":"","_seopress_social_fb_title":"","_seopress_social_fb_desc":"","_seopress_social_fb_img":"","_seopress_social_fb_img_attachment_id":0,"_seopress_social_fb_img_width":0,"_seopress_social_fb_img_height":0,"_seopress_social_twitter_title":"","_seopress_social_twitter_desc":"","_seopress_social_twitter_img":"","_seopress_social_twitter_img_attachment_id":0,"_seopress_social_twitter_img_width":0,"_seopress_social_twitter_img_height":0,"_seopress_redirections_value":"","_seopress_redirections_enabled":"","_seopress_redirections_enabled_regex":"","_seopress_redirections_logged_status":"both","_seopress_redirections_param":"","_seopress_redirections_type":301,"_seopress_analysis_target_kw":"","_seopress_news_disabled":"","_seopress_video_disabled":"","_seopress_video":[{"url":"","title":"","desc":"","thumbnail":"","duration":"","rating":"","view_count":"","tag":""}],"_seopress_pro_schemas_manual":[],"_seopress_pro_rich_snippets_disable_all":"","_seopress_pro_rich_snippets_disable":[],"_seopress_pro_schemas":[],"yt_custom_styles_scss":"","yt_custom_styles_rounded_corners":false,"yt_custom_styles_color_scheme":"","footnotes":""},"class_list":["post-135","page","type-page","status-publish","has-post-thumbnail","hentry"],"acf":[],"_links":{"self":[{"href":"https:\/\/icf.church\/stgallen\/de\/wp-json\/wp\/v2\/pages\/135","targetHints":{"allow":["GET"]}}],"collection":[{"href":"https:\/\/icf.church\/stgallen\/de\/wp-json\/wp\/v2\/pages"}],"about":[{"href":"https:\/\/icf.church\/stgallen\/de\/wp-json\/wp\/v2\/types\/page"}],"author":[{"embeddable":true,"href":"https:\/\/icf.church\/stgallen\/de\/wp-json\/wp\/v2\/users\/59"}],"replies":[{"embeddable":true,"href":"https:\/\/icf.church\/stgallen\/de\/wp-json\/wp\/v2\/comments?post=135"}],"version-history":[{"count":41,"href":"https:\/\/icf.church\/stgallen\/de\/wp-json\/wp\/v2\/pages\/135\/revisions"}],"predecessor-version":[{"id":2384,"href":"https:\/\/icf.church\/stgallen\/de\/wp-json\/wp\/v2\/pages\/135\/revisions\/2384"}],"wp:featuredmedia":[{"embeddable":true,"href":"https:\/\/icf.church\/stgallen\/de\/wp-json\/wp\/v2\/media\/992"}],"wp:attachment":[{"href":"https:\/\/icf.church\/stgallen\/de\/wp-json\/wp\/v2\/media?parent=135"}],"curies":[{"name":"wp","href":"https:\/\/api.w.org\/{rel}","templated":true}]}}

<h1 id="block-1" class="mt-4 mb-4 h1 text-center">
  Finde Anschluss</h1>


<div id="block-4" class="wp-block-yellowtree-hero-stage">
    <div class="hero-stage ">
        

<div id="block-3" class="hero-stage-content">
    <div class="hero-stage-content__background">
        <div class="overlay-black-25 h-100">
                            <img fetchpriority="high" decoding="async" width="2560" height="1710" src="https://icf.church/stgallen/wp-content/uploads/sites/69/2026/08/dsc00712-scaled.jpg" class="hero-stage-media" alt="" style="object-position: 53% 13%;" aria-hidden="true" loading="eager" srcset="https://icf.church/stgallen/wp-content/uploads/sites/69/2026/08/dsc00712-scaled.jpg 2560w, https://icf.church/stgallen/wp-content/uploads/sites/69/2026/08/dsc00712-300x200.jpg 300w, https://icf.church/stgallen/wp-content/uploads/sites/69/2026/08/dsc00712-1024x684.jpg 1024w, https://icf.church/stgallen/wp-content/uploads/sites/69/2026/08/dsc00712-768x513.jpg 768w, https://icf.church/stgallen/wp-content/uploads/sites/69/2026/08/dsc00712-1536x1026.jpg 1536w, https://icf.church/stgallen/wp-content/uploads/sites/69/2026/08/dsc00712-2048x1368.jpg 2048w" sizes="(max-width: 2560px) 100vw, 2560px" />                    </div>
        <div class="hero-stage-gradient"></div>
    </div>
    <div class="hero-stage-content__foreground is-layout-constrained">
        <h1 id="block-2" class="display-1 text-center">
    </h1>    </div>
</div>
    </div>
</div>

<h2 id="block-5" class="mt-7 mb-4 h2 text-center">
  Werde Teil der Familie</h2>

<p id="block-6" class="mb-4 fs-base text-center wp-block-paragraph">
  Wir wünschen uns, dass die Kirche für dich zu einer Familie werden kann. Ob eine Team Group, die praktisch durch Mitarbeit einen Unterschied macht, eine Small Group, welche sich regelmässig unter der Woche trifft, oder eine der Communities&nbsp;je nach Alter und Interesse, wir haben sicher einen passenden Ort für dich!&nbsp;Werde Teil unserer Church Family und erlebe echte und verbindliche Beziehungen!</p>

<div id="block-19" class="pt-2 pb-2 alignfull is-layout-constrained">
  <div>
            <div class="row gx-4 gy-4 ">
          

<div id="block-10" class="col wp-block-yellowtree-column col-12 col-lg-4 d-flex flex-column with-streched-height-children align-items-stretch align-items-lg-stretch">
  <article id="block-9" data-bs-theme="dark" class="wp-block-yellowtree-card card has-context-height" style="--card-img-position:41% 29%">
        <img decoding="async" width="683" height="1024" src="https://icf.church/stgallen/wp-content/uploads/sites/69/2026/05/dsc03775-683x1024.jpg" class="card-img-top" alt="Drei Personen sitzen an einem Tisch, lachen und unterhalten sich." draggable="false" loading="lazy" srcset="https://icf.church/stgallen/wp-content/uploads/sites/69/2026/05/dsc03775-683x1024.jpg 683w, https://icf.church/stgallen/wp-content/uploads/sites/69/2026/05/dsc03775-200x300.jpg 200w, https://icf.church/stgallen/wp-content/uploads/sites/69/2026/05/dsc03775-768x1152.jpg 768w, https://icf.church/stgallen/wp-content/uploads/sites/69/2026/05/dsc03775-1024x1536.jpg 1024w, https://icf.church/stgallen/wp-content/uploads/sites/69/2026/05/dsc03775-1366x2048.jpg 1366w, https://icf.church/stgallen/wp-content/uploads/sites/69/2026/05/dsc03775-scaled.jpg 1707w" sizes="(max-width: 683px) 100vw, 683px">    <div class="card-body">
    <h3 class="card-title">Groups</h3>
    <p class="card-text">Falls du Leute kennenlernen willst und in deiner Beziehung zu Gott wachsen möchtest, dann sind wir überzeugt, dass eine Group im ICF der ideale Ort für dich sein wird.</p>
    <div id="block-8" class="wp-block-yellowtree-card-buttons card-buttons">
  

  <div>
    <a id="block-7" href="https://icf.church/stgallen/de/groups/" target="_blank" class="wp-block-yellowtree-card-button btn btn-sm btn-secondary">
      <span>Weitere Infos</span>
              <i class="icon fs-base-const fa-arrow-right" aria-hidden="true"></i>
          </a>
  </div>

</div>  </div>
</article></div>


<div id="block-14" class="col wp-block-yellowtree-column col-12 col-lg-4 d-flex flex-column with-streched-height-children align-items-stretch align-items-lg-stretch">
  <article id="block-13" data-bs-theme="dark" class="wp-block-yellowtree-card card has-context-height" style="--card-img-position:49% 18%">
        <img decoding="async" width="1024" height="684" src="https://icf.church/stgallen/wp-content/uploads/sites/69/2026/08/dsc00741-1024x684.jpg" class="card-img-top" alt="" draggable="false" loading="lazy" srcset="https://icf.church/stgallen/wp-content/uploads/sites/69/2026/08/dsc00741-1024x684.jpg 1024w, https://icf.church/stgallen/wp-content/uploads/sites/69/2026/08/dsc00741-300x200.jpg 300w, https://icf.church/stgallen/wp-content/uploads/sites/69/2026/08/dsc00741-768x513.jpg 768w, https://icf.church/stgallen/wp-content/uploads/sites/69/2026/08/dsc00741-1536x1026.jpg 1536w, https://icf.church/stgallen/wp-content/uploads/sites/69/2026/08/dsc00741-2048x1368.jpg 2048w" sizes="(max-width: 1024px) 100vw, 1024px">    <div class="card-body">
    <h3 class="card-title">Mitarbeit</h3>
    <p class="card-text">Durch Mitarbeit in einem Team kannst du deine Leidenschaft entfalten, Gaben entwickeln und geniale Gemeinschaft erleben.</p>
    <div id="block-12" class="wp-block-yellowtree-card-buttons card-buttons">
  

  <div>
    <a id="block-11" href="https://icf.church/stgallen/de/mitarbeiten/" class="wp-block-yellowtree-card-button btn btn-sm btn-secondary">
      <span>Weitere Infos</span>
              <i class="icon fs-base-const fa-arrow-right" aria-hidden="true"></i>
          </a>
  </div>

</div>  </div>
</article></div>


<div id="block-18" class="col wp-block-yellowtree-column col-12 col-lg-4 d-flex flex-column with-streched-height-children align-items-stretch align-items-lg-stretch">
  <article id="block-17" data-bs-theme="dark" class="wp-block-yellowtree-card card has-context-height" style="--card-img-position:44% 47%">
        <img decoding="async" width="1024" height="683" src="https://icf.church/stgallen/wp-content/uploads/sites/69/2026/05/icf-youth_2308-9-1024x683.jpg" class="card-img-top" alt="Menschen stehen in einer Reihe, einige haben die Hände vor sich verschränkt." draggable="false" loading="lazy" srcset="https://icf.church/stgallen/wp-content/uploads/sites/69/2026/05/icf-youth_2308-9-1024x683.jpg 1024w, https://icf.church/stgallen/wp-content/uploads/sites/69/2026/05/icf-youth_2308-9-300x200.jpg 300w, https://icf.church/stgallen/wp-content/uploads/sites/69/2026/05/icf-youth_2308-9-768x512.jpg 768w, https://icf.church/stgallen/wp-content/uploads/sites/69/2026/05/icf-youth_2308-9-1536x1024.jpg 1536w, https://icf.church/stgallen/wp-content/uploads/sites/69/2026/05/icf-youth_2308-9-2048x1365.jpg 2048w" sizes="(max-width: 1024px) 100vw, 1024px">    <div class="card-body">
    <h3 class="card-title">Small Groups</h3>
    <p class="card-text">Damit du dich im ICF schnell Zuhause fühlst, haben wir verschiedene Angebote je nach Alter und Interesse.</p>
    <div id="block-16" class="wp-block-yellowtree-card-buttons card-buttons">
  

  <div>
    <a id="block-15" href="https://icf.church/stgallen/de/groups/" target="_blank" class="wp-block-yellowtree-card-button btn btn-sm btn-secondary">
      <span>Weitere Infos</span>
              <i class="icon fs-base-const fa-arrow-right" aria-hidden="true"></i>
          </a>
  </div>

</div>  </div>
</article></div>
        </div>
          </div>
</div>

<div id="block-22" class="pt-2 pb-2 alignfull is-layout-constrained">
  <div>
            <div class="row gx-4 gy-4 ">
          

<div id="block-21" class="col wp-block-yellowtree-column col-12 d-flex flex-column with-streched-height-children align-items-stretch align-items-md-stretch">
  <h2 id="block-20" class="mt-4 h2 text-center">
  Erfahre mehr und stelle deine Fragen</h2></div>
        </div>
          </div>
</div>

<p id="block-23" class="text-center wp-block-paragraph">
  Bist du neu im ICF, möchtest du mehr über die Kirche und den Glauben erfahren?<br>Hast du Fragen zum ICF oder zum Glauben?</p>

<div id="block-28" class="pt-2 pb-2 alignfull is-layout-constrained">
  <div>
            <div class="row gx-4 gy-4 ">
          

<div id="block-27" class="col wp-block-yellowtree-column col-12 d-flex flex-column with-streched-height-children align-items-stretch align-items-md-stretch">
  <article id="block-26" data-bs-theme="dark" class="wp-block-yellowtree-card card has-context-height" style="--card-img-position:50% 50%">
        <img decoding="async" width="1024" height="576" src="https://icf.church/stgallen/wp-content/uploads/sites/69/2026/05/newatchurch-1024x576.jpg" class="card-img-top" alt="" draggable="false" loading="lazy" srcset="https://icf.church/stgallen/wp-content/uploads/sites/69/2026/05/newatchurch-1024x576.jpg 1024w, https://icf.church/stgallen/wp-content/uploads/sites/69/2026/05/newatchurch-300x169.jpg 300w, https://icf.church/stgallen/wp-content/uploads/sites/69/2026/05/newatchurch-768x432.jpg 768w, https://icf.church/stgallen/wp-content/uploads/sites/69/2026/05/newatchurch-1536x864.jpg 1536w, https://icf.church/stgallen/wp-content/uploads/sites/69/2026/05/newatchurch-2048x1152.jpg 2048w" sizes="(max-width: 1024px) 100vw, 1024px">    <div class="card-body">
    <h3 class="card-title">Bist du neu hier?</h3>
    <p class="card-text">Entdecke jetzt, wer Jesus ist, was uns als ICF ausmacht und wo dein Platz in dieser Kirche sein kann. Gemeinsam möchten wir deine Gaben entdecken und herausfinden, wie du diese einsetzen und konkret Anschluss finden kannst.</p>
    <div id="block-25" class="wp-block-yellowtree-card-buttons card-buttons">
  

  <div>
    <a id="block-24" href="https://icf.church/stgallen/de/kennenlernen/" target="_blank" class="wp-block-yellowtree-card-button btn btn-sm btn-secondary">
      <span>Weitere Infos</span>
              <i class="icon fs-base-const fa-arrow-right" aria-hidden="true"></i>
          </a>
  </div>

</div>  </div>
</article></div>
        </div>
          </div>
</div>

<p id="block-29" class="text-start wp-block-paragraph">
  </p>

<p>WERDE TEIL DER FAMILIE</p>
<p>Wir wünschen uns, dass die Kirche für dich zu einer Familie werden kann. Werde Teil unserer Church Family und erlebe echte und verbindliche Beziehungen!</p>
