{"id":900,"date":"2026-04-24T15:12:48","date_gmt":"2026-04-24T13:12:08","guid":{"rendered":"https:\/\/new.icf.church\/stgallen\/besuchen-2-4-3-2\/"},"modified":"2026-08-23T17:02:09","modified_gmt":"2026-08-23T15:02:09","slug":"social-acts","status":"publish","type":"page","link":"https:\/\/icf.church\/stgallen\/de\/social-acts\/","title":{"rendered":"Social Acts"},"content":{"rendered":"\n<div id=\"block-3\" class=\"mb-4 wp-block-yellowtree-hero-stage\">\n    <div class=\"hero-stage \">\n        \n\n<div id=\"block-2\" class=\"hero-stage-content\">\n    <div class=\"hero-stage-content__background\">\n        <div class=\"overlay-black-25 h-100\">\n                            <img fetchpriority=\"high\" decoding=\"async\" width=\"2560\" height=\"1710\" src=\"https:\/\/icf.church\/stgallen\/wp-content\/uploads\/sites\/69\/2026\/08\/dsc00701-scaled.jpg\" class=\"hero-stage-media\" alt=\"\" style=\"object-position: 46% 63%;\" aria-hidden=\"true\" loading=\"eager\" srcset=\"https:\/\/icf.church\/stgallen\/wp-content\/uploads\/sites\/69\/2026\/08\/dsc00701-scaled.jpg 2560w, https:\/\/icf.church\/stgallen\/wp-content\/uploads\/sites\/69\/2026\/08\/dsc00701-300x200.jpg 300w, https:\/\/icf.church\/stgallen\/wp-content\/uploads\/sites\/69\/2026\/08\/dsc00701-1024x684.jpg 1024w, https:\/\/icf.church\/stgallen\/wp-content\/uploads\/sites\/69\/2026\/08\/dsc00701-768x513.jpg 768w, https:\/\/icf.church\/stgallen\/wp-content\/uploads\/sites\/69\/2026\/08\/dsc00701-1536x1026.jpg 1536w, https:\/\/icf.church\/stgallen\/wp-content\/uploads\/sites\/69\/2026\/08\/dsc00701-2048x1368.jpg 2048w\" sizes=\"(max-width: 2560px) 100vw, 2560px\" \/>                    <\/div>\n        <div class=\"hero-stage-gradient\"><\/div>\n    <\/div>\n    <div class=\"hero-stage-content__foreground is-layout-constrained\">\n        <h1 id=\"block-1\" class=\"display-1 text-center\">\n    Social Acts<\/h1>    <\/div>\n<\/div>\n    <\/div>\n<\/div>\n\n<div id=\"block-9\" class=\"pt-2 pb-2 alignfull is-layout-constrained\">\n  <div>\n            <div class=\"row gx-4 gy-4 \">\n          \n\n<div id=\"block-8\" class=\"col wp-block-yellowtree-column col-12 d-flex flex-column with-streched-height-children align-items-stretch align-items-md-stretch\">\n  <h2 id=\"block-4\" class=\"h2 text-center\">\n  Hilfe die tr\u00e4gt<\/h2>\n\n<p id=\"block-5\" class=\"text-center wp-block-paragraph\">\n  Im Rahmen des Social Acts Ministry helfen wir unseren Mitmenschen mit verschiedenen Mitteln<\/p>\n\n<p id=\"block-6\" class=\"fs-base text-center wp-block-paragraph\">\n  <strong>Praktisch mit Love in Action<br>Geistig mit unserem Seelsorge Angebot<br>Materiell \u00fcber den Sozialfond<\/strong><\/p>\n\n<p id=\"block-7\" class=\"text-center wp-block-paragraph\">\n  <\/p><\/div>\n        <\/div>\n          <\/div>\n<\/div>\n\n<div id=\"block-21\" class=\"pt-2 pb-2 alignfull is-layout-constrained\">\n  <div>\n            <div class=\"row gx-4 gy-4 \">\n          \n\n<div id=\"block-14\" class=\"col wp-block-yellowtree-column col-12 col-md-6 col-lg-5 d-flex flex-column with-streched-height-children align-items-stretch align-items-lg-stretch\">\n  <div class=\"has-context-height\">\n  <article id=\"block-13\" data-bs-theme=\"dark\" class=\"wp-block-yellowtree-container-card card has-context-height\">\n    <div class=\"card-body\">\n      <p id=\"block-10\" class=\"fs-base text-start wp-block-paragraph\">\n  <strong class=\"myprefix-text-bold\">Sozialfonds<\/strong><br>Wenn du in irgendeiner Form Unterst\u00fctzung brauchst, lass es uns wissen.<\/p>\n\n<p id=\"block-11\" class=\"text-start wp-block-paragraph\">\n  Wir versuchen dir zu helfen und pr\u00fcfen dein Anliegen.<\/p>\n\n<p id=\"block-12\" class=\"fs-base text-start wp-block-paragraph\">\n  Melde dich unter dieser Mailadresse: <a href=\"mailto:socialacts@icf-sg.ch\">socialacts@icf-sg.ch<\/a><\/p>    <\/div>\n  <\/article>\n<\/div><\/div>\n\n\n<div id=\"block-20\" class=\"col wp-block-yellowtree-column col-12 col-md-6 col-lg-7 d-flex flex-column with-streched-height-children align-items-stretch align-items-lg-stretch\">\n  <div class=\"has-context-height\">\n  <article id=\"block-19\" data-bs-theme=\"dark\" class=\"wp-block-yellowtree-container-card card has-context-height\">\n    <div class=\"card-body\">\n      <p id=\"block-15\" class=\"text-start wp-block-paragraph\">\n  <strong class=\"myprefix-text-bold\">Beratung und Coaching<\/strong><\/p>\n\n<p id=\"block-16\" class=\"text-start wp-block-paragraph\">\n  Die Beratung unterst\u00fctzt dich dabei, durch die Kraft von Jesus Christus frei von Belastungen zu werden und ein tragf\u00e4higes Glaubensfundament aufzubauen.<\/p>\n\n<p id=\"block-17\" class=\"text-start wp-block-paragraph\">\n  Das Angebot umfasst prozessorientierte Einzelseelsorge in drei bis f\u00fcnf Terminen, einmalige Gebetsseelsorge f\u00fcr konkrete Anliegen sowie die Weitervermittlung an externe Fachstellen. Zus\u00e4tzlich steht dir die <a href=\"https:\/\/beratungssprechstunde.net\/\" data-type=\"link\" data-id=\"https:\/\/beratungssprechstunde.net\/\" target=\"_blank\" rel=\"noopener\">kostenfreie Online-Sprechstunde<\/a> \u201eMental. Stark. Leben.\u201c f\u00fcr eine professionelle Ersteinsch\u00e4tzung deiner mentalen Gesundheit zur Verf\u00fcgung.<\/p>\n\n<p id=\"block-18\" class=\"text-start wp-block-paragraph\">\n  F\u00fcr ein Erstgespr\u00e4ch erreichst du das Team direkt unter <a href=\"mailto:socialacts@icf-sg.ch\" target=\"_blank\" rel=\"noopener\">socialacts@icf-sg.ch<\/a>.<\/p>    <\/div>\n  <\/article>\n<\/div><\/div>\n        <\/div>\n          <\/div>\n<\/div>\n\n<p id=\"block-22\" class=\"text-start wp-block-paragraph\">\n  <\/p>","protected":false},"excerpt":{"rendered":"<p>Unser Highlight an jedem Sonntag \u2013 die Celebrations \u2013 unser w\u00f6chentlicher Gottesdienst. Und der darf gern etwas anders sein: laut, fr\u00f6hlich und leidenschaftlich.<\/p>\n","protected":false},"author":59,"featured_media":230,"parent":0,"menu_order":16,"comment_status":"closed","ping_status":"closed","template":"","meta":{"_acf_changed":false,"_seopress_titles_title":"","_seopress_titles_desc":"","_seopress_robots_index":"","_seopress_robots_follow":"","_seopress_robots_imageindex":"","_seopress_robots_snippet":"","_seopress_robots_primary_cat":"","_seopress_robots_breadcrumbs":"","_seopress_robots_freeze_modified_date":"","_seopress_robots_custom_modified_date":"","_seopress_robots_canonical":"","_seopress_social_fb_title":"","_seopress_social_fb_desc":"","_seopress_social_fb_img":"","_seopress_social_fb_img_attachment_id":0,"_seopress_social_fb_img_width":0,"_seopress_social_fb_img_height":0,"_seopress_social_twitter_title":"","_seopress_social_twitter_desc":"","_seopress_social_twitter_img":"","_seopress_social_twitter_img_attachment_id":0,"_seopress_social_twitter_img_width":0,"_seopress_social_twitter_img_height":0,"_seopress_redirections_value":"","_seopress_redirections_enabled":"","_seopress_redirections_enabled_regex":"","_seopress_redirections_logged_status":"both","_seopress_redirections_param":"","_seopress_redirections_type":301,"_seopress_analysis_target_kw":"","_seopress_news_disabled":"","_seopress_video_disabled":"","_seopress_video":[{"url":"","title":"","desc":"","thumbnail":"","duration":"","rating":"","view_count":"","tag":""}],"_seopress_pro_schemas_manual":[],"_seopress_pro_rich_snippets_disable_all":"","_seopress_pro_rich_snippets_disable":[],"_seopress_pro_schemas":[],"yt_custom_styles_scss":"","yt_custom_styles_rounded_corners":false,"yt_custom_styles_color_scheme":"","footnotes":""},"class_list":["post-900","page","type-page","status-publish","has-post-thumbnail","hentry"],"acf":[],"_links":{"self":[{"href":"https:\/\/icf.church\/stgallen\/de\/wp-json\/wp\/v2\/pages\/900","targetHints":{"allow":["GET"]}}],"collection":[{"href":"https:\/\/icf.church\/stgallen\/de\/wp-json\/wp\/v2\/pages"}],"about":[{"href":"https:\/\/icf.church\/stgallen\/de\/wp-json\/wp\/v2\/types\/page"}],"author":[{"embeddable":true,"href":"https:\/\/icf.church\/stgallen\/de\/wp-json\/wp\/v2\/users\/59"}],"replies":[{"embeddable":true,"href":"https:\/\/icf.church\/stgallen\/de\/wp-json\/wp\/v2\/comments?post=900"}],"version-history":[{"count":8,"href":"https:\/\/icf.church\/stgallen\/de\/wp-json\/wp\/v2\/pages\/900\/revisions"}],"predecessor-version":[{"id":2395,"href":"https:\/\/icf.church\/stgallen\/de\/wp-json\/wp\/v2\/pages\/900\/revisions\/2395"}],"wp:featuredmedia":[{"embeddable":true,"href":"https:\/\/icf.church\/stgallen\/de\/wp-json\/wp\/v2\/media\/230"}],"wp:attachment":[{"href":"https:\/\/icf.church\/stgallen\/de\/wp-json\/wp\/v2\/media?parent=900"}],"curies":[{"name":"wp","href":"https:\/\/api.w.org\/{rel}","templated":true}]}}

<div id="block-3" class="mb-4 wp-block-yellowtree-hero-stage">
    <div class="hero-stage ">
        

<div id="block-2" class="hero-stage-content">
    <div class="hero-stage-content__background">
        <div class="overlay-black-25 h-100">
                            <img fetchpriority="high" decoding="async" width="2560" height="1710" src="https://icf.church/stgallen/wp-content/uploads/sites/69/2026/08/dsc00701-scaled.jpg" class="hero-stage-media" alt="" style="object-position: 46% 63%;" aria-hidden="true" loading="eager" srcset="https://icf.church/stgallen/wp-content/uploads/sites/69/2026/08/dsc00701-scaled.jpg 2560w, https://icf.church/stgallen/wp-content/uploads/sites/69/2026/08/dsc00701-300x200.jpg 300w, https://icf.church/stgallen/wp-content/uploads/sites/69/2026/08/dsc00701-1024x684.jpg 1024w, https://icf.church/stgallen/wp-content/uploads/sites/69/2026/08/dsc00701-768x513.jpg 768w, https://icf.church/stgallen/wp-content/uploads/sites/69/2026/08/dsc00701-1536x1026.jpg 1536w, https://icf.church/stgallen/wp-content/uploads/sites/69/2026/08/dsc00701-2048x1368.jpg 2048w" sizes="(max-width: 2560px) 100vw, 2560px" />                    </div>
        <div class="hero-stage-gradient"></div>
    </div>
    <div class="hero-stage-content__foreground is-layout-constrained">
        <h1 id="block-1" class="display-1 text-center">
    Social Acts</h1>    </div>
</div>
    </div>
</div>

<div id="block-9" class="pt-2 pb-2 alignfull is-layout-constrained">
  <div>
            <div class="row gx-4 gy-4 ">
          

<div id="block-8" class="col wp-block-yellowtree-column col-12 d-flex flex-column with-streched-height-children align-items-stretch align-items-md-stretch">
  <h2 id="block-4" class="h2 text-center">
  Hilfe die trägt</h2>

<p id="block-5" class="text-center wp-block-paragraph">
  Im Rahmen des Social Acts Ministry helfen wir unseren Mitmenschen mit verschiedenen Mitteln</p>

<p id="block-6" class="fs-base text-center wp-block-paragraph">
  <strong>Praktisch mit Love in Action<br>Geistig mit unserem Seelsorge Angebot<br>Materiell über den Sozialfond</strong></p>

<p id="block-7" class="text-center wp-block-paragraph">
  </p></div>
        </div>
          </div>
</div>

<div id="block-21" class="pt-2 pb-2 alignfull is-layout-constrained">
  <div>
            <div class="row gx-4 gy-4 ">
          

<div id="block-14" class="col wp-block-yellowtree-column col-12 col-md-6 col-lg-5 d-flex flex-column with-streched-height-children align-items-stretch align-items-lg-stretch">
  <div class="has-context-height">
  <article id="block-13" data-bs-theme="dark" class="wp-block-yellowtree-container-card card has-context-height">
    <div class="card-body">
      <p id="block-10" class="fs-base text-start wp-block-paragraph">
  <strong class="myprefix-text-bold">Sozialfonds</strong><br>Wenn du in irgendeiner Form Unterstützung brauchst, lass es uns wissen.</p>

<p id="block-11" class="text-start wp-block-paragraph">
  Wir versuchen dir zu helfen und prüfen dein Anliegen.</p>

<p id="block-12" class="fs-base text-start wp-block-paragraph">
  Melde dich unter dieser Mailadresse: <a href="mailto:socialacts@icf-sg.ch">socialacts@icf-sg.ch</a></p>    </div>
  </article>
</div></div>


<div id="block-20" class="col wp-block-yellowtree-column col-12 col-md-6 col-lg-7 d-flex flex-column with-streched-height-children align-items-stretch align-items-lg-stretch">
  <div class="has-context-height">
  <article id="block-19" data-bs-theme="dark" class="wp-block-yellowtree-container-card card has-context-height">
    <div class="card-body">
      <p id="block-15" class="text-start wp-block-paragraph">
  <strong class="myprefix-text-bold">Beratung und Coaching</strong></p>

<p id="block-16" class="text-start wp-block-paragraph">
  Die Beratung unterstützt dich dabei, durch die Kraft von Jesus Christus frei von Belastungen zu werden und ein tragfähiges Glaubensfundament aufzubauen.</p>

<p id="block-17" class="text-start wp-block-paragraph">
  Das Angebot umfasst prozessorientierte Einzelseelsorge in drei bis fünf Terminen, einmalige Gebetsseelsorge für konkrete Anliegen sowie die Weitervermittlung an externe Fachstellen. Zusätzlich steht dir die <a href="https://beratungssprechstunde.net/" data-type="link" data-id="https://beratungssprechstunde.net/" target="_blank" rel="noopener">kostenfreie Online-Sprechstunde</a> „Mental. Stark. Leben.“ für eine professionelle Ersteinschätzung deiner mentalen Gesundheit zur Verfügung.</p>

<p id="block-18" class="text-start wp-block-paragraph">
  Für ein Erstgespräch erreichst du das Team direkt unter <a href="mailto:socialacts@icf-sg.ch" target="_blank" rel="noopener">socialacts@icf-sg.ch</a>.</p>    </div>
  </article>
</div></div>
        </div>
          </div>
</div>

<p id="block-22" class="text-start wp-block-paragraph">
  </p>

<p>Unser Highlight an jedem Sonntag – die Celebrations – unser wöchentlicher Gottesdienst. Und der darf gern etwas anders sein: laut, fröhlich und leidenschaftlich.</p>
