{"id":1146,"date":"2026-05-22T11:20:03","date_gmt":"2026-05-22T09:20:03","guid":{"rendered":"https:\/\/new.icf.church\/swb\/?page_id=1146"},"modified":"2026-08-08T20:54:10","modified_gmt":"2026-08-08T18:54:10","slug":"bfd","status":"publish","type":"page","link":"https:\/\/icf.church\/swb\/de\/bfd\/","title":{"rendered":"Bundesfreiwilligendienst"},"content":{"rendered":"<h1 id=\"block-1\" class=\"mt-4 mb-4 h1 text-start\">\n  Bundesfreiwilligendienst (BFD)<\/h1>\n\n<div id=\"block-10\" class=\"pt-2 pb-2 alignfull is-layout-constrained\">\n  <div>\n            <div class=\"row gx-4 gy-4 \">\n          \n\n<div id=\"block-3\" class=\"col wp-block-yellowtree-column col-12 col-md-6 d-flex flex-column with-streched-height-children align-items-stretch align-items-md-stretch\">\n  <div class=\"mw-100\">\n      <figure id=\"block-2\">\n      <div class=\"img-wrap\" style=\"max-width:100%\">\n        <img decoding=\"async\" src=\"https:\/\/icf.church\/swb\/wp-content\/uploads\/sites\/85\/2026\/05\/bfd2-1024x682.jpg\" alt=\"\" loading=\"lazy\" title=\"\" class=\"img-fluid w-100 h-100 rounded object-fit-cover\" style=\"object-position: center center\">\n      <\/div>\n          <\/figure>\n    <\/div><\/div>\n\n\n<div id=\"block-9\" class=\"col wp-block-yellowtree-column col-12 col-md-6 d-flex flex-column with-streched-height-children align-items-stretch align-items-md-stretch\">\n  <p id=\"block-4\" class=\"text-start wp-block-paragraph\">\n  Wir lieben es, in junge Menschen zu investieren, sie zu f\u00f6rdern und ihr Potential zu entfalten.&nbsp;<\/p>\n\n<p id=\"block-5\" class=\"text-start wp-block-paragraph\">\n  Entscheide Dich f\u00fcr den Bundesfreiwilligendienst in unserer ICF Church!&nbsp;<\/p>\n\n<p id=\"block-6\" class=\"text-start wp-block-paragraph\">\n  Wir suchen f\u00fcr das ICF an den Standorten Villingen, Singen, Freiburg und Friedrichshafen junge Menschen, die gerne ein Jahr f\u00fcr Gott investieren m\u00f6chten.<\/p>\n\n<p id=\"block-7\" class=\"text-start wp-block-paragraph\">\n  Du wirst in Deinen gabenspezifischen Bereichen eingesetzt und kannst neues ausprobieren und ungeahnte Talente entdecken.<\/p>\n\n<p id=\"block-8\" class=\"text-start wp-block-paragraph\">\n  Interesse? Schick&#8216; uns deine Bewerbung per E-Mail an <a href=\"mailto:bfd@icf-swb.de\">bfd@icf-swb.de<\/a><\/p><\/div>\n        <\/div>\n          <\/div>\n<\/div>\n\n<div id=\"block-13\" class=\"pt-2 pb-2 alignfull is-layout-constrained\">\n  <div>\n            <div class=\"row gx-4 gy-4 \">\n          \n\n<div id=\"block-12\" class=\"gap-4 col wp-block-yellowtree-column col-12 d-flex flex-column with-streched-height-children align-items-stretch align-items-md-stretch\">\n  <h2 id=\"block-11\" class=\"mt-4 h2 text-start\" style=\"margin-bottom:0\">\n  Infos zum BFD<\/h2><\/div>\n        <\/div>\n          <\/div>\n<\/div>\n\n<div id=\"block-17\" class=\"alignfull is-layout-constrained\">\n  <swiper-container init=\"false\" data-yt-template=\"3-col\" data-yt-pagination=\"true\" data-yt-navigation=\"false\" class=\"\" >\n          <swiper-slide><article id=\"block-14\" data-bs-theme=\"dark\" class=\"card wp-block-yellowtree-testimonial-card overflow-hidden has-context-height\">\n  <div class=\"card-body p-5 text-bg-primary2\">\n    <i class=\"align-self-end testimonial-card-icon mb-3\"><\/i>\n        <blockquote class=\"flex-1 mb-4\">\n      M\u00f6gliche Einsatzbereiche<br>&#8211; Band<br>&#8211; Musikproduktion\/-komposition&nbsp;<br>&#8211; Grafik- und Videobearbeitung&nbsp;<br>&#8211; Social Media&nbsp;<br>&#8211; Eventmanagement&nbsp;<br>&#8211; ICF Kids<br>&#8211; ICF Youth<br>&#8211; B\u00fcro- und Verwaltungsaufgaben&nbsp;&nbsp;<br>&#8211; Evangelisation und Outreach&nbsp;    <\/blockquote>\n    <p class=\"fs-caption fw-bold mb-0\">\n      <span><\/span>\n            <span><\/span>\n    <\/p>\n  <\/div>\n<\/article><\/swiper-slide>\n          <swiper-slide><article id=\"block-15\" data-bs-theme=\"dark\" class=\"card wp-block-yellowtree-testimonial-card overflow-hidden has-context-height\">\n  <div class=\"card-body p-5 text-bg-trend1\">\n    <i class=\"align-self-end testimonial-card-icon mb-3\"><\/i>\n        <blockquote class=\"flex-1 mb-4\">\n      Voraussetzung<br>&#8211; mind. 18 Jahre alt&nbsp;<br>&#8211; F\u00fchrerschein von Vorteil (aber nicht zwingend&nbsp;)<br>&#8211; du liebst Jesus und bist mit ihm unterwegs&nbsp;    <\/blockquote>\n    <p class=\"fs-caption fw-bold mb-0\">\n      <span><\/span>\n            <span><\/span>\n    <\/p>\n  <\/div>\n<\/article><\/swiper-slide>\n          <swiper-slide><article id=\"block-16\" data-bs-theme=\"dark\" class=\"card wp-block-yellowtree-testimonial-card overflow-hidden has-context-height\">\n  <div class=\"card-body p-5 text-bg-primary2\">\n    <i class=\"align-self-end testimonial-card-icon mb-3\"><\/i>\n        <blockquote class=\"flex-1 mb-4\">\n      Das ben\u00f6tigen wir von dir<br>&#8211; Lebenslauf<br>&#8211; Motivationsschreiben (Warum m\u00f6chtest Du im ICF ein BFD machen?)<br>&#8211; Zeugnisse<br>    <\/blockquote>\n    <p class=\"fs-caption fw-bold mb-0\">\n      <span><\/span>\n            <span><\/span>\n    <\/p>\n  <\/div>\n<\/article><\/swiper-slide>\n      <\/swiper-container>\n<\/div>","protected":false},"excerpt":{"rendered":"<p>Bundesfreiwilligendienst (BFD)<\/p>\n","protected":false},"author":203,"featured_media":0,"parent":0,"menu_order":26,"comment_status":"closed","ping_status":"closed","template":"","meta":{"_acf_changed":false,"_seopress_titles_title":"","_seopress_titles_desc":"","_seopress_robots_index":"","_seopress_robots_follow":"","_seopress_robots_imageindex":"","_seopress_robots_snippet":"","_seopress_robots_primary_cat":"","_seopress_robots_breadcrumbs":"","_seopress_robots_freeze_modified_date":"","_seopress_robots_custom_modified_date":"","_seopress_robots_canonical":"","_seopress_social_fb_title":"","_seopress_social_fb_desc":"","_seopress_social_fb_img":"","_seopress_social_fb_img_attachment_id":0,"_seopress_social_fb_img_width":0,"_seopress_social_fb_img_height":0,"_seopress_social_twitter_title":"","_seopress_social_twitter_desc":"","_seopress_social_twitter_img":"","_seopress_social_twitter_img_attachment_id":0,"_seopress_social_twitter_img_width":0,"_seopress_social_twitter_img_height":0,"_seopress_redirections_value":"","_seopress_redirections_enabled":"","_seopress_redirections_enabled_regex":"","_seopress_redirections_logged_status":"","_seopress_redirections_param":"","_seopress_redirections_type":0,"_seopress_analysis_target_kw":"","_seopress_news_disabled":"","_seopress_video_disabled":"","_seopress_video":[],"_seopress_pro_schemas_manual":[],"_seopress_pro_rich_snippets_disable_all":"","_seopress_pro_rich_snippets_disable":[],"_seopress_pro_schemas":[],"yt_custom_styles_scss":"","yt_custom_styles_rounded_corners":false,"yt_custom_styles_color_scheme":"","footnotes":""},"class_list":["post-1146","page","type-page","status-publish","hentry"],"acf":[],"_links":{"self":[{"href":"https:\/\/icf.church\/swb\/de\/wp-json\/wp\/v2\/pages\/1146","targetHints":{"allow":["GET"]}}],"collection":[{"href":"https:\/\/icf.church\/swb\/de\/wp-json\/wp\/v2\/pages"}],"about":[{"href":"https:\/\/icf.church\/swb\/de\/wp-json\/wp\/v2\/types\/page"}],"author":[{"embeddable":true,"href":"https:\/\/icf.church\/swb\/de\/wp-json\/wp\/v2\/users\/203"}],"replies":[{"embeddable":true,"href":"https:\/\/icf.church\/swb\/de\/wp-json\/wp\/v2\/comments?post=1146"}],"version-history":[{"count":15,"href":"https:\/\/icf.church\/swb\/de\/wp-json\/wp\/v2\/pages\/1146\/revisions"}],"predecessor-version":[{"id":1904,"href":"https:\/\/icf.church\/swb\/de\/wp-json\/wp\/v2\/pages\/1146\/revisions\/1904"}],"wp:attachment":[{"href":"https:\/\/icf.church\/swb\/de\/wp-json\/wp\/v2\/media?parent=1146"}],"curies":[{"name":"wp","href":"https:\/\/api.w.org\/{rel}","templated":true}]}}

<h1 id="block-1" class="mt-4 mb-4 h1 text-start">
  Bundesfreiwilligendienst (BFD)</h1>

<div id="block-10" class="pt-2 pb-2 alignfull is-layout-constrained">
  <div>
            <div class="row gx-4 gy-4 ">
          

<div id="block-3" class="col wp-block-yellowtree-column col-12 col-md-6 d-flex flex-column with-streched-height-children align-items-stretch align-items-md-stretch">
  <div class="mw-100">
      <figure id="block-2">
      <div class="img-wrap" style="max-width:100%">
        <img decoding="async" src="https://icf.church/swb/wp-content/uploads/sites/85/2026/05/bfd2-1024x682.jpg" alt="" loading="lazy" title="" class="img-fluid w-100 h-100 rounded object-fit-cover" style="object-position: center center">
      </div>
          </figure>
    </div></div>


<div id="block-9" class="col wp-block-yellowtree-column col-12 col-md-6 d-flex flex-column with-streched-height-children align-items-stretch align-items-md-stretch">
  <p id="block-4" class="text-start wp-block-paragraph">
  Wir lieben es, in junge Menschen zu investieren, sie zu fördern und ihr Potential zu entfalten.&nbsp;</p>

<p id="block-5" class="text-start wp-block-paragraph">
  Entscheide Dich für den Bundesfreiwilligendienst in unserer ICF Church!&nbsp;</p>

<p id="block-6" class="text-start wp-block-paragraph">
  Wir suchen für das ICF an den Standorten Villingen, Singen, Freiburg und Friedrichshafen junge Menschen, die gerne ein Jahr für Gott investieren möchten.</p>

<p id="block-7" class="text-start wp-block-paragraph">
  Du wirst in Deinen gabenspezifischen Bereichen eingesetzt und kannst neues ausprobieren und ungeahnte Talente entdecken.</p>

<p id="block-8" class="text-start wp-block-paragraph">
  Interesse? Schick&#8216; uns deine Bewerbung per E-Mail an <a href="mailto:bfd@icf-swb.de">bfd@icf-swb.de</a></p></div>
        </div>
          </div>
</div>

<div id="block-13" class="pt-2 pb-2 alignfull is-layout-constrained">
  <div>
            <div class="row gx-4 gy-4 ">
          

<div id="block-12" class="gap-4 col wp-block-yellowtree-column col-12 d-flex flex-column with-streched-height-children align-items-stretch align-items-md-stretch">
  <h2 id="block-11" class="mt-4 h2 text-start" style="margin-bottom:0">
  Infos zum BFD</h2></div>
        </div>
          </div>
</div>

<div id="block-17" class="alignfull is-layout-constrained">
  <swiper-container init="false" data-yt-template="3-col" data-yt-pagination="true" data-yt-navigation="false" class="" >
          <swiper-slide><article id="block-14" data-bs-theme="dark" class="card wp-block-yellowtree-testimonial-card overflow-hidden has-context-height">
  <div class="card-body p-5 text-bg-primary2">
    <i class="align-self-end testimonial-card-icon mb-3"></i>
        <blockquote class="flex-1 mb-4">
      Mögliche Einsatzbereiche<br>&#8211; Band<br>&#8211; Musikproduktion/-komposition&nbsp;<br>&#8211; Grafik- und Videobearbeitung&nbsp;<br>&#8211; Social Media&nbsp;<br>&#8211; Eventmanagement&nbsp;<br>&#8211; ICF Kids<br>&#8211; ICF Youth<br>&#8211; Büro- und Verwaltungsaufgaben&nbsp;&nbsp;<br>&#8211; Evangelisation und Outreach&nbsp;    </blockquote>
    <p class="fs-caption fw-bold mb-0">
      <span></span>
            <span></span>
    </p>
  </div>
</article></swiper-slide>
          <swiper-slide><article id="block-15" data-bs-theme="dark" class="card wp-block-yellowtree-testimonial-card overflow-hidden has-context-height">
  <div class="card-body p-5 text-bg-trend1">
    <i class="align-self-end testimonial-card-icon mb-3"></i>
        <blockquote class="flex-1 mb-4">
      Voraussetzung<br>&#8211; mind. 18 Jahre alt&nbsp;<br>&#8211; Führerschein von Vorteil (aber nicht zwingend&nbsp;)<br>&#8211; du liebst Jesus und bist mit ihm unterwegs&nbsp;    </blockquote>
    <p class="fs-caption fw-bold mb-0">
      <span></span>
            <span></span>
    </p>
  </div>
</article></swiper-slide>
          <swiper-slide><article id="block-16" data-bs-theme="dark" class="card wp-block-yellowtree-testimonial-card overflow-hidden has-context-height">
  <div class="card-body p-5 text-bg-primary2">
    <i class="align-self-end testimonial-card-icon mb-3"></i>
        <blockquote class="flex-1 mb-4">
      Das benötigen wir von dir<br>&#8211; Lebenslauf<br>&#8211; Motivationsschreiben (Warum möchtest Du im ICF ein BFD machen?)<br>&#8211; Zeugnisse<br>    </blockquote>
    <p class="fs-caption fw-bold mb-0">
      <span></span>
            <span></span>
    </p>
  </div>
</article></swiper-slide>
      </swiper-container>
</div>
