{"id":1367,"date":"2026-06-03T19:11:48","date_gmt":"2026-06-03T17:11:59","guid":{"rendered":"https:\/\/new.icf.church\/swb\/?page_id=1367"},"modified":"2026-06-22T10:53:22","modified_gmt":"2026-06-22T08:53:22","slug":"empower-kidsup","status":"publish","type":"page","link":"https:\/\/icf.church\/swb\/de\/empower-kidsup\/","title":{"rendered":"Empower KidsUp"},"content":{"rendered":"\n<div id=\"block-6\" class=\"wp-block-yellowtree-hero-stage\">\n    <div class=\"hero-stage has-links\">\n        \n\n<div id=\"block-2\" class=\"hero-stage-content\">\n    <div class=\"hero-stage-content__background\">\n        <div class=\"overlay-black-25 h-100\">\n                            <img fetchpriority=\"high\" decoding=\"async\" width=\"1800\" height=\"700\" src=\"https:\/\/icf.church\/swb\/wp-content\/uploads\/sites\/85\/2026\/06\/empower-header.jpg\" class=\"hero-stage-media\" alt=\"\" style=\"object-position: 50% 50%;\" aria-hidden=\"true\" loading=\"eager\" srcset=\"https:\/\/icf.church\/swb\/wp-content\/uploads\/sites\/85\/2026\/06\/empower-header.jpg 1800w, https:\/\/icf.church\/swb\/wp-content\/uploads\/sites\/85\/2026\/06\/empower-header-300x117.jpg 300w, https:\/\/icf.church\/swb\/wp-content\/uploads\/sites\/85\/2026\/06\/empower-header-1024x398.jpg 1024w, https:\/\/icf.church\/swb\/wp-content\/uploads\/sites\/85\/2026\/06\/empower-header-768x299.jpg 768w, https:\/\/icf.church\/swb\/wp-content\/uploads\/sites\/85\/2026\/06\/empower-header-1536x597.jpg 1536w\" sizes=\"(max-width: 1800px) 100vw, 1800px\" \/>                    <\/div>\n        <div class=\"hero-stage-gradient\"><\/div>\n    <\/div>\n    <div class=\"hero-stage-content__foreground is-layout-constrained\">\n        <h1 id=\"block-1\" class=\"display-1 text-center\">\n    ICF Empower e.V.<\/h1>    <\/div>\n<\/div>\n\n\n<div id=\"block-5\" class=\"hero-stage-links is-layout-constrained count-2\">\n    <div class=\"icon-link-cards-layout column-gap-3 row-gap-1 justify-content-center break-md\">\n        \n\n<div id=\"block-3\" data-bs-theme=\"dark\" class=\"wp-block-yellowtree-icon-link-card\">\n  <div class='card-body flex-row justify-content-center align-items-center overflow-hidden gap-2 px-5 px-md-3 py-3 py-md-6'>\n    <div class='d-flex align-items-center gap-4 me-auto me-md-0 flex-md-column text-md-center gap-md-3'>\n      <i class='icon-square fs-2 fs-md-lg-const fa-solid fa-house-user' aria-hidden='true'><\/i>\n      <a class='stretched-link fs-base-const' href='https:\/\/icf.church\/swb\/de\/empower-ipt\/' target=''>\n        Tagesgruppe      <\/a>\n    <\/div>\n          <i class=\"icon fs-base-const fa-chevron-right ms-auto opacity-50 d-md-none\"><\/i>\n      <\/div>\n<\/div>\n\n\n<div id=\"block-4\" data-bs-theme=\"dark\" class=\"wp-block-yellowtree-icon-link-card\">\n  <div class='card-body flex-row justify-content-center align-items-center overflow-hidden gap-2 px-5 px-md-3 py-3 py-md-6'>\n    <div class='d-flex align-items-center gap-4 me-auto me-md-0 flex-md-column text-md-center gap-md-3'>\n      <i class='icon-square fs-2 fs-md-lg-const fa-users' aria-hidden='true'><\/i>\n      <a class='stretched-link fs-base-const' href='https:\/\/icf.church\/swb\/de\/empower-ipst\/' target=''>\n        Schulvobereitende Tagesgruppe      <\/a>\n    <\/div>\n          <i class=\"icon fs-base-const fa-chevron-right ms-auto opacity-50 d-md-none\"><\/i>\n      <\/div>\n<\/div>\n    <\/div>\n<\/div>\n    <\/div>\n<\/div>\n\n<h2 id=\"block-7\" class=\"mt-4 mb-4 h2 text-start\">\n  Gro\u00dftagespflege KidsUp<\/h2>\n\n<p id=\"block-8\" class=\"mt-4 mb-4 text-start wp-block-paragraph\">\n  Das KidsUp erg\u00e4nzt das Angebot im Bereich der fr\u00fchkindlichen Bildung in Villingen. Das Profil ist eine Bewegungskindertagespflege,<br>denn Bewegung bewegt uns. Unser Anliegen ist die ganzheitliche Entwicklung der Kinder \u2013 ganz nach dem Motto:<br>\u201eFit mit K\u00f6rper, Seele &amp; Geist\u201c.<br>Gesundheit sehen wir ganzheitlich. Mit unterschiedlichen M\u00f6glichkeiten, wie Outdoor- Aktivit\u00e4ten, einem<br>sportlichem Angebot im Haus durch die Boulder-Halle, den gro\u00dfz\u00fcgigen R\u00e4umlichkeiten und<br>einer ausgewogenen Ern\u00e4hrung unterst\u00fctzen wir die gesunde k\u00f6rperliche Entwicklung.<\/p>\n\n<div id=\"block-15\" class=\"pt-2 pb-2 alignfull is-layout-constrained\">\n  <div>\n            <div class=\"row gx-4 gy-4 \">\n          \n\n<div id=\"block-10\" class=\"col wp-block-yellowtree-column col-12 col-lg-4 d-flex flex-column with-streched-height-children align-items-stretch align-items-lg-stretch\">\n  <div class=\"mw-100\">\n      <figure id=\"block-9\">\n      <div class=\"img-wrap\" style=\"max-width:100%\">\n        <img decoding=\"async\" src=\"https:\/\/icf.church\/swb\/wp-content\/uploads\/sites\/85\/2026\/06\/kidsup1-1024x682.jpg\" alt=\"\" loading=\"lazy\" title=\"\" class=\"img-fluid w-100 h-100 rounded object-fit-cover\" style=\"object-position: center center\">\n      <\/div>\n          <\/figure>\n    <\/div><\/div>\n\n\n<div id=\"block-12\" class=\"col wp-block-yellowtree-column col-12 col-lg-4 d-flex flex-column with-streched-height-children align-items-stretch align-items-lg-stretch\">\n  <div class=\"mw-100\">\n      <figure id=\"block-11\">\n      <div class=\"img-wrap\" style=\"max-width:100%\">\n        <img decoding=\"async\" src=\"https:\/\/icf.church\/swb\/wp-content\/uploads\/sites\/85\/2026\/06\/kidsup3-1024x682.jpg\" alt=\"\" loading=\"lazy\" title=\"\" class=\"img-fluid w-100 h-100 rounded object-fit-cover\" style=\"object-position: center center\">\n      <\/div>\n          <\/figure>\n    <\/div><\/div>\n\n\n<div id=\"block-14\" class=\"col wp-block-yellowtree-column col-12 col-lg-4 d-flex flex-column with-streched-height-children align-items-stretch align-items-lg-stretch\">\n  <div class=\"mw-100\">\n      <figure id=\"block-13\">\n      <div class=\"img-wrap\" style=\"max-width:100%\">\n        <img decoding=\"async\" src=\"https:\/\/icf.church\/swb\/wp-content\/uploads\/sites\/85\/2026\/06\/kidsup2-1024x682.jpg\" alt=\"\" loading=\"lazy\" title=\"\" class=\"img-fluid w-100 h-100 rounded object-fit-cover\" style=\"object-position: center center\">\n      <\/div>\n          <\/figure>\n    <\/div><\/div>\n        <\/div>\n          <\/div>\n<\/div>\n\n<p id=\"block-16\" class=\"mt-4 mb-4 text-start wp-block-paragraph\">\n  <br><br>Die seelische Balance erreichen wir durch unseren achtsamen p\u00e4dagogischen Umgang, der individuellen Unterst\u00fctzung der Kinder<br>und das Wohlf\u00fchlen in den R\u00e4umlichkeiten gef\u00f6rdert.<br>F\u00fcr die St\u00e4rkung des Geistes legen wir Wert auf die bewusste Umsetzung des christlichen Glaubens. Aus diesem Grund h\u00f6ren wir biblische Geschichten, vermitteln den Kindern christliche Werte und beten gemeinsam vor dem Essen.<br>Wir als Gro\u00dftagespflege, lehnen uns an den Orientierungsplan an. Dieser Orientierungsplan betrachtet fr\u00fchkindliche Bildungsprozesse aus verschiedenen Blickwinkeln, legt aber seinen Schwerpunkt auf die Perspektive des Kindes.<\/p>\n\n\n  <div>\n    <a id=\"block-17\" href=\"https:\/\/icf.church\/swb\/wp-content\/uploads\/sites\/85\/2026\/06\/konzeption-kids-up.pdf\" rel=\"\" class=\"wp-block-yellowtree-button-link btn btn-default\">\n      <span>Download p\u00e4dagogisches Konzept<\/span>\n              <i class='icon fs-base-const fa-solid fa-arrow-down' aria-hidden=\"true\"><\/i>\n          <\/a>\n  <\/div>\n\n\n<p id=\"block-18\" class=\"mt-4 mb-4 text-start wp-block-paragraph\">\n  <\/p>\n\n<div id=\"block-25\" class=\"pt-2 pb-2 alignfull is-layout-constrained\">\n  <div>\n            <div class=\"row gx-4 gy-4 \">\n          \n\n<div id=\"block-22\" class=\"col wp-block-yellowtree-column col-12 col-md-6 d-flex flex-column with-streched-height-children align-items-stretch align-items-md-stretch\">\n  <p id=\"block-19\" class=\"text-start wp-block-paragraph\">\n  <\/p>\n\n<p id=\"block-20\" class=\"text-start wp-block-paragraph\">\n  <strong class=\"myprefix-text-bold\">ICF Empower e.V.<\/strong><br>Gro\u00dftagespflege KidsUp<br>Wilhelm-Binder-Stra\u00dfe 17<br>78048 Villingen-Schwenningen<\/p>\n\n<p id=\"block-21\" class=\"text-start wp-block-paragraph\">\n  Ansprechpartnerinnen:<br>Lisa K\u00f6nigsberger &amp; Nathalie Otto<br>Telefon: 07721 \/ 9160044<\/p><\/div>\n\n\n<div id=\"block-24\" class=\"col wp-block-yellowtree-column col-12 col-md-6 d-flex flex-column with-streched-height-children align-items-stretch align-items-md-stretch\">\n  <div class=\"mw-100\">\n      <figure id=\"block-23\">\n      <div class=\"img-wrap\" style=\"max-width:100%\">\n        <img decoding=\"async\" src=\"https:\/\/icf.church\/swb\/wp-content\/uploads\/sites\/85\/2026\/06\/empower-ma3q.jpg\" alt=\"\" loading=\"lazy\" title=\"\" srcset=\"https:\/\/icf.church\/swb\/wp-content\/uploads\/sites\/85\/2026\/06\/empower-ma3q.jpg 684w, https:\/\/icf.church\/swb\/wp-content\/uploads\/sites\/85\/2026\/06\/empower-ma3q-300x193.jpg 300w\" sizes=\"(max-width: 684px) 100vw, 684px\" class=\"img-fluid w-100 h-100 rounded object-fit-cover\" style=\"object-position: center center\">\n      <\/div>\n          <\/figure>\n    <\/div><\/div>\n        <\/div>\n          <\/div>\n<\/div>","protected":false},"excerpt":{"rendered":"<p>Gro\u00dftagespflege KidsUp Das KidsUp erg\u00e4nzt das Angebot im Bereich der fr\u00fchkindlichen Bildung in Villingen. Das Profil ist eine Bewegungskindertagespflege,denn Bewegung bewegt uns. Unser Anliegen ist die ganzheitliche Entwicklung der Kinder \u2013 ganz nach dem Motto:\u201eFit mit K\u00f6rper, Seele &amp; Geist\u201c.Gesundheit sehen wir ganzheitlich. Mit unterschiedlichen M\u00f6glichkeiten, wie Outdoor- Aktivit\u00e4ten, einemsportlichem Angebot im Haus durch die [&hellip;]<\/p>\n","protected":false},"author":203,"featured_media":0,"parent":0,"menu_order":14,"comment_status":"closed","ping_status":"closed","template":"","meta":{"_acf_changed":false,"_seopress_titles_title":"","_seopress_titles_desc":"","_seopress_robots_index":"","_seopress_robots_follow":"","_seopress_robots_imageindex":"","_seopress_robots_snippet":"","_seopress_robots_primary_cat":"","_seopress_robots_breadcrumbs":"","_seopress_robots_freeze_modified_date":"","_seopress_robots_custom_modified_date":"","_seopress_robots_canonical":"","_seopress_social_fb_title":"","_seopress_social_fb_desc":"","_seopress_social_fb_img":"","_seopress_social_fb_img_attachment_id":0,"_seopress_social_fb_img_width":0,"_seopress_social_fb_img_height":0,"_seopress_social_twitter_title":"","_seopress_social_twitter_desc":"","_seopress_social_twitter_img":"","_seopress_social_twitter_img_attachment_id":0,"_seopress_social_twitter_img_width":0,"_seopress_social_twitter_img_height":0,"_seopress_redirections_value":"","_seopress_redirections_enabled":"","_seopress_redirections_enabled_regex":"","_seopress_redirections_logged_status":"","_seopress_redirections_param":"","_seopress_redirections_type":0,"_seopress_analysis_target_kw":"","_seopress_news_disabled":"","_seopress_video_disabled":"","_seopress_video":[],"_seopress_pro_schemas_manual":[],"_seopress_pro_rich_snippets_disable_all":"","_seopress_pro_rich_snippets_disable":[],"_seopress_pro_schemas":[],"yt_custom_styles_scss":"","yt_custom_styles_rounded_corners":false,"yt_custom_styles_color_scheme":"","footnotes":""},"class_list":["post-1367","page","type-page","status-publish","hentry"],"acf":[],"_links":{"self":[{"href":"https:\/\/icf.church\/swb\/de\/wp-json\/wp\/v2\/pages\/1367","targetHints":{"allow":["GET"]}}],"collection":[{"href":"https:\/\/icf.church\/swb\/de\/wp-json\/wp\/v2\/pages"}],"about":[{"href":"https:\/\/icf.church\/swb\/de\/wp-json\/wp\/v2\/types\/page"}],"author":[{"embeddable":true,"href":"https:\/\/icf.church\/swb\/de\/wp-json\/wp\/v2\/users\/203"}],"replies":[{"embeddable":true,"href":"https:\/\/icf.church\/swb\/de\/wp-json\/wp\/v2\/comments?post=1367"}],"version-history":[{"count":14,"href":"https:\/\/icf.church\/swb\/de\/wp-json\/wp\/v2\/pages\/1367\/revisions"}],"predecessor-version":[{"id":1576,"href":"https:\/\/icf.church\/swb\/de\/wp-json\/wp\/v2\/pages\/1367\/revisions\/1576"}],"wp:attachment":[{"href":"https:\/\/icf.church\/swb\/de\/wp-json\/wp\/v2\/media?parent=1367"}],"curies":[{"name":"wp","href":"https:\/\/api.w.org\/{rel}","templated":true}]}}

<div id="block-6" class="wp-block-yellowtree-hero-stage">
    <div class="hero-stage has-links">
        

<div id="block-2" class="hero-stage-content">
    <div class="hero-stage-content__background">
        <div class="overlay-black-25 h-100">
                            <img fetchpriority="high" decoding="async" width="1800" height="700" src="https://icf.church/swb/wp-content/uploads/sites/85/2026/06/empower-header.jpg" class="hero-stage-media" alt="" style="object-position: 50% 50%;" aria-hidden="true" loading="eager" srcset="https://icf.church/swb/wp-content/uploads/sites/85/2026/06/empower-header.jpg 1800w, https://icf.church/swb/wp-content/uploads/sites/85/2026/06/empower-header-300x117.jpg 300w, https://icf.church/swb/wp-content/uploads/sites/85/2026/06/empower-header-1024x398.jpg 1024w, https://icf.church/swb/wp-content/uploads/sites/85/2026/06/empower-header-768x299.jpg 768w, https://icf.church/swb/wp-content/uploads/sites/85/2026/06/empower-header-1536x597.jpg 1536w" sizes="(max-width: 1800px) 100vw, 1800px" />                    </div>
        <div class="hero-stage-gradient"></div>
    </div>
    <div class="hero-stage-content__foreground is-layout-constrained">
        <h1 id="block-1" class="display-1 text-center">
    ICF Empower e.V.</h1>    </div>
</div>


<div id="block-5" class="hero-stage-links is-layout-constrained count-2">
    <div class="icon-link-cards-layout column-gap-3 row-gap-1 justify-content-center break-md">
        

<div id="block-3" data-bs-theme="dark" class="wp-block-yellowtree-icon-link-card">
  <div class='card-body flex-row justify-content-center align-items-center overflow-hidden gap-2 px-5 px-md-3 py-3 py-md-6'>
    <div class='d-flex align-items-center gap-4 me-auto me-md-0 flex-md-column text-md-center gap-md-3'>
      <i class='icon-square fs-2 fs-md-lg-const fa-solid fa-house-user' aria-hidden='true'></i>
      <a class='stretched-link fs-base-const' href='https://icf.church/swb/de/empower-ipt/' target=''>
        Tagesgruppe      </a>
    </div>
          <i class="icon fs-base-const fa-chevron-right ms-auto opacity-50 d-md-none"></i>
      </div>
</div>


<div id="block-4" data-bs-theme="dark" class="wp-block-yellowtree-icon-link-card">
  <div class='card-body flex-row justify-content-center align-items-center overflow-hidden gap-2 px-5 px-md-3 py-3 py-md-6'>
    <div class='d-flex align-items-center gap-4 me-auto me-md-0 flex-md-column text-md-center gap-md-3'>
      <i class='icon-square fs-2 fs-md-lg-const fa-users' aria-hidden='true'></i>
      <a class='stretched-link fs-base-const' href='https://icf.church/swb/de/empower-ipst/' target=''>
        Schulvobereitende Tagesgruppe      </a>
    </div>
          <i class="icon fs-base-const fa-chevron-right ms-auto opacity-50 d-md-none"></i>
      </div>
</div>
    </div>
</div>
    </div>
</div>

<h2 id="block-7" class="mt-4 mb-4 h2 text-start">
  Großtagespflege KidsUp</h2>

<p id="block-8" class="mt-4 mb-4 text-start wp-block-paragraph">
  Das KidsUp ergänzt das Angebot im Bereich der frühkindlichen Bildung in Villingen. Das Profil ist eine Bewegungskindertagespflege,<br>denn Bewegung bewegt uns. Unser Anliegen ist die ganzheitliche Entwicklung der Kinder – ganz nach dem Motto:<br>„Fit mit Körper, Seele &amp; Geist“.<br>Gesundheit sehen wir ganzheitlich. Mit unterschiedlichen Möglichkeiten, wie Outdoor- Aktivitäten, einem<br>sportlichem Angebot im Haus durch die Boulder-Halle, den großzügigen Räumlichkeiten und<br>einer ausgewogenen Ernährung unterstützen wir die gesunde körperliche Entwicklung.</p>

<div id="block-15" class="pt-2 pb-2 alignfull is-layout-constrained">
  <div>
            <div class="row gx-4 gy-4 ">
          

<div id="block-10" class="col wp-block-yellowtree-column col-12 col-lg-4 d-flex flex-column with-streched-height-children align-items-stretch align-items-lg-stretch">
  <div class="mw-100">
      <figure id="block-9">
      <div class="img-wrap" style="max-width:100%">
        <img decoding="async" src="https://icf.church/swb/wp-content/uploads/sites/85/2026/06/kidsup1-1024x682.jpg" alt="" loading="lazy" title="" class="img-fluid w-100 h-100 rounded object-fit-cover" style="object-position: center center">
      </div>
          </figure>
    </div></div>


<div id="block-12" class="col wp-block-yellowtree-column col-12 col-lg-4 d-flex flex-column with-streched-height-children align-items-stretch align-items-lg-stretch">
  <div class="mw-100">
      <figure id="block-11">
      <div class="img-wrap" style="max-width:100%">
        <img decoding="async" src="https://icf.church/swb/wp-content/uploads/sites/85/2026/06/kidsup3-1024x682.jpg" alt="" loading="lazy" title="" class="img-fluid w-100 h-100 rounded object-fit-cover" style="object-position: center center">
      </div>
          </figure>
    </div></div>


<div id="block-14" class="col wp-block-yellowtree-column col-12 col-lg-4 d-flex flex-column with-streched-height-children align-items-stretch align-items-lg-stretch">
  <div class="mw-100">
      <figure id="block-13">
      <div class="img-wrap" style="max-width:100%">
        <img decoding="async" src="https://icf.church/swb/wp-content/uploads/sites/85/2026/06/kidsup2-1024x682.jpg" alt="" loading="lazy" title="" class="img-fluid w-100 h-100 rounded object-fit-cover" style="object-position: center center">
      </div>
          </figure>
    </div></div>
        </div>
          </div>
</div>

<p id="block-16" class="mt-4 mb-4 text-start wp-block-paragraph">
  <br><br>Die seelische Balance erreichen wir durch unseren achtsamen pädagogischen Umgang, der individuellen Unterstützung der Kinder<br>und das Wohlfühlen in den Räumlichkeiten gefördert.<br>Für die Stärkung des Geistes legen wir Wert auf die bewusste Umsetzung des christlichen Glaubens. Aus diesem Grund hören wir biblische Geschichten, vermitteln den Kindern christliche Werte und beten gemeinsam vor dem Essen.<br>Wir als Großtagespflege, lehnen uns an den Orientierungsplan an. Dieser Orientierungsplan betrachtet frühkindliche Bildungsprozesse aus verschiedenen Blickwinkeln, legt aber seinen Schwerpunkt auf die Perspektive des Kindes.</p>


  <div>
    <a id="block-17" href="https://icf.church/swb/wp-content/uploads/sites/85/2026/06/konzeption-kids-up.pdf" rel="" class="wp-block-yellowtree-button-link btn btn-default">
      <span>Download pädagogisches Konzept</span>
              <i class='icon fs-base-const fa-solid fa-arrow-down' aria-hidden="true"></i>
          </a>
  </div>


<p id="block-18" class="mt-4 mb-4 text-start wp-block-paragraph">
  </p>

<div id="block-25" class="pt-2 pb-2 alignfull is-layout-constrained">
  <div>
            <div class="row gx-4 gy-4 ">
          

<div id="block-22" class="col wp-block-yellowtree-column col-12 col-md-6 d-flex flex-column with-streched-height-children align-items-stretch align-items-md-stretch">
  <p id="block-19" class="text-start wp-block-paragraph">
  </p>

<p id="block-20" class="text-start wp-block-paragraph">
  <strong class="myprefix-text-bold">ICF Empower e.V.</strong><br>Großtagespflege KidsUp<br>Wilhelm-Binder-Straße 17<br>78048 Villingen-Schwenningen</p>

<p id="block-21" class="text-start wp-block-paragraph">
  Ansprechpartnerinnen:<br>Lisa Königsberger &amp; Nathalie Otto<br>Telefon: 07721 / 9160044</p></div>


<div id="block-24" class="col wp-block-yellowtree-column col-12 col-md-6 d-flex flex-column with-streched-height-children align-items-stretch align-items-md-stretch">
  <div class="mw-100">
      <figure id="block-23">
      <div class="img-wrap" style="max-width:100%">
        <img decoding="async" src="https://icf.church/swb/wp-content/uploads/sites/85/2026/06/empower-ma3q.jpg" alt="" loading="lazy" title="" srcset="https://icf.church/swb/wp-content/uploads/sites/85/2026/06/empower-ma3q.jpg 684w, https://icf.church/swb/wp-content/uploads/sites/85/2026/06/empower-ma3q-300x193.jpg 300w" sizes="(max-width: 684px) 100vw, 684px" class="img-fluid w-100 h-100 rounded object-fit-cover" style="object-position: center center">
      </div>
          </figure>
    </div></div>
        </div>
          </div>
</div>

<p>Großtagespflege KidsUp Das KidsUp ergänzt das Angebot im Bereich der frühkindlichen Bildung in Villingen. Das Profil ist eine Bewegungskindertagespflege,denn Bewegung bewegt uns. Unser Anliegen ist die ganzheitliche Entwicklung der Kinder – ganz nach dem Motto:„Fit mit Körper, Seele &amp; Geist“.Gesundheit sehen wir ganzheitlich. Mit unterschiedlichen Möglichkeiten, wie Outdoor- Aktivitäten, einemsportlichem Angebot im Haus durch die [&hellip;]</p>
