{"id":1543,"date":"2026-06-22T10:05:48","date_gmt":"2026-06-22T08:05:56","guid":{"rendered":"https:\/\/new.icf.church\/swb\/empower-2\/"},"modified":"2026-06-22T10:55:31","modified_gmt":"2026-06-22T08:55:31","slug":"empower-ipt","status":"publish","type":"page","link":"https:\/\/icf.church\/swb\/de\/empower-ipt\/","title":{"rendered":"Empower Tagesgruppe"},"content":{"rendered":"\n<div id=\"block-6\" class=\"wp-block-yellowtree-hero-stage\">\n    <div class=\"hero-stage has-links\">\n        \n\n<div id=\"block-2\" class=\"hero-stage-content\">\n    <div class=\"hero-stage-content__background\">\n        <div class=\"overlay-black-25 h-100\">\n                            <img fetchpriority=\"high\" decoding=\"async\" width=\"1800\" height=\"700\" src=\"https:\/\/icf.church\/swb\/wp-content\/uploads\/sites\/85\/2026\/06\/empower-header.jpg\" class=\"hero-stage-media\" alt=\"\" style=\"object-position: 50% 50%;\" aria-hidden=\"true\" loading=\"eager\" srcset=\"https:\/\/icf.church\/swb\/wp-content\/uploads\/sites\/85\/2026\/06\/empower-header.jpg 1800w, https:\/\/icf.church\/swb\/wp-content\/uploads\/sites\/85\/2026\/06\/empower-header-300x117.jpg 300w, https:\/\/icf.church\/swb\/wp-content\/uploads\/sites\/85\/2026\/06\/empower-header-1024x398.jpg 1024w, https:\/\/icf.church\/swb\/wp-content\/uploads\/sites\/85\/2026\/06\/empower-header-768x299.jpg 768w, https:\/\/icf.church\/swb\/wp-content\/uploads\/sites\/85\/2026\/06\/empower-header-1536x597.jpg 1536w\" sizes=\"(max-width: 1800px) 100vw, 1800px\" \/>                    <\/div>\n        <div class=\"hero-stage-gradient\"><\/div>\n    <\/div>\n    <div class=\"hero-stage-content__foreground is-layout-constrained\">\n        <h1 id=\"block-1\" class=\"display-1 text-center\">\n    ICF Empower e.V.<\/h1>    <\/div>\n<\/div>\n\n\n<div id=\"block-5\" class=\"hero-stage-links is-layout-constrained count-2\">\n    <div class=\"icon-link-cards-layout column-gap-3 row-gap-1 justify-content-center break-md\">\n        \n\n<div id=\"block-3\" data-bs-theme=\"dark\" class=\"wp-block-yellowtree-icon-link-card\">\n  <div class='card-body flex-row justify-content-center align-items-center overflow-hidden gap-2 px-5 px-md-3 py-3 py-md-6'>\n    <div class='d-flex align-items-center gap-4 me-auto me-md-0 flex-md-column text-md-center gap-md-3'>\n      <i class='icon-square fs-2 fs-md-lg-const fa-users' aria-hidden='true'><\/i>\n      <a class='stretched-link fs-base-const' href='https:\/\/icf.church\/swb\/de\/empower-ipst\/' target=''>\n        Schulvobereitende Tagesgruppe      <\/a>\n    <\/div>\n          <i class=\"icon fs-base-const fa-chevron-right ms-auto opacity-50 d-md-none\"><\/i>\n      <\/div>\n<\/div>\n\n\n<div id=\"block-4\" data-bs-theme=\"dark\" class=\"wp-block-yellowtree-icon-link-card\">\n  <div class='card-body flex-row justify-content-center align-items-center overflow-hidden gap-2 px-5 px-md-3 py-3 py-md-6'>\n    <div class='d-flex align-items-center gap-4 me-auto me-md-0 flex-md-column text-md-center gap-md-3'>\n      <i class='icon-square fs-2 fs-md-lg-const fa-solid fa-children' aria-hidden='true'><\/i>\n      <a class='stretched-link fs-base-const' href='https:\/\/icf.church\/swb\/de\/empower-kidsup\/' target=''>\n        KidsUp Gro\u00dftagespflege      <\/a>\n    <\/div>\n          <i class=\"icon fs-base-const fa-chevron-right ms-auto opacity-50 d-md-none\"><\/i>\n      <\/div>\n<\/div>\n    <\/div>\n<\/div>\n    <\/div>\n<\/div>\n\n<h2 id=\"block-7\" class=\"mt-4 mb-4 h2 text-start\">\n  Intensivp\u00e4dagogische Tagesgruppe<\/h2>\n\n<p id=\"block-8\" class=\"mt-4 mb-4 text-start wp-block-paragraph\">\n  Die Intensivp\u00e4dagogische Tagesgruppe ist ein Angebot f\u00fcr Schulkinder ab sechs Jahren, die aufgrund belastender Lebenssituationen sowie Verhaltens- und Entwicklungsauff\u00e4lligkeiten nur eingeschr\u00e4nkt in der Lage sind, am Schulalltag teilzunehmen.<\/p>\n\n<p id=\"block-9\" class=\"mt-4 mb-4 text-start wp-block-paragraph\">\n  Im Rahmen dieses Inklusionsprojektes besuchen sie vormittags an ihrer Stammschule f\u00fcr eine bestimmte Zeit den Unterricht. Im Anschluss werden sie in der Intensivp\u00e4dagogischen Tagesgruppe, die Platz f\u00fcr 8 Kinder bietet, betreut.<\/p>\n\n<p id=\"block-10\" class=\"text-start wp-block-paragraph\">\n  Die Belegung der Gruppe erfolgt durch das Kreisjugendamt Schwarzwald-Baar in Absprache mit den Eltern und dem zust\u00e4ndigen Schulamt.<\/p>\n\n<p id=\"block-11\" class=\"text-start wp-block-paragraph\">\n  Als teilstation\u00e4re Hilfe zur Erziehung nach \u00a732 SGB VIII soll die Entwicklung der Kinder und Jugendlichen durch Soziales Lernen in der Gruppe, individuelle F\u00f6rderung und intensive Elternarbeit unterst\u00fctzt werden.<br>Der Tagesablauf beinhaltet neben t\u00e4glichen Lerneinheiten alltagspraktische T\u00e4tigkeiten sowie themenbezogene Projekte, Outdoor-Aktivit\u00e4ten, Elternevents u.v.m.<\/p>\n\n<p id=\"block-12\" class=\"text-start wp-block-paragraph\">\n  <strong class=\"myprefix-text-bold\">Ziel<\/strong> ist der Erwerb der Schl\u00fcsselqualifikationen f\u00fcr die Teilnahme an einem regul\u00e4ren Schulalltag.<\/p>\n\n<div id=\"block-19\" class=\"pt-2 pb-2 alignfull is-layout-constrained\">\n  <div>\n            <div class=\"row gx-4 gy-4 \">\n          \n\n<div id=\"block-16\" class=\"col wp-block-yellowtree-column col-12 col-md-6 d-flex flex-column with-streched-height-children align-items-stretch align-items-md-stretch\">\n  <p id=\"block-13\" class=\"text-start wp-block-paragraph\">\n  <strong><u>\u00c4u\u00dfere Gegebenheiten<\/u><\/strong><br>Die Gruppe befindet sich in einem denkmalgesch\u00fctzten Geb\u00e4ude mit viel Flair in Brigachtal-\u00dcberauchen.<\/p>\n\n<p id=\"block-14\" class=\"text-start wp-block-paragraph\">\n  Die Betreuung erfolgt an Schultagen von<br>Montag bis Donnerstag: 9:45 &#8211; 16:00 Uhr<br>Freitag von 9:45 &#8211; 15:00 Uhr<br>durch ein interdisziplin\u00e4res Team.<\/p>\n\n<p id=\"block-15\" class=\"text-start wp-block-paragraph\">\n  Im kleinen, famili\u00e4ren Setting mit 8 Pl\u00e4tzen erfahren die Kinder individuelle Unterst\u00fctzung und F\u00f6rderung.<\/p><\/div>\n\n\n<div id=\"block-18\" class=\"col wp-block-yellowtree-column col-12 col-md-6 d-flex flex-column with-streched-height-children align-items-stretch align-items-md-stretch\">\n  <div class=\"mw-100\">\n      <figure id=\"block-17\">\n      <div class=\"img-wrap\" style=\"max-width:100%\">\n        <img decoding=\"async\" src=\"https:\/\/icf.church\/swb\/wp-content\/uploads\/sites\/85\/2026\/06\/empower-ma-1024x682.jpeg\" alt=\"\" loading=\"lazy\" title=\"\" class=\"img-fluid w-100 h-100 rounded object-fit-cover\" style=\"object-position: center center\">\n      <\/div>\n              <figcaption class=\"figure-caption mt-1\">Team der intensivp\u00e4dagogischen Tagesgruppe in Brigachtal<\/figcaption>\n          <\/figure>\n    <\/div><\/div>\n        <\/div>\n          <\/div>\n<\/div>\n\n<p id=\"block-20\" class=\"text-start wp-block-paragraph\">\n  <strong><u>Tr\u00e4ger<br><\/u><\/strong>ICF Empower e.V. ist als eigenst\u00e4ndiger Verein der sozialdiakonische Zweig der \u00fcberkonfessionellen Freikirche ICF Schwarzwald-Bodensee. Er hat seinen Sitz in der Wilhelm-Binder-Str. 17 in Villingen-Schwenningen.<\/p>\n\n<p id=\"block-21\" class=\"mt-4 mb-4 text-start wp-block-paragraph\">\n  In unserer Arbeit orientieren wir uns am christlichen Menschenbild und setzen das Gebot der N\u00e4chstenliebe um, indem wir jedes Kind als individuelle Pers\u00f6nlichkeit annehmen und es unabh\u00e4ngig von seiner Religion, Geschlecht, Nationalit\u00e4t, sozialem Umfeld oder Aussehen bei uns aufnehmen und integrieren.<\/p>\n\n<div id=\"block-27\" class=\"pt-2 pb-2 alignfull is-layout-constrained\">\n  <div>\n            <div class=\"row gx-4 gy-4 \">\n          \n\n<div id=\"block-24\" class=\"col wp-block-yellowtree-column col-12 col-lg-5 d-flex flex-column with-streched-height-children align-items-stretch align-items-lg-stretch\">\n  <p id=\"block-22\" class=\"text-start wp-block-paragraph\">\n  <strong class=\"myprefix-text-bold\">ICF Empower e.V.<\/strong><br>Intensivp\u00e4dagogische Tagesgruppe<br>Bondelstra\u00dfe 18<br>78086 Brigachtal<\/p>\n\n<p id=\"block-23\" class=\"text-start wp-block-paragraph\">\n  Ansprechpartnerin: Susanne Rominger<br>Tel. 07721\/9165252<br>E-Mail: <a href=\"mailto:tagesgruppe@icf-empower.de\">tagesgruppe@icf-empower.de<\/a><\/p><\/div>\n\n\n<div id=\"block-26\" class=\"col wp-block-yellowtree-column col-12 col-lg-7 d-flex flex-column with-streched-height-children align-items-stretch align-items-lg-stretch\">\n  <div class=\"mw-100\">\n      <figure id=\"block-25\">\n      <div class=\"img-wrap\" style=\"max-width:100%\">\n        <img decoding=\"async\" src=\"https:\/\/icf.church\/swb\/wp-content\/uploads\/sites\/85\/2026\/06\/vpk.jpg\" alt=\"\" loading=\"lazy\" title=\"\" srcset=\"https:\/\/icf.church\/swb\/wp-content\/uploads\/sites\/85\/2026\/06\/vpk.jpg 498w, https:\/\/icf.church\/swb\/wp-content\/uploads\/sites\/85\/2026\/06\/vpk-300x48.jpg 300w\" sizes=\"(max-width: 498px) 100vw, 498px\" class=\"img-fluid w-100 h-100 rounded object-fit-cover\" style=\"object-position: center center\">\n      <\/div>\n          <\/figure>\n    <\/div><\/div>\n        <\/div>\n          <\/div>\n<\/div>","protected":false},"excerpt":{"rendered":"<p>Intensivp\u00e4dagogische Tagesgruppe Die Intensivp\u00e4dagogische Tagesgruppe ist ein Angebot f\u00fcr Schulkinder ab sechs Jahren, die aufgrund belastender Lebenssituationen sowie Verhaltens- und Entwicklungsauff\u00e4lligkeiten nur eingeschr\u00e4nkt in der Lage sind, am Schulalltag teilzunehmen. Im Rahmen dieses Inklusionsprojektes besuchen sie vormittags an ihrer Stammschule f\u00fcr eine bestimmte Zeit den Unterricht. Im Anschluss werden sie in der Intensivp\u00e4dagogischen Tagesgruppe, die [&hellip;]<\/p>\n","protected":false},"author":203,"featured_media":0,"parent":0,"menu_order":13,"comment_status":"closed","ping_status":"closed","template":"","meta":{"_acf_changed":false,"_seopress_titles_title":"","_seopress_titles_desc":"","_seopress_robots_index":"","_seopress_robots_follow":"","_seopress_robots_imageindex":"","_seopress_robots_snippet":"","_seopress_robots_primary_cat":"","_seopress_robots_breadcrumbs":"","_seopress_robots_freeze_modified_date":"","_seopress_robots_custom_modified_date":"","_seopress_robots_canonical":"","_seopress_social_fb_title":"","_seopress_social_fb_desc":"","_seopress_social_fb_img":"","_seopress_social_fb_img_attachment_id":0,"_seopress_social_fb_img_width":0,"_seopress_social_fb_img_height":0,"_seopress_social_twitter_title":"","_seopress_social_twitter_desc":"","_seopress_social_twitter_img":"","_seopress_social_twitter_img_attachment_id":0,"_seopress_social_twitter_img_width":0,"_seopress_social_twitter_img_height":0,"_seopress_redirections_value":"","_seopress_redirections_enabled":"","_seopress_redirections_enabled_regex":"","_seopress_redirections_logged_status":"","_seopress_redirections_param":"","_seopress_redirections_type":0,"_seopress_analysis_target_kw":"","_seopress_news_disabled":"","_seopress_video_disabled":"","_seopress_video":[],"_seopress_pro_schemas_manual":[],"_seopress_pro_rich_snippets_disable_all":"","_seopress_pro_rich_snippets_disable":[],"_seopress_pro_schemas":[],"yt_custom_styles_scss":"","yt_custom_styles_rounded_corners":false,"yt_custom_styles_color_scheme":"","footnotes":""},"class_list":["post-1543","page","type-page","status-publish","hentry"],"acf":[],"_links":{"self":[{"href":"https:\/\/icf.church\/swb\/de\/wp-json\/wp\/v2\/pages\/1543","targetHints":{"allow":["GET"]}}],"collection":[{"href":"https:\/\/icf.church\/swb\/de\/wp-json\/wp\/v2\/pages"}],"about":[{"href":"https:\/\/icf.church\/swb\/de\/wp-json\/wp\/v2\/types\/page"}],"author":[{"embeddable":true,"href":"https:\/\/icf.church\/swb\/de\/wp-json\/wp\/v2\/users\/203"}],"replies":[{"embeddable":true,"href":"https:\/\/icf.church\/swb\/de\/wp-json\/wp\/v2\/comments?post=1543"}],"version-history":[{"count":6,"href":"https:\/\/icf.church\/swb\/de\/wp-json\/wp\/v2\/pages\/1543\/revisions"}],"predecessor-version":[{"id":1579,"href":"https:\/\/icf.church\/swb\/de\/wp-json\/wp\/v2\/pages\/1543\/revisions\/1579"}],"wp:attachment":[{"href":"https:\/\/icf.church\/swb\/de\/wp-json\/wp\/v2\/media?parent=1543"}],"curies":[{"name":"wp","href":"https:\/\/api.w.org\/{rel}","templated":true}]}}

<div id="block-6" class="wp-block-yellowtree-hero-stage">
    <div class="hero-stage has-links">
        

<div id="block-2" class="hero-stage-content">
    <div class="hero-stage-content__background">
        <div class="overlay-black-25 h-100">
                            <img fetchpriority="high" decoding="async" width="1800" height="700" src="https://icf.church/swb/wp-content/uploads/sites/85/2026/06/empower-header.jpg" class="hero-stage-media" alt="" style="object-position: 50% 50%;" aria-hidden="true" loading="eager" srcset="https://icf.church/swb/wp-content/uploads/sites/85/2026/06/empower-header.jpg 1800w, https://icf.church/swb/wp-content/uploads/sites/85/2026/06/empower-header-300x117.jpg 300w, https://icf.church/swb/wp-content/uploads/sites/85/2026/06/empower-header-1024x398.jpg 1024w, https://icf.church/swb/wp-content/uploads/sites/85/2026/06/empower-header-768x299.jpg 768w, https://icf.church/swb/wp-content/uploads/sites/85/2026/06/empower-header-1536x597.jpg 1536w" sizes="(max-width: 1800px) 100vw, 1800px" />                    </div>
        <div class="hero-stage-gradient"></div>
    </div>
    <div class="hero-stage-content__foreground is-layout-constrained">
        <h1 id="block-1" class="display-1 text-center">
    ICF Empower e.V.</h1>    </div>
</div>


<div id="block-5" class="hero-stage-links is-layout-constrained count-2">
    <div class="icon-link-cards-layout column-gap-3 row-gap-1 justify-content-center break-md">
        

<div id="block-3" data-bs-theme="dark" class="wp-block-yellowtree-icon-link-card">
  <div class='card-body flex-row justify-content-center align-items-center overflow-hidden gap-2 px-5 px-md-3 py-3 py-md-6'>
    <div class='d-flex align-items-center gap-4 me-auto me-md-0 flex-md-column text-md-center gap-md-3'>
      <i class='icon-square fs-2 fs-md-lg-const fa-users' aria-hidden='true'></i>
      <a class='stretched-link fs-base-const' href='https://icf.church/swb/de/empower-ipst/' target=''>
        Schulvobereitende Tagesgruppe      </a>
    </div>
          <i class="icon fs-base-const fa-chevron-right ms-auto opacity-50 d-md-none"></i>
      </div>
</div>


<div id="block-4" data-bs-theme="dark" class="wp-block-yellowtree-icon-link-card">
  <div class='card-body flex-row justify-content-center align-items-center overflow-hidden gap-2 px-5 px-md-3 py-3 py-md-6'>
    <div class='d-flex align-items-center gap-4 me-auto me-md-0 flex-md-column text-md-center gap-md-3'>
      <i class='icon-square fs-2 fs-md-lg-const fa-solid fa-children' aria-hidden='true'></i>
      <a class='stretched-link fs-base-const' href='https://icf.church/swb/de/empower-kidsup/' target=''>
        KidsUp Großtagespflege      </a>
    </div>
          <i class="icon fs-base-const fa-chevron-right ms-auto opacity-50 d-md-none"></i>
      </div>
</div>
    </div>
</div>
    </div>
</div>

<h2 id="block-7" class="mt-4 mb-4 h2 text-start">
  Intensivpädagogische Tagesgruppe</h2>

<p id="block-8" class="mt-4 mb-4 text-start wp-block-paragraph">
  Die Intensivpädagogische Tagesgruppe ist ein Angebot für Schulkinder ab sechs Jahren, die aufgrund belastender Lebenssituationen sowie Verhaltens- und Entwicklungsauffälligkeiten nur eingeschränkt in der Lage sind, am Schulalltag teilzunehmen.</p>

<p id="block-9" class="mt-4 mb-4 text-start wp-block-paragraph">
  Im Rahmen dieses Inklusionsprojektes besuchen sie vormittags an ihrer Stammschule für eine bestimmte Zeit den Unterricht. Im Anschluss werden sie in der Intensivpädagogischen Tagesgruppe, die Platz für 8 Kinder bietet, betreut.</p>

<p id="block-10" class="text-start wp-block-paragraph">
  Die Belegung der Gruppe erfolgt durch das Kreisjugendamt Schwarzwald-Baar in Absprache mit den Eltern und dem zuständigen Schulamt.</p>

<p id="block-11" class="text-start wp-block-paragraph">
  Als teilstationäre Hilfe zur Erziehung nach §32 SGB VIII soll die Entwicklung der Kinder und Jugendlichen durch Soziales Lernen in der Gruppe, individuelle Förderung und intensive Elternarbeit unterstützt werden.<br>Der Tagesablauf beinhaltet neben täglichen Lerneinheiten alltagspraktische Tätigkeiten sowie themenbezogene Projekte, Outdoor-Aktivitäten, Elternevents u.v.m.</p>

<p id="block-12" class="text-start wp-block-paragraph">
  <strong class="myprefix-text-bold">Ziel</strong> ist der Erwerb der Schlüsselqualifikationen für die Teilnahme an einem regulären Schulalltag.</p>

<div id="block-19" class="pt-2 pb-2 alignfull is-layout-constrained">
  <div>
            <div class="row gx-4 gy-4 ">
          

<div id="block-16" class="col wp-block-yellowtree-column col-12 col-md-6 d-flex flex-column with-streched-height-children align-items-stretch align-items-md-stretch">
  <p id="block-13" class="text-start wp-block-paragraph">
  <strong><u>Äußere Gegebenheiten</u></strong><br>Die Gruppe befindet sich in einem denkmalgeschützten Gebäude mit viel Flair in Brigachtal-Überauchen.</p>

<p id="block-14" class="text-start wp-block-paragraph">
  Die Betreuung erfolgt an Schultagen von<br>Montag bis Donnerstag: 9:45 &#8211; 16:00 Uhr<br>Freitag von 9:45 &#8211; 15:00 Uhr<br>durch ein interdisziplinäres Team.</p>

<p id="block-15" class="text-start wp-block-paragraph">
  Im kleinen, familiären Setting mit 8 Plätzen erfahren die Kinder individuelle Unterstützung und Förderung.</p></div>


<div id="block-18" class="col wp-block-yellowtree-column col-12 col-md-6 d-flex flex-column with-streched-height-children align-items-stretch align-items-md-stretch">
  <div class="mw-100">
      <figure id="block-17">
      <div class="img-wrap" style="max-width:100%">
        <img decoding="async" src="https://icf.church/swb/wp-content/uploads/sites/85/2026/06/empower-ma-1024x682.jpeg" alt="" loading="lazy" title="" class="img-fluid w-100 h-100 rounded object-fit-cover" style="object-position: center center">
      </div>
              <figcaption class="figure-caption mt-1">Team der intensivpädagogischen Tagesgruppe in Brigachtal</figcaption>
          </figure>
    </div></div>
        </div>
          </div>
</div>

<p id="block-20" class="text-start wp-block-paragraph">
  <strong><u>Träger<br></u></strong>ICF Empower e.V. ist als eigenständiger Verein der sozialdiakonische Zweig der überkonfessionellen Freikirche ICF Schwarzwald-Bodensee. Er hat seinen Sitz in der Wilhelm-Binder-Str. 17 in Villingen-Schwenningen.</p>

<p id="block-21" class="mt-4 mb-4 text-start wp-block-paragraph">
  In unserer Arbeit orientieren wir uns am christlichen Menschenbild und setzen das Gebot der Nächstenliebe um, indem wir jedes Kind als individuelle Persönlichkeit annehmen und es unabhängig von seiner Religion, Geschlecht, Nationalität, sozialem Umfeld oder Aussehen bei uns aufnehmen und integrieren.</p>

<div id="block-27" class="pt-2 pb-2 alignfull is-layout-constrained">
  <div>
            <div class="row gx-4 gy-4 ">
          

<div id="block-24" class="col wp-block-yellowtree-column col-12 col-lg-5 d-flex flex-column with-streched-height-children align-items-stretch align-items-lg-stretch">
  <p id="block-22" class="text-start wp-block-paragraph">
  <strong class="myprefix-text-bold">ICF Empower e.V.</strong><br>Intensivpädagogische Tagesgruppe<br>Bondelstraße 18<br>78086 Brigachtal</p>

<p id="block-23" class="text-start wp-block-paragraph">
  Ansprechpartnerin: Susanne Rominger<br>Tel. 07721/9165252<br>E-Mail: <a href="mailto:tagesgruppe@icf-empower.de">tagesgruppe@icf-empower.de</a></p></div>


<div id="block-26" class="col wp-block-yellowtree-column col-12 col-lg-7 d-flex flex-column with-streched-height-children align-items-stretch align-items-lg-stretch">
  <div class="mw-100">
      <figure id="block-25">
      <div class="img-wrap" style="max-width:100%">
        <img decoding="async" src="https://icf.church/swb/wp-content/uploads/sites/85/2026/06/vpk.jpg" alt="" loading="lazy" title="" srcset="https://icf.church/swb/wp-content/uploads/sites/85/2026/06/vpk.jpg 498w, https://icf.church/swb/wp-content/uploads/sites/85/2026/06/vpk-300x48.jpg 300w" sizes="(max-width: 498px) 100vw, 498px" class="img-fluid w-100 h-100 rounded object-fit-cover" style="object-position: center center">
      </div>
          </figure>
    </div></div>
        </div>
          </div>
</div>

<p>Intensivpädagogische Tagesgruppe Die Intensivpädagogische Tagesgruppe ist ein Angebot für Schulkinder ab sechs Jahren, die aufgrund belastender Lebenssituationen sowie Verhaltens- und Entwicklungsauffälligkeiten nur eingeschränkt in der Lage sind, am Schulalltag teilzunehmen. Im Rahmen dieses Inklusionsprojektes besuchen sie vormittags an ihrer Stammschule für eine bestimmte Zeit den Unterricht. Im Anschluss werden sie in der Intensivpädagogischen Tagesgruppe, die [&hellip;]</p>
