{"id":1544,"date":"2026-06-22T10:05:48","date_gmt":"2026-06-22T08:05:57","guid":{"rendered":"https:\/\/new.icf.church\/swb\/empower-3\/"},"modified":"2026-06-22T10:54:59","modified_gmt":"2026-06-22T08:54:59","slug":"empower-ipst","status":"publish","type":"page","link":"https:\/\/icf.church\/swb\/de\/empower-ipst\/","title":{"rendered":"Empower Schulvorbereitung"},"content":{"rendered":"\n<div id=\"block-6\" class=\"wp-block-yellowtree-hero-stage\">\n    <div class=\"hero-stage has-links\">\n        \n\n<div id=\"block-2\" class=\"hero-stage-content\">\n    <div class=\"hero-stage-content__background\">\n        <div class=\"overlay-black-25 h-100\">\n                            <img fetchpriority=\"high\" decoding=\"async\" width=\"1800\" height=\"700\" src=\"https:\/\/icf.church\/swb\/wp-content\/uploads\/sites\/85\/2026\/06\/empower-header.jpg\" class=\"hero-stage-media\" alt=\"\" style=\"object-position: 50% 50%;\" aria-hidden=\"true\" loading=\"eager\" srcset=\"https:\/\/icf.church\/swb\/wp-content\/uploads\/sites\/85\/2026\/06\/empower-header.jpg 1800w, https:\/\/icf.church\/swb\/wp-content\/uploads\/sites\/85\/2026\/06\/empower-header-300x117.jpg 300w, https:\/\/icf.church\/swb\/wp-content\/uploads\/sites\/85\/2026\/06\/empower-header-1024x398.jpg 1024w, https:\/\/icf.church\/swb\/wp-content\/uploads\/sites\/85\/2026\/06\/empower-header-768x299.jpg 768w, https:\/\/icf.church\/swb\/wp-content\/uploads\/sites\/85\/2026\/06\/empower-header-1536x597.jpg 1536w\" sizes=\"(max-width: 1800px) 100vw, 1800px\" \/>                    <\/div>\n        <div class=\"hero-stage-gradient\"><\/div>\n    <\/div>\n    <div class=\"hero-stage-content__foreground is-layout-constrained\">\n        <h1 id=\"block-1\" class=\"display-1 text-center\">\n    ICF Empower e.V.<\/h1>    <\/div>\n<\/div>\n\n\n<div id=\"block-5\" class=\"hero-stage-links is-layout-constrained count-2\">\n    <div class=\"icon-link-cards-layout column-gap-3 row-gap-1 justify-content-center break-md\">\n        \n\n<div id=\"block-3\" data-bs-theme=\"dark\" class=\"wp-block-yellowtree-icon-link-card\">\n  <div class='card-body flex-row justify-content-center align-items-center overflow-hidden gap-2 px-5 px-md-3 py-3 py-md-6'>\n    <div class='d-flex align-items-center gap-4 me-auto me-md-0 flex-md-column text-md-center gap-md-3'>\n      <i class='icon-square fs-2 fs-md-lg-const fa-solid fa-house-user' aria-hidden='true'><\/i>\n      <a class='stretched-link fs-base-const' href='https:\/\/icf.church\/swb\/de\/empower-ipt\/' target=''>\n        Tagesgruppe      <\/a>\n    <\/div>\n          <i class=\"icon fs-base-const fa-chevron-right ms-auto opacity-50 d-md-none\"><\/i>\n      <\/div>\n<\/div>\n\n\n<div id=\"block-4\" data-bs-theme=\"dark\" class=\"wp-block-yellowtree-icon-link-card\">\n  <div class='card-body flex-row justify-content-center align-items-center overflow-hidden gap-2 px-5 px-md-3 py-3 py-md-6'>\n    <div class='d-flex align-items-center gap-4 me-auto me-md-0 flex-md-column text-md-center gap-md-3'>\n      <i class='icon-square fs-2 fs-md-lg-const fa-solid fa-children' aria-hidden='true'><\/i>\n      <a class='stretched-link fs-base-const' href='https:\/\/icf.church\/swb\/de\/empower-kidsup\/' target=''>\n        KidsUp Gro\u00dftagespflege      <\/a>\n    <\/div>\n          <i class=\"icon fs-base-const fa-chevron-right ms-auto opacity-50 d-md-none\"><\/i>\n      <\/div>\n<\/div>\n    <\/div>\n<\/div>\n    <\/div>\n<\/div>\n\n<h2 id=\"block-7\" class=\"mt-4 mb-4 h2 text-start\">\n  Intensivp\u00e4dagogische schulvorbereitendeTagesgruppe<\/h2>\n\n<p id=\"block-8\" class=\"mt-4 mb-4 text-start wp-block-paragraph\">\n  Die Intensivp\u00e4dagogische schulvorbereitende Tagesgruppe ist ein Angebot f\u00fcr Kinder ab 4 Jahren bis einschlie\u00dflich 1. Klasse, die aufgrund belastender Lebenssituationen sowie Verhaltens- und Entwicklungsauff\u00e4lligkeiten nur eingeschr\u00e4nkt in der Lage sein werden, an einem regul\u00e4ren Schulalltag teilzunehmen.<\/p>\n\n<p id=\"block-9\" class=\"text-start wp-block-paragraph\">\n  Um einen gelingenden, begleiteten Einstieg in die Schule zu erm\u00f6glichen, liegt der Schwerpunkt der p\u00e4dagogischen Arbeit auf der F\u00f6rderung des Sozialverhaltens und dem Erwerb der Schulreife.<\/p>\n\n<p id=\"block-10\" class=\"text-start wp-block-paragraph\">\n  Die Belegung der Gruppe erfolgt durch das Kreisjugendamt Schwarzwald-Baar in Absprache mit den Erziehungsberechtigten.<\/p>\n\n<p id=\"block-11\" class=\"text-start wp-block-paragraph\">\n  Als teilstation\u00e4re Hilfe zur Erziehung nach \u00a7 32 SGB VIII und \u00a7 35a SGB VIII soll die Entwicklung der Kinder durch Soziales Lernen in der Gruppe, individuelle Angebote und intensive Elternarbeit unterst\u00fctzt werden.<\/p>\n\n<p id=\"block-12\" class=\"text-start wp-block-paragraph\">\n  Der strukturierte Tagesablauf beinhaltet neben einer gezielten vorschulischen F\u00f6rderung und der Betreuung der Schulaufgaben bei Erstkl\u00e4sslern Spielzeiten, alltagspraktische T\u00e4tigkeiten sowie themenbezogene Projekte, Outdooraktivit\u00e4ten, Elternevents u.v.m.<\/p>\n\n<p id=\"block-13\" class=\"text-start wp-block-paragraph\">\n  <strong class=\"myprefix-text-bold\">Ziel<\/strong> ist der Erwerb der Schl\u00fcsselqualifikationen f\u00fcr die Teilnahme an einem regul\u00e4ren Schulalltag.<\/p>\n\n<div id=\"block-20\" class=\"pt-2 pb-2 alignfull is-layout-constrained\">\n  <div>\n            <div class=\"row gx-4 gy-4 \">\n          \n\n<div id=\"block-17\" class=\"col wp-block-yellowtree-column col-12 col-md-6 d-flex flex-column with-streched-height-children align-items-stretch align-items-md-stretch\">\n  <p id=\"block-14\" class=\"text-start wp-block-paragraph\">\n  <strong><u>\u00c4u\u00dfere Gegebenheiten<\/u><\/strong><br>Die Gruppe hat ihre R\u00e4umlichkeiten in der <br>Wilhelm-Binder-Str. 17 in Villingen-Schwenningen und bietet im kleinen, famili\u00e4ren Setting Platz f\u00fcr 8 Kinder.<\/p>\n\n<p id=\"block-15\" class=\"text-start wp-block-paragraph\">\n  Die Betreuung erfolgt an Schultagen<br>Montag bis Donnerstag: 8.30 Uhr &#8211; 16.00 Uhr<br>Freitag von 8.30 Uhr &#8211; 14.00 Uhr.<\/p>\n\n<p id=\"block-16\" class=\"text-start wp-block-paragraph\">\n  In den Schulferien werden Ferienbetreuungstage angeboten.<\/p><\/div>\n\n\n<div id=\"block-19\" class=\"col wp-block-yellowtree-column col-12 col-md-6 d-flex flex-column with-streched-height-children align-items-stretch align-items-md-stretch\">\n  <div class=\"mw-100\">\n      <figure id=\"block-18\">\n      <div class=\"img-wrap\" style=\"max-width:100%\">\n        <img decoding=\"async\" src=\"https:\/\/icf.church\/swb\/wp-content\/uploads\/sites\/85\/2026\/06\/empower-ma2-1024x682.jpeg\" alt=\"\" loading=\"lazy\" title=\"\" class=\"img-fluid w-100 h-100 rounded object-fit-cover\" style=\"object-position: center center\">\n      <\/div>\n              <figcaption class=\"figure-caption mt-1\">Team der intensivp\u00e4dagogischen schulvorbereitenden Tagesgruppe in Villingen<\/figcaption>\n          <\/figure>\n    <\/div><\/div>\n        <\/div>\n          <\/div>\n<\/div>\n\n<p id=\"block-21\" class=\"text-start wp-block-paragraph\">\n  <strong><u>Tr\u00e4ger<br><\/u><\/strong>ICF Empower e.V. ist als eigenst\u00e4ndiger Verein der sozialdiakonische Zweig der \u00fcberkonfessionellen Freikirche ICF Schwarzwald-Bodensee. Er hat seinen Sitz in der Wilhelm-Binder-Str. 17 in Villingen-Schwenningen.<\/p>\n\n<p id=\"block-22\" class=\"mt-4 mb-4 text-start wp-block-paragraph\">\n  In unserer Arbeit orientieren wir uns am christlichen Menschenbild und setzen das Gebot der N\u00e4chstenliebe um, indem wir jedes Kind als individuelle Pers\u00f6nlichkeit annehmen und es unabh\u00e4ngig von seiner Religion, Geschlecht, Nationalit\u00e4t, sozialem Umfeld oder Aussehen bei uns aufnehmen und integrieren.<\/p>\n\n<div id=\"block-28\" class=\"pt-2 pb-2 alignfull is-layout-constrained\">\n  <div>\n            <div class=\"row gx-4 gy-4 \">\n          \n\n<div id=\"block-25\" class=\"col wp-block-yellowtree-column col-12 col-lg-5 d-flex flex-column with-streched-height-children align-items-stretch align-items-lg-stretch\">\n  <p id=\"block-23\" class=\"text-start wp-block-paragraph\">\n  <strong class=\"myprefix-text-bold\">ICF Empower e.V.<\/strong><br>Intensivp\u00e4dagogische schulvorbereitendeTagesgruppe<br>Wilhelm-Binder-Str. 17<br>78048 Villingen-Schwenningen<\/p>\n\n<p id=\"block-24\" class=\"text-start wp-block-paragraph\">\n  Ansprechpartnerin: Natascha Wolf<br>Tel. 07721\/9160046<br>E-Mail: <a href=\"mailto:vs-tagesgruppe@icf-empower.de\" target=\"_blank\" rel=\"noopener\">vs-tagesgruppe@icf-empower.de<\/a><\/p><\/div>\n\n\n<div id=\"block-27\" class=\"col wp-block-yellowtree-column col-12 col-lg-7 d-flex flex-column with-streched-height-children align-items-stretch align-items-lg-stretch\">\n  <div class=\"mw-100\">\n      <figure id=\"block-26\">\n      <div class=\"img-wrap\" style=\"max-width:100%\">\n        <img decoding=\"async\" src=\"https:\/\/icf.church\/swb\/wp-content\/uploads\/sites\/85\/2026\/06\/vpk.jpg\" alt=\"\" loading=\"lazy\" title=\"\" srcset=\"https:\/\/icf.church\/swb\/wp-content\/uploads\/sites\/85\/2026\/06\/vpk.jpg 498w, https:\/\/icf.church\/swb\/wp-content\/uploads\/sites\/85\/2026\/06\/vpk-300x48.jpg 300w\" sizes=\"(max-width: 498px) 100vw, 498px\" class=\"img-fluid w-100 h-100 rounded object-fit-cover\" style=\"object-position: center center\">\n      <\/div>\n          <\/figure>\n    <\/div><\/div>\n        <\/div>\n          <\/div>\n<\/div>","protected":false},"excerpt":{"rendered":"<p>Intensivp\u00e4dagogische schulvorbereitendeTagesgruppe Die Intensivp\u00e4dagogische schulvorbereitende Tagesgruppe ist ein Angebot f\u00fcr Kinder ab 4 Jahren bis einschlie\u00dflich 1. Klasse, die aufgrund belastender Lebenssituationen sowie Verhaltens- und Entwicklungsauff\u00e4lligkeiten nur eingeschr\u00e4nkt in der Lage sein werden, an einem regul\u00e4ren Schulalltag teilzunehmen. Um einen gelingenden, begleiteten Einstieg in die Schule zu erm\u00f6glichen, liegt der Schwerpunkt der p\u00e4dagogischen Arbeit auf [&hellip;]<\/p>\n","protected":false},"author":203,"featured_media":0,"parent":0,"menu_order":12,"comment_status":"closed","ping_status":"closed","template":"","meta":{"_acf_changed":false,"_seopress_titles_title":"","_seopress_titles_desc":"","_seopress_robots_index":"","_seopress_robots_follow":"","_seopress_robots_imageindex":"","_seopress_robots_snippet":"","_seopress_robots_primary_cat":"","_seopress_robots_breadcrumbs":"","_seopress_robots_freeze_modified_date":"","_seopress_robots_custom_modified_date":"","_seopress_robots_canonical":"","_seopress_social_fb_title":"","_seopress_social_fb_desc":"","_seopress_social_fb_img":"","_seopress_social_fb_img_attachment_id":0,"_seopress_social_fb_img_width":0,"_seopress_social_fb_img_height":0,"_seopress_social_twitter_title":"","_seopress_social_twitter_desc":"","_seopress_social_twitter_img":"","_seopress_social_twitter_img_attachment_id":0,"_seopress_social_twitter_img_width":0,"_seopress_social_twitter_img_height":0,"_seopress_redirections_value":"","_seopress_redirections_enabled":"","_seopress_redirections_enabled_regex":"","_seopress_redirections_logged_status":"","_seopress_redirections_param":"","_seopress_redirections_type":0,"_seopress_analysis_target_kw":"","_seopress_news_disabled":"","_seopress_video_disabled":"","_seopress_video":[],"_seopress_pro_schemas_manual":[],"_seopress_pro_rich_snippets_disable_all":"","_seopress_pro_rich_snippets_disable":[],"_seopress_pro_schemas":[],"yt_custom_styles_scss":"","yt_custom_styles_rounded_corners":false,"yt_custom_styles_color_scheme":"","footnotes":""},"class_list":["post-1544","page","type-page","status-publish","hentry"],"acf":[],"_links":{"self":[{"href":"https:\/\/icf.church\/swb\/de\/wp-json\/wp\/v2\/pages\/1544","targetHints":{"allow":["GET"]}}],"collection":[{"href":"https:\/\/icf.church\/swb\/de\/wp-json\/wp\/v2\/pages"}],"about":[{"href":"https:\/\/icf.church\/swb\/de\/wp-json\/wp\/v2\/types\/page"}],"author":[{"embeddable":true,"href":"https:\/\/icf.church\/swb\/de\/wp-json\/wp\/v2\/users\/203"}],"replies":[{"embeddable":true,"href":"https:\/\/icf.church\/swb\/de\/wp-json\/wp\/v2\/comments?post=1544"}],"version-history":[{"count":5,"href":"https:\/\/icf.church\/swb\/de\/wp-json\/wp\/v2\/pages\/1544\/revisions"}],"predecessor-version":[{"id":1578,"href":"https:\/\/icf.church\/swb\/de\/wp-json\/wp\/v2\/pages\/1544\/revisions\/1578"}],"wp:attachment":[{"href":"https:\/\/icf.church\/swb\/de\/wp-json\/wp\/v2\/media?parent=1544"}],"curies":[{"name":"wp","href":"https:\/\/api.w.org\/{rel}","templated":true}]}}

<div id="block-6" class="wp-block-yellowtree-hero-stage">
    <div class="hero-stage has-links">
        

<div id="block-2" class="hero-stage-content">
    <div class="hero-stage-content__background">
        <div class="overlay-black-25 h-100">
                            <img fetchpriority="high" decoding="async" width="1800" height="700" src="https://icf.church/swb/wp-content/uploads/sites/85/2026/06/empower-header.jpg" class="hero-stage-media" alt="" style="object-position: 50% 50%;" aria-hidden="true" loading="eager" srcset="https://icf.church/swb/wp-content/uploads/sites/85/2026/06/empower-header.jpg 1800w, https://icf.church/swb/wp-content/uploads/sites/85/2026/06/empower-header-300x117.jpg 300w, https://icf.church/swb/wp-content/uploads/sites/85/2026/06/empower-header-1024x398.jpg 1024w, https://icf.church/swb/wp-content/uploads/sites/85/2026/06/empower-header-768x299.jpg 768w, https://icf.church/swb/wp-content/uploads/sites/85/2026/06/empower-header-1536x597.jpg 1536w" sizes="(max-width: 1800px) 100vw, 1800px" />                    </div>
        <div class="hero-stage-gradient"></div>
    </div>
    <div class="hero-stage-content__foreground is-layout-constrained">
        <h1 id="block-1" class="display-1 text-center">
    ICF Empower e.V.</h1>    </div>
</div>


<div id="block-5" class="hero-stage-links is-layout-constrained count-2">
    <div class="icon-link-cards-layout column-gap-3 row-gap-1 justify-content-center break-md">
        

<div id="block-3" data-bs-theme="dark" class="wp-block-yellowtree-icon-link-card">
  <div class='card-body flex-row justify-content-center align-items-center overflow-hidden gap-2 px-5 px-md-3 py-3 py-md-6'>
    <div class='d-flex align-items-center gap-4 me-auto me-md-0 flex-md-column text-md-center gap-md-3'>
      <i class='icon-square fs-2 fs-md-lg-const fa-solid fa-house-user' aria-hidden='true'></i>
      <a class='stretched-link fs-base-const' href='https://icf.church/swb/de/empower-ipt/' target=''>
        Tagesgruppe      </a>
    </div>
          <i class="icon fs-base-const fa-chevron-right ms-auto opacity-50 d-md-none"></i>
      </div>
</div>


<div id="block-4" data-bs-theme="dark" class="wp-block-yellowtree-icon-link-card">
  <div class='card-body flex-row justify-content-center align-items-center overflow-hidden gap-2 px-5 px-md-3 py-3 py-md-6'>
    <div class='d-flex align-items-center gap-4 me-auto me-md-0 flex-md-column text-md-center gap-md-3'>
      <i class='icon-square fs-2 fs-md-lg-const fa-solid fa-children' aria-hidden='true'></i>
      <a class='stretched-link fs-base-const' href='https://icf.church/swb/de/empower-kidsup/' target=''>
        KidsUp Großtagespflege      </a>
    </div>
          <i class="icon fs-base-const fa-chevron-right ms-auto opacity-50 d-md-none"></i>
      </div>
</div>
    </div>
</div>
    </div>
</div>

<h2 id="block-7" class="mt-4 mb-4 h2 text-start">
  Intensivpädagogische schulvorbereitendeTagesgruppe</h2>

<p id="block-8" class="mt-4 mb-4 text-start wp-block-paragraph">
  Die Intensivpädagogische schulvorbereitende Tagesgruppe ist ein Angebot für Kinder ab 4 Jahren bis einschließlich 1. Klasse, die aufgrund belastender Lebenssituationen sowie Verhaltens- und Entwicklungsauffälligkeiten nur eingeschränkt in der Lage sein werden, an einem regulären Schulalltag teilzunehmen.</p>

<p id="block-9" class="text-start wp-block-paragraph">
  Um einen gelingenden, begleiteten Einstieg in die Schule zu ermöglichen, liegt der Schwerpunkt der pädagogischen Arbeit auf der Förderung des Sozialverhaltens und dem Erwerb der Schulreife.</p>

<p id="block-10" class="text-start wp-block-paragraph">
  Die Belegung der Gruppe erfolgt durch das Kreisjugendamt Schwarzwald-Baar in Absprache mit den Erziehungsberechtigten.</p>

<p id="block-11" class="text-start wp-block-paragraph">
  Als teilstationäre Hilfe zur Erziehung nach § 32 SGB VIII und § 35a SGB VIII soll die Entwicklung der Kinder durch Soziales Lernen in der Gruppe, individuelle Angebote und intensive Elternarbeit unterstützt werden.</p>

<p id="block-12" class="text-start wp-block-paragraph">
  Der strukturierte Tagesablauf beinhaltet neben einer gezielten vorschulischen Förderung und der Betreuung der Schulaufgaben bei Erstklässlern Spielzeiten, alltagspraktische Tätigkeiten sowie themenbezogene Projekte, Outdooraktivitäten, Elternevents u.v.m.</p>

<p id="block-13" class="text-start wp-block-paragraph">
  <strong class="myprefix-text-bold">Ziel</strong> ist der Erwerb der Schlüsselqualifikationen für die Teilnahme an einem regulären Schulalltag.</p>

<div id="block-20" class="pt-2 pb-2 alignfull is-layout-constrained">
  <div>
            <div class="row gx-4 gy-4 ">
          

<div id="block-17" class="col wp-block-yellowtree-column col-12 col-md-6 d-flex flex-column with-streched-height-children align-items-stretch align-items-md-stretch">
  <p id="block-14" class="text-start wp-block-paragraph">
  <strong><u>Äußere Gegebenheiten</u></strong><br>Die Gruppe hat ihre Räumlichkeiten in der <br>Wilhelm-Binder-Str. 17 in Villingen-Schwenningen und bietet im kleinen, familiären Setting Platz für 8 Kinder.</p>

<p id="block-15" class="text-start wp-block-paragraph">
  Die Betreuung erfolgt an Schultagen<br>Montag bis Donnerstag: 8.30 Uhr &#8211; 16.00 Uhr<br>Freitag von 8.30 Uhr &#8211; 14.00 Uhr.</p>

<p id="block-16" class="text-start wp-block-paragraph">
  In den Schulferien werden Ferienbetreuungstage angeboten.</p></div>


<div id="block-19" class="col wp-block-yellowtree-column col-12 col-md-6 d-flex flex-column with-streched-height-children align-items-stretch align-items-md-stretch">
  <div class="mw-100">
      <figure id="block-18">
      <div class="img-wrap" style="max-width:100%">
        <img decoding="async" src="https://icf.church/swb/wp-content/uploads/sites/85/2026/06/empower-ma2-1024x682.jpeg" alt="" loading="lazy" title="" class="img-fluid w-100 h-100 rounded object-fit-cover" style="object-position: center center">
      </div>
              <figcaption class="figure-caption mt-1">Team der intensivpädagogischen schulvorbereitenden Tagesgruppe in Villingen</figcaption>
          </figure>
    </div></div>
        </div>
          </div>
</div>

<p id="block-21" class="text-start wp-block-paragraph">
  <strong><u>Träger<br></u></strong>ICF Empower e.V. ist als eigenständiger Verein der sozialdiakonische Zweig der überkonfessionellen Freikirche ICF Schwarzwald-Bodensee. Er hat seinen Sitz in der Wilhelm-Binder-Str. 17 in Villingen-Schwenningen.</p>

<p id="block-22" class="mt-4 mb-4 text-start wp-block-paragraph">
  In unserer Arbeit orientieren wir uns am christlichen Menschenbild und setzen das Gebot der Nächstenliebe um, indem wir jedes Kind als individuelle Persönlichkeit annehmen und es unabhängig von seiner Religion, Geschlecht, Nationalität, sozialem Umfeld oder Aussehen bei uns aufnehmen und integrieren.</p>

<div id="block-28" class="pt-2 pb-2 alignfull is-layout-constrained">
  <div>
            <div class="row gx-4 gy-4 ">
          

<div id="block-25" class="col wp-block-yellowtree-column col-12 col-lg-5 d-flex flex-column with-streched-height-children align-items-stretch align-items-lg-stretch">
  <p id="block-23" class="text-start wp-block-paragraph">
  <strong class="myprefix-text-bold">ICF Empower e.V.</strong><br>Intensivpädagogische schulvorbereitendeTagesgruppe<br>Wilhelm-Binder-Str. 17<br>78048 Villingen-Schwenningen</p>

<p id="block-24" class="text-start wp-block-paragraph">
  Ansprechpartnerin: Natascha Wolf<br>Tel. 07721/9160046<br>E-Mail: <a href="mailto:vs-tagesgruppe@icf-empower.de" target="_blank" rel="noopener">vs-tagesgruppe@icf-empower.de</a></p></div>


<div id="block-27" class="col wp-block-yellowtree-column col-12 col-lg-7 d-flex flex-column with-streched-height-children align-items-stretch align-items-lg-stretch">
  <div class="mw-100">
      <figure id="block-26">
      <div class="img-wrap" style="max-width:100%">
        <img decoding="async" src="https://icf.church/swb/wp-content/uploads/sites/85/2026/06/vpk.jpg" alt="" loading="lazy" title="" srcset="https://icf.church/swb/wp-content/uploads/sites/85/2026/06/vpk.jpg 498w, https://icf.church/swb/wp-content/uploads/sites/85/2026/06/vpk-300x48.jpg 300w" sizes="(max-width: 498px) 100vw, 498px" class="img-fluid w-100 h-100 rounded object-fit-cover" style="object-position: center center">
      </div>
          </figure>
    </div></div>
        </div>
          </div>
</div>

<p>Intensivpädagogische schulvorbereitendeTagesgruppe Die Intensivpädagogische schulvorbereitende Tagesgruppe ist ein Angebot für Kinder ab 4 Jahren bis einschließlich 1. Klasse, die aufgrund belastender Lebenssituationen sowie Verhaltens- und Entwicklungsauffälligkeiten nur eingeschränkt in der Lage sein werden, an einem regulären Schulalltag teilzunehmen. Um einen gelingenden, begleiteten Einstieg in die Schule zu ermöglichen, liegt der Schwerpunkt der pädagogischen Arbeit auf [&hellip;]</p>
