{"id":1786,"date":"2026-06-04T17:06:12","date_gmt":"2026-06-04T15:06:12","guid":{"rendered":"https:\/\/new.icf.church\/ticino\/?page_id=1786"},"modified":"2026-08-07T16:09:30","modified_gmt":"2026-08-07T14:09:30","slug":"imprint","status":"publish","type":"page","link":"https:\/\/icf.church\/ticino\/it\/imprint\/","title":{"rendered":"Imprint"},"content":{"rendered":"<h1 id=\"block-1\" class=\"mt-4 mb-4 h1 text-start\">\n  Imprint<\/h1>\n\n<h2 id=\"block-2\" class=\"mt-4 mb-4 h2 text-start\">\n  Contatto<\/h2>\n\n<p id=\"block-3\" class=\"text-start wp-block-paragraph\">\n  <strong> ICF Ticino<br><\/strong>Via Grumo 7<br>6929 Gravesano<br>Svizzera<br><a href=\"mailto:movement@icf.church\" target=\"_blank\" rel=\"noopener\">info@icf-ticino.ch<\/a><\/p>\n\n<p id=\"block-4\" class=\"text-start wp-block-paragraph\">\n  <em>ICF Ticino \u00e8 un&#8217;associazione senza scopo di lucro di diritto svizzero.<\/em><\/p>\n\n<h2 id=\"block-5\" class=\"mt-4 mb-4 h2 text-start\">\n  Responsabilit\u00e0<\/h2>\n\n<p id=\"block-6\" class=\"text-start wp-block-paragraph\">\n  <strong>Rappresentante legale:<\/strong><br>Junia Albergati, Direttore esecutivo del Movimento ICF Ticino.<br><br><strong>Responsabilit\u00e0 editoriale<br>(ai sensi del \u00a7 18 comma 2 MStV, Germania):<\/strong><br>Junia Albergati, Direttore esecutivo del Movimento ICF Ticino.<\/p>\n\n<p id=\"block-7\" class=\"text-start wp-block-paragraph\">\n  <br><strong>Proprietario dei media<\/strong><br><strong>(secondo \u00a7 24 MedienG, Austria):&nbsp;&nbsp;<\/strong><br> ICF TICINO , Via Grumo 7,  6929 Gravesano, Svizzera<\/p>\n\n<h2 id=\"block-8\" class=\"mt-4 mb-4 h2 text-start\">\n  Diritti d&#8217;autore<\/h2>\n\n<p id=\"block-9\" class=\"text-start wp-block-paragraph\">\n  Tutti i contenuti, le immagini, le foto e i file presenti su questo sito web sono protetti da copyright. Salvo diversa indicazione, i diritti appartengono a ICF Ticino o ai titolari dei diritti specificamente menzionati.<\/p>\n\n<p id=\"block-10\" class=\"text-start wp-block-paragraph\">\n  Ci fa piacere quando i nostri contenuti ispirano gli altri, ma se desiderate riutilizzare qualsiasi parte (ad esempio scaricarla, riprodurla o pubblicarla), vi preghiamo di richiedere preventivamente un&#8217;autorizzazione scritta.<\/p>\n\n<p id=\"block-11\" class=\"text-start wp-block-paragraph\">\n  Non esitate a contattarci: saremo lieti di trovare insieme una buona soluzione.<\/p>\n\n<h2 id=\"block-12\" class=\"mt-4 mb-4 h2 text-start\">\n  Disclaimer<\/h2>\n\n<p id=\"block-13\" class=\"text-start wp-block-paragraph\">\n  Noi di ICF Ticino ci impegniamo al massimo per mantenere questo sito web aggiornato, accurato e completo. Tuttavia, non possiamo garantire la correttezza o la completezza dei contenuti in ogni momento.<\/p>\n\n<p id=\"block-14\" class=\"text-start wp-block-paragraph\">\n  Nella misura consentita dalla legge, escludiamo qualsiasi responsabilit\u00e0 per danni materiali o immateriali derivanti dall&#8217;utilizzo o dal mancato utilizzo delle informazioni fornite.<\/p>\n\n<p id=\"block-15\" class=\"text-start wp-block-paragraph\">\n  Possono verificarsi problemi tecnici, interruzioni o periodi di inattivit\u00e0 temporanei. Ci riserviamo il diritto di modificare, aggiungere o rimuovere contenuti in qualsiasi momento senza preavviso. Se notate errori o contenuti problematici, vi preghiamo di inviarci un breve&nbsp;<a href=\"https:\/\/icf.church\/ticino\/it\/contatta\/\">messaggio<\/a>&nbsp;in modo da poterli risolvere immediatamente.<\/p>\n\n<h2 id=\"block-16\" class=\"mt-4 mb-4 h2 text-start\">\n  Disclaimer per i link<\/h2>\n\n<p id=\"block-17\" class=\"text-start wp-block-paragraph\">\n  Condividiamo link a siti web esterni perch\u00e9 ci piace diffondere contenuti stimolanti. Tuttavia, ci teniamo a precisare: la responsabilit\u00e0 di tali contenuti esterni ricade sui rispettivi proprietari dei siti \u2013 non abbiamo alcuna autorit\u00e0 editoriale in merito. Al momento della creazione dei link, abbiamo esaminato le pagine e non abbiamo riscontrato contenuti illegali. &nbsp;<\/p>\n\n<p id=\"block-18\" class=\"text-start wp-block-paragraph\">\n  Non \u00e8 possibile effettuare una revisione permanente di tutti i contenuti collegati. Se notate qualcosa di inappropriato o illegale, vi preghiamo&nbsp;<a href=\"https:\/\/icf.church\/ticino\/it\/contatta\/\" target=\"_blank\" rel=\"noopener\">di segnalarcelo<\/a>&nbsp;e provvederemo a rimuoverlo il prima possibile.<\/p>","protected":false},"excerpt":{"rendered":"<p>Imprint Contatto ICF TicinoVia Grumo 76929 GravesanoSvizzerainfo@icf-ticino.ch ICF Ticino \u00e8 un&#8217;associazione senza scopo di lucro di diritto svizzero. Responsabilit\u00e0 Rappresentante legale:Junia Albergati, Direttore esecutivo del Movimento ICF Ticino. Responsabilit\u00e0 editoriale(ai sensi del \u00a7 18 comma 2 MStV, Germania):Junia Albergati, Direttore esecutivo del Movimento ICF Ticino. Proprietario dei media(secondo \u00a7 24 MedienG, Austria):&nbsp;&nbsp; ICF TICINO , [&hellip;]<\/p>\n","protected":false},"author":154,"featured_media":0,"parent":0,"menu_order":0,"comment_status":"closed","ping_status":"closed","template":"single-example","meta":{"_acf_changed":false,"_seopress_titles_title":"","_seopress_titles_desc":"","_seopress_robots_index":"","_seopress_robots_follow":"","_seopress_robots_imageindex":"","_seopress_robots_snippet":"","_seopress_robots_primary_cat":"","_seopress_robots_breadcrumbs":"","_seopress_robots_freeze_modified_date":"","_seopress_robots_custom_modified_date":"","_seopress_robots_canonical":"","_seopress_social_fb_title":"","_seopress_social_fb_desc":"","_seopress_social_fb_img":"","_seopress_social_fb_img_attachment_id":0,"_seopress_social_fb_img_width":0,"_seopress_social_fb_img_height":0,"_seopress_social_twitter_title":"","_seopress_social_twitter_desc":"","_seopress_social_twitter_img":"","_seopress_social_twitter_img_attachment_id":0,"_seopress_social_twitter_img_width":0,"_seopress_social_twitter_img_height":0,"_seopress_redirections_value":"","_seopress_redirections_enabled":"","_seopress_redirections_enabled_regex":"","_seopress_redirections_logged_status":"both","_seopress_redirections_param":"","_seopress_redirections_type":301,"_seopress_analysis_target_kw":"","_seopress_news_disabled":"","_seopress_video_disabled":"","_seopress_video":[{"url":"","title":"","desc":"","thumbnail":"","duration":"","rating":"","view_count":"","tag":""}],"_seopress_pro_schemas_manual":[],"_seopress_pro_rich_snippets_disable_all":"","_seopress_pro_rich_snippets_disable":[],"_seopress_pro_schemas":[],"yt_custom_styles_scss":"","yt_custom_styles_rounded_corners":false,"yt_custom_styles_color_scheme":"","footnotes":""},"class_list":["post-1786","page","type-page","status-publish","hentry"],"acf":[],"_links":{"self":[{"href":"https:\/\/icf.church\/ticino\/it\/wp-json\/wp\/v2\/pages\/1786","targetHints":{"allow":["GET"]}}],"collection":[{"href":"https:\/\/icf.church\/ticino\/it\/wp-json\/wp\/v2\/pages"}],"about":[{"href":"https:\/\/icf.church\/ticino\/it\/wp-json\/wp\/v2\/types\/page"}],"author":[{"embeddable":true,"href":"https:\/\/icf.church\/ticino\/it\/wp-json\/wp\/v2\/users\/154"}],"replies":[{"embeddable":true,"href":"https:\/\/icf.church\/ticino\/it\/wp-json\/wp\/v2\/comments?post=1786"}],"version-history":[{"count":8,"href":"https:\/\/icf.church\/ticino\/it\/wp-json\/wp\/v2\/pages\/1786\/revisions"}],"predecessor-version":[{"id":2021,"href":"https:\/\/icf.church\/ticino\/it\/wp-json\/wp\/v2\/pages\/1786\/revisions\/2021"}],"wp:attachment":[{"href":"https:\/\/icf.church\/ticino\/it\/wp-json\/wp\/v2\/media?parent=1786"}],"curies":[{"name":"wp","href":"https:\/\/api.w.org\/{rel}","templated":true}]}}

<h1 id="block-1" class="mt-4 mb-4 h1 text-start">
  Imprint</h1>

<h2 id="block-2" class="mt-4 mb-4 h2 text-start">
  Contatto</h2>

<p id="block-3" class="text-start wp-block-paragraph">
  <strong> ICF Ticino<br></strong>Via Grumo 7<br>6929 Gravesano<br>Svizzera<br><a href="mailto:movement@icf.church" target="_blank" rel="noopener">info@icf-ticino.ch</a></p>

<p id="block-4" class="text-start wp-block-paragraph">
  <em>ICF Ticino è un&#8217;associazione senza scopo di lucro di diritto svizzero.</em></p>

<h2 id="block-5" class="mt-4 mb-4 h2 text-start">
  Responsabilità</h2>

<p id="block-6" class="text-start wp-block-paragraph">
  <strong>Rappresentante legale:</strong><br>Junia Albergati, Direttore esecutivo del Movimento ICF Ticino.<br><br><strong>Responsabilità editoriale<br>(ai sensi del § 18 comma 2 MStV, Germania):</strong><br>Junia Albergati, Direttore esecutivo del Movimento ICF Ticino.</p>

<p id="block-7" class="text-start wp-block-paragraph">
  <br><strong>Proprietario dei media</strong><br><strong>(secondo § 24 MedienG, Austria):&nbsp;&nbsp;</strong><br> ICF TICINO , Via Grumo 7,  6929 Gravesano, Svizzera</p>

<h2 id="block-8" class="mt-4 mb-4 h2 text-start">
  Diritti d&#8217;autore</h2>

<p id="block-9" class="text-start wp-block-paragraph">
  Tutti i contenuti, le immagini, le foto e i file presenti su questo sito web sono protetti da copyright. Salvo diversa indicazione, i diritti appartengono a ICF Ticino o ai titolari dei diritti specificamente menzionati.</p>

<p id="block-10" class="text-start wp-block-paragraph">
  Ci fa piacere quando i nostri contenuti ispirano gli altri, ma se desiderate riutilizzare qualsiasi parte (ad esempio scaricarla, riprodurla o pubblicarla), vi preghiamo di richiedere preventivamente un&#8217;autorizzazione scritta.</p>

<p id="block-11" class="text-start wp-block-paragraph">
  Non esitate a contattarci: saremo lieti di trovare insieme una buona soluzione.</p>

<h2 id="block-12" class="mt-4 mb-4 h2 text-start">
  Disclaimer</h2>

<p id="block-13" class="text-start wp-block-paragraph">
  Noi di ICF Ticino ci impegniamo al massimo per mantenere questo sito web aggiornato, accurato e completo. Tuttavia, non possiamo garantire la correttezza o la completezza dei contenuti in ogni momento.</p>

<p id="block-14" class="text-start wp-block-paragraph">
  Nella misura consentita dalla legge, escludiamo qualsiasi responsabilità per danni materiali o immateriali derivanti dall&#8217;utilizzo o dal mancato utilizzo delle informazioni fornite.</p>

<p id="block-15" class="text-start wp-block-paragraph">
  Possono verificarsi problemi tecnici, interruzioni o periodi di inattività temporanei. Ci riserviamo il diritto di modificare, aggiungere o rimuovere contenuti in qualsiasi momento senza preavviso. Se notate errori o contenuti problematici, vi preghiamo di inviarci un breve&nbsp;<a href="https://icf.church/ticino/it/contatta/">messaggio</a>&nbsp;in modo da poterli risolvere immediatamente.</p>

<h2 id="block-16" class="mt-4 mb-4 h2 text-start">
  Disclaimer per i link</h2>

<p id="block-17" class="text-start wp-block-paragraph">
  Condividiamo link a siti web esterni perché ci piace diffondere contenuti stimolanti. Tuttavia, ci teniamo a precisare: la responsabilità di tali contenuti esterni ricade sui rispettivi proprietari dei siti – non abbiamo alcuna autorità editoriale in merito. Al momento della creazione dei link, abbiamo esaminato le pagine e non abbiamo riscontrato contenuti illegali. &nbsp;</p>

<p id="block-18" class="text-start wp-block-paragraph">
  Non è possibile effettuare una revisione permanente di tutti i contenuti collegati. Se notate qualcosa di inappropriato o illegale, vi preghiamo&nbsp;<a href="https://icf.church/ticino/it/contatta/" target="_blank" rel="noopener">di segnalarcelo</a>&nbsp;e provvederemo a rimuoverlo il prima possibile.</p>

<p>Imprint Contatto ICF TicinoVia Grumo 76929 GravesanoSvizzerainfo@icf-ticino.ch ICF Ticino è un&#8217;associazione senza scopo di lucro di diritto svizzero. Responsabilità Rappresentante legale:Junia Albergati, Direttore esecutivo del Movimento ICF Ticino. Responsabilità editoriale(ai sensi del § 18 comma 2 MStV, Germania):Junia Albergati, Direttore esecutivo del Movimento ICF Ticino. Proprietario dei media(secondo § 24 MedienG, Austria):&nbsp;&nbsp; ICF TICINO , [&hellip;]</p>
